{"id":1343,"date":"2019-01-12T19:45:26","date_gmt":"2019-01-12T21:45:26","guid":{"rendered":"https:\/\/wp.ufpel.edu.br\/laboratorioelo\/?page_id=1343"},"modified":"2019-11-01T01:15:42","modified_gmt":"2019-11-01T04:15:42","slug":"21inpla","status":"publish","type":"page","link":"https:\/\/wp.ufpel.edu.br\/laboratorioelo\/21inpla\/","title":{"rendered":"21\u00ba INTERC\u00c2MBIO DE PESQUISAS EM LINGU\u00cdSTICA APLICADA"},"content":{"rendered":"<h1 style=\"text-align: center\"><span style=\"color: #000000;font-size: 18pt\">Comunica\u00e7\u00f5es<\/span><\/h1>\n<p style=\"text-align: justify\"><strong>Data:<\/strong>\u00a013\/12\/2018\u00a0<strong>Hor\u00e1rio:<\/strong>\u00a008:00-10:00\u00a0<strong>Local:<\/strong>\u00a0308\u00a0\u00a0<strong>Sess\u00e3o 72<\/strong><br \/>\n<strong>T\u00edtulo:\u00a0<\/strong>A LATERAL P\u00d3S-VOC\u00c1LICA EM CONTEXTO BIL\u00cdNGUE: DADOS AC\u00daSTICOS E ARTICULAT\u00d3RIOS<br \/>\n<strong>Autores:<\/strong>\u00a0Aline Rosinski Vieira e\u00a0Giovana Ferreira-Gon\u00e7alves<\/p>\n<h1 style=\"text-align: center\"><span style=\"color: #000000;font-size: 18pt\">P\u00f4sters<\/span><\/h1>\n<p style=\"text-align: justify\"><strong>Data:<\/strong>\u00a011\/12\/2018\u00a0<strong>Hor\u00e1rio:<\/strong>\u00a011:00-12:00\u00a0<strong>Local:<\/strong>\u00a03\u00ba andar<br \/>\n<strong>T\u00edtulo:\u00a0<\/strong>OS SEGMENTOS R\u00d3TICOS: UM ESTUDO AC\u00daSTICO E ARTICULAT\u00d3RIO DO DIALETO PELOTENSE<br \/>\n<strong>Autores:<\/strong>\u00a0Patr\u00edcia Pereira Melcheque, Giovana Ferreira-Gon\u00e7alves e Mirian Rose Brum-de-Paula<\/p>\n<p style=\"text-align: center\"><span style=\"color: #000000\">Para acessar o Livro de Resumos <em><a style=\"color: #000000\" href=\"http:\/\/corpuslg.org\/inpla\/2018\/wp-content\/uploads\/2019\/06\/book_of_abstracts_inpla_2018_hand-edited_with_cover.pdf\" target=\"_blank\" rel=\"noopener noreferrer\">clique aqui<\/a>.<\/em><\/span><\/p>\n","protected":false},"excerpt":{"rendered":"<p>Comunica\u00e7\u00f5es Data:\u00a013\/12\/2018\u00a0Hor\u00e1rio:\u00a008:00-10:00\u00a0Local:\u00a0308\u00a0\u00a0Sess\u00e3o 72 T\u00edtulo:\u00a0A LATERAL P\u00d3S-VOC\u00c1LICA EM CONTEXTO BIL\u00cdNGUE: DADOS AC\u00daSTICOS E ARTICULAT\u00d3RIOS Autores:\u00a0Aline Rosinski Vieira e\u00a0Giovana Ferreira-Gon\u00e7alves P\u00f4sters Data:\u00a011\/12\/2018\u00a0Hor\u00e1rio:\u00a011:00-12:00\u00a0Local:\u00a03\u00ba andar T\u00edtulo:\u00a0OS SEGMENTOS R\u00d3TICOS: UM ESTUDO AC\u00daSTICO E ARTICULAT\u00d3RIO DO DIALETO PELOTENSE Autores:\u00a0Patr\u00edcia Pereira Melcheque, Giovana Ferreira-Gon\u00e7alves e Mirian Rose Brum-de-Paula Para acessar o Livro de Resumos clique aqui.<\/p>\n","protected":false},"author":386,"featured_media":0,"parent":0,"menu_order":0,"comment_status":"closed","ping_status":"closed","template":"","meta":{"footnotes":""},"class_list":["post-1343","page","type-page","status-publish","hentry"],"yoast_head":"<!-- This site is optimized with the Yoast SEO plugin v26.7 - https:\/\/yoast.com\/wordpress\/plugins\/seo\/ -->\n<title>21\u00ba INTERC\u00c2MBIO DE PESQUISAS EM LINGU\u00cdSTICA APLICADA - LELO - UFPel<\/title>\n<meta name=\"robots\" content=\"index, follow, max-snippet:-1, max-image-preview:large, max-video-preview:-1\" \/>\n<link rel=\"canonical\" href=\"https:\/\/wp.ufpel.edu.br\/laboratorioelo\/21inpla\/\" \/>\n<meta property=\"og:locale\" content=\"pt_BR\" \/>\n<meta property=\"og:type\" content=\"article\" \/>\n<meta property=\"og:title\" content=\"21\u00ba INTERC\u00c2MBIO DE PESQUISAS EM LINGU\u00cdSTICA APLICADA - LELO - UFPel\" \/>\n<meta property=\"og:description\" content=\"Comunica\u00e7\u00f5es Data:\u00a013\/12\/2018\u00a0Hor\u00e1rio:\u00a008:00-10:00\u00a0Local:\u00a0308\u00a0\u00a0Sess\u00e3o 72 T\u00edtulo:\u00a0A LATERAL P\u00d3S-VOC\u00c1LICA EM CONTEXTO BIL\u00cdNGUE: DADOS AC\u00daSTICOS E ARTICULAT\u00d3RIOS Autores:\u00a0Aline Rosinski Vieira e\u00a0Giovana Ferreira-Gon\u00e7alves P\u00f4sters Data:\u00a011\/12\/2018\u00a0Hor\u00e1rio:\u00a011:00-12:00\u00a0Local:\u00a03\u00ba andar T\u00edtulo:\u00a0OS SEGMENTOS R\u00d3TICOS: UM ESTUDO AC\u00daSTICO E ARTICULAT\u00d3RIO DO DIALETO PELOTENSE Autores:\u00a0Patr\u00edcia Pereira Melcheque, Giovana Ferreira-Gon\u00e7alves e Mirian Rose Brum-de-Paula Para acessar o Livro de Resumos clique aqui.\" \/>\n<meta property=\"og:url\" content=\"https:\/\/wp.ufpel.edu.br\/laboratorioelo\/21inpla\/\" \/>\n<meta property=\"og:site_name\" content=\"LELO - UFPel\" \/>\n<meta property=\"article:modified_time\" content=\"2019-11-01T04:15:42+00:00\" \/>\n<meta name=\"twitter:card\" content=\"summary_large_image\" \/>\n<script type=\"application\/ld+json\" class=\"yoast-schema-graph\">{\"@context\":\"https:\/\/schema.org\",\"@graph\":[{\"@type\":\"WebPage\",\"@id\":\"https:\/\/wp.ufpel.edu.br\/laboratorioelo\/21inpla\/\",\"url\":\"https:\/\/wp.ufpel.edu.br\/laboratorioelo\/21inpla\/\",\"name\":\"21\u00ba INTERC\u00c2MBIO DE PESQUISAS EM LINGU\u00cdSTICA APLICADA - LELO - UFPel\",\"isPartOf\":{\"@id\":\"https:\/\/wp.ufpel.edu.br\/laboratorioelo\/#website\"},\"datePublished\":\"2019-01-12T21:45:26+00:00\",\"dateModified\":\"2019-11-01T04:15:42+00:00\",\"breadcrumb\":{\"@id\":\"https:\/\/wp.ufpel.edu.br\/laboratorioelo\/21inpla\/#breadcrumb\"},\"inLanguage\":\"pt-BR\",\"potentialAction\":[{\"@type\":\"ReadAction\",\"target\":[\"https:\/\/wp.ufpel.edu.br\/laboratorioelo\/21inpla\/\"]}]},{\"@type\":\"BreadcrumbList\",\"@id\":\"https:\/\/wp.ufpel.edu.br\/laboratorioelo\/21inpla\/#breadcrumb\",\"itemListElement\":[{\"@type\":\"ListItem\",\"position\":1,\"name\":\"Home\",\"item\":\"https:\/\/wp.ufpel.edu.br\/laboratorioelo\/\"},{\"@type\":\"ListItem\",\"position\":2,\"name\":\"21\u00ba INTERC\u00c2MBIO DE PESQUISAS EM LINGU\u00cdSTICA APLICADA\"}]},{\"@type\":\"WebSite\",\"@id\":\"https:\/\/wp.ufpel.edu.br\/laboratorioelo\/#website\",\"url\":\"https:\/\/wp.ufpel.edu.br\/laboratorioelo\/\",\"name\":\"LELO - UFPEL\",\"description\":\"\",\"publisher\":{\"@id\":\"https:\/\/wp.ufpel.edu.br\/laboratorioelo\/#organization\"},\"potentialAction\":[{\"@type\":\"SearchAction\",\"target\":{\"@type\":\"EntryPoint\",\"urlTemplate\":\"https:\/\/wp.ufpel.edu.br\/laboratorioelo\/?s={search_term_string}\"},\"query-input\":{\"@type\":\"PropertyValueSpecification\",\"valueRequired\":true,\"valueName\":\"search_term_string\"}}],\"inLanguage\":\"pt-BR\"},{\"@type\":\"Organization\",\"@id\":\"https:\/\/wp.ufpel.edu.br\/laboratorioelo\/#organization\",\"name\":\"Laborat\u00f3rio ELO\",\"url\":\"https:\/\/wp.ufpel.edu.br\/laboratorioelo\/\",\"logo\":{\"@type\":\"ImageObject\",\"inLanguage\":\"pt-BR\",\"@id\":\"https:\/\/wp.ufpel.edu.br\/laboratorioelo\/#\/schema\/logo\/image\/\",\"url\":\"https:\/\/wp.ufpel.edu.br\/laboratorioelo\/files\/2017\/08\/Lelo_logo_pretoBranco2-1.png\",\"contentUrl\":\"https:\/\/wp.ufpel.edu.br\/laboratorioelo\/files\/2017\/08\/Lelo_logo_pretoBranco2-1.png\",\"width\":1153,\"height\":569,\"caption\":\"Laborat\u00f3rio ELO\"},\"image\":{\"@id\":\"https:\/\/wp.ufpel.edu.br\/laboratorioelo\/#\/schema\/logo\/image\/\"}}]}<\/script>\n<!-- \/ Yoast SEO plugin. -->","yoast_head_json":{"title":"21\u00ba INTERC\u00c2MBIO DE PESQUISAS EM LINGU\u00cdSTICA APLICADA - LELO - UFPel","robots":{"index":"index","follow":"follow","max-snippet":"max-snippet:-1","max-image-preview":"max-image-preview:large","max-video-preview":"max-video-preview:-1"},"canonical":"https:\/\/wp.ufpel.edu.br\/laboratorioelo\/21inpla\/","og_locale":"pt_BR","og_type":"article","og_title":"21\u00ba INTERC\u00c2MBIO DE PESQUISAS EM LINGU\u00cdSTICA APLICADA - LELO - UFPel","og_description":"Comunica\u00e7\u00f5es Data:\u00a013\/12\/2018\u00a0Hor\u00e1rio:\u00a008:00-10:00\u00a0Local:\u00a0308\u00a0\u00a0Sess\u00e3o 72 T\u00edtulo:\u00a0A LATERAL P\u00d3S-VOC\u00c1LICA EM CONTEXTO BIL\u00cdNGUE: DADOS AC\u00daSTICOS E ARTICULAT\u00d3RIOS Autores:\u00a0Aline Rosinski Vieira e\u00a0Giovana Ferreira-Gon\u00e7alves P\u00f4sters Data:\u00a011\/12\/2018\u00a0Hor\u00e1rio:\u00a011:00-12:00\u00a0Local:\u00a03\u00ba andar T\u00edtulo:\u00a0OS SEGMENTOS R\u00d3TICOS: UM ESTUDO AC\u00daSTICO E ARTICULAT\u00d3RIO DO DIALETO PELOTENSE Autores:\u00a0Patr\u00edcia Pereira Melcheque, Giovana Ferreira-Gon\u00e7alves e Mirian Rose Brum-de-Paula Para acessar o Livro de Resumos clique aqui.","og_url":"https:\/\/wp.ufpel.edu.br\/laboratorioelo\/21inpla\/","og_site_name":"LELO - UFPel","article_modified_time":"2019-11-01T04:15:42+00:00","twitter_card":"summary_large_image","schema":{"@context":"https:\/\/schema.org","@graph":[{"@type":"WebPage","@id":"https:\/\/wp.ufpel.edu.br\/laboratorioelo\/21inpla\/","url":"https:\/\/wp.ufpel.edu.br\/laboratorioelo\/21inpla\/","name":"21\u00ba INTERC\u00c2MBIO DE PESQUISAS EM LINGU\u00cdSTICA APLICADA - LELO - UFPel","isPartOf":{"@id":"https:\/\/wp.ufpel.edu.br\/laboratorioelo\/#website"},"datePublished":"2019-01-12T21:45:26+00:00","dateModified":"2019-11-01T04:15:42+00:00","breadcrumb":{"@id":"https:\/\/wp.ufpel.edu.br\/laboratorioelo\/21inpla\/#breadcrumb"},"inLanguage":"pt-BR","potentialAction":[{"@type":"ReadAction","target":["https:\/\/wp.ufpel.edu.br\/laboratorioelo\/21inpla\/"]}]},{"@type":"BreadcrumbList","@id":"https:\/\/wp.ufpel.edu.br\/laboratorioelo\/21inpla\/#breadcrumb","itemListElement":[{"@type":"ListItem","position":1,"name":"Home","item":"https:\/\/wp.ufpel.edu.br\/laboratorioelo\/"},{"@type":"ListItem","position":2,"name":"21\u00ba INTERC\u00c2MBIO DE PESQUISAS EM LINGU\u00cdSTICA APLICADA"}]},{"@type":"WebSite","@id":"https:\/\/wp.ufpel.edu.br\/laboratorioelo\/#website","url":"https:\/\/wp.ufpel.edu.br\/laboratorioelo\/","name":"LELO - UFPEL","description":"","publisher":{"@id":"https:\/\/wp.ufpel.edu.br\/laboratorioelo\/#organization"},"potentialAction":[{"@type":"SearchAction","target":{"@type":"EntryPoint","urlTemplate":"https:\/\/wp.ufpel.edu.br\/laboratorioelo\/?s={search_term_string}"},"query-input":{"@type":"PropertyValueSpecification","valueRequired":true,"valueName":"search_term_string"}}],"inLanguage":"pt-BR"},{"@type":"Organization","@id":"https:\/\/wp.ufpel.edu.br\/laboratorioelo\/#organization","name":"Laborat\u00f3rio ELO","url":"https:\/\/wp.ufpel.edu.br\/laboratorioelo\/","logo":{"@type":"ImageObject","inLanguage":"pt-BR","@id":"https:\/\/wp.ufpel.edu.br\/laboratorioelo\/#\/schema\/logo\/image\/","url":"https:\/\/wp.ufpel.edu.br\/laboratorioelo\/files\/2017\/08\/Lelo_logo_pretoBranco2-1.png","contentUrl":"https:\/\/wp.ufpel.edu.br\/laboratorioelo\/files\/2017\/08\/Lelo_logo_pretoBranco2-1.png","width":1153,"height":569,"caption":"Laborat\u00f3rio ELO"},"image":{"@id":"https:\/\/wp.ufpel.edu.br\/laboratorioelo\/#\/schema\/logo\/image\/"}}]}},"jetpack_sharing_enabled":true,"_links":{"self":[{"href":"https:\/\/wp.ufpel.edu.br\/laboratorioelo\/wp-json\/wp\/v2\/pages\/1343","targetHints":{"allow":["GET"]}}],"collection":[{"href":"https:\/\/wp.ufpel.edu.br\/laboratorioelo\/wp-json\/wp\/v2\/pages"}],"about":[{"href":"https:\/\/wp.ufpel.edu.br\/laboratorioelo\/wp-json\/wp\/v2\/types\/page"}],"author":[{"embeddable":true,"href":"https:\/\/wp.ufpel.edu.br\/laboratorioelo\/wp-json\/wp\/v2\/users\/386"}],"replies":[{"embeddable":true,"href":"https:\/\/wp.ufpel.edu.br\/laboratorioelo\/wp-json\/wp\/v2\/comments?post=1343"}],"version-history":[{"count":5,"href":"https:\/\/wp.ufpel.edu.br\/laboratorioelo\/wp-json\/wp\/v2\/pages\/1343\/revisions"}],"predecessor-version":[{"id":1482,"href":"https:\/\/wp.ufpel.edu.br\/laboratorioelo\/wp-json\/wp\/v2\/pages\/1343\/revisions\/1482"}],"wp:attachment":[{"href":"https:\/\/wp.ufpel.edu.br\/laboratorioelo\/wp-json\/wp\/v2\/media?parent=1343"}],"curies":[{"name":"wp","href":"https:\/\/api.w.org\/{rel}","templated":true}]}}