{"id":1326,"date":"2019-01-12T18:50:28","date_gmt":"2019-01-12T20:50:28","guid":{"rendered":"https:\/\/wp.ufpel.edu.br\/laboratorioelo\/?page_id=1326"},"modified":"2019-01-12T18:52:06","modified_gmt":"2019-01-12T20:52:06","slug":"4siiepe","status":"publish","type":"page","link":"https:\/\/wp.ufpel.edu.br\/laboratorioelo\/4siiepe\/","title":{"rendered":"4\u00aa SEMANA INTEGRADA UFPEL"},"content":{"rendered":"<p><img loading=\"lazy\" decoding=\"async\" class=\"alignleft size-full wp-image-1328\" src=\"https:\/\/wp.ufpel.edu.br\/laboratorioelo\/files\/2019\/01\/enpos.png\" alt=\"\" width=\"331\" height=\"220\" \/><\/p>\n<p class=\"entry-title\" style=\"text-align: justify\"><span style=\"color: #000000;font-size: 24pt\"><strong>XX ENPOS<\/strong><\/span><\/p>\n<p style=\"text-align: justify\"><span style=\"color: #000000\">De 22 a 26\/10\/2018 no Campus Anglo e no Campus II<\/span><\/p>\n<p>&nbsp;<\/p>\n<p>&nbsp;<\/p>\n<p style=\"text-align: justify\"><strong>Data:<\/strong>\u00a024\/10\/2018\u00a0<strong>Hor\u00e1rio:<\/strong>\u00a016:40\u00a0<strong>Local:<\/strong>\u00a0Sala 309<br \/>\n<strong>T\u00edtulo:<\/strong> OBSERVA\u00c7\u00c3O AC\u00daSTICO-ARTICULAT\u00d3RIA DA LATERAL P\u00d3S-VOC\u00c1LICA<br \/>\n<strong>Autores:<\/strong>\u00a0Aline Rosinski Vieira e\u00a0Giovana Ferreira-Gon\u00e7alves<\/p>\n<p style=\"text-align: justify\"><strong>Data:<\/strong>\u00a024\/10\/2018\u00a0<strong>Hor\u00e1rio:<\/strong>\u00a017:00\u00a0<strong>Local:<\/strong>\u00a0Sala 309<br \/>\n<strong>T\u00edtulo:<\/strong> ESQUEMAS IMAG\u00c9TICOS E O DOM\u00cdNIO DE CONT\u00caINER NO USO DA ESTRUTURA EM+A\/O(S) EM PRODU\u00c7\u00d5ES ESCRITAS DE SURDOS APRENDIZES DE PORTUGU\u00caS COMO L\u00cdNGUA ESTRANGEIRA<br \/>\n<strong>Autores:<\/strong> Peterson Lima schimulfening e Mirian Rose Brum-de-Paula<\/p>\n<p>&nbsp;<\/p>\n<p><img loading=\"lazy\" decoding=\"async\" class=\"alignleft size-full wp-image-1329\" src=\"https:\/\/wp.ufpel.edu.br\/laboratorioelo\/files\/2019\/01\/cic.png\" alt=\"\" width=\"330\" height=\"220\" \/><\/p>\n<p class=\"entry-title\"><span style=\"color: #000000;font-size: 24pt\"><strong>XXVII CIC<\/strong><\/span><\/p>\n<p class=\"entry-title\"><span style=\"color: #000000\">De 20 a 24\/11\/2017 no Campus Anglo e no Campus II<\/span><\/p>\n<p>&nbsp;<\/p>\n<p>&nbsp;<\/p>\n<p style=\"text-align: justify\"><strong>Data:<\/strong>\u00a026\/10\/2018\u00a0<strong>Hor\u00e1rio:<\/strong>\u00a014:20\u00a0<strong>Local:<\/strong>\u00a0Sala 224<br \/>\n<strong>T\u00edtulo:\u00a0<\/strong>INSTRU\u00c7\u00c3O EXPL\u00cdCITA POR MEIO DA ULTRASSONOGRAFIA: UMA NOVA FERRAMENTA PARA A AQUISI\u00c7\u00c3O DA CONSOANTE LATERAL \/L\/ DO ESPANHOL<br \/>\n<strong>Autores:<\/strong>\u00a0La\u00eds Silva Garcia e\u00a0Giovana Ferreira-Gon\u00e7alves<\/p>\n<p style=\"text-align: justify\"><strong>Data:<\/strong>\u00a026\/10\/2018\u00a0<strong>Hor\u00e1rio:<\/strong>\u00a014:00\u00a0<strong>Local:<\/strong>\u00a0Sala 224<br \/>\n<strong>T\u00edtulo:\u00a0<\/strong>AQUISI\u00c7\u00c3O DO R\u00d3TICO RETROFLEXO DO INGL\u00caS: INSTRU\u00c7\u00c3O EXPL\u00cdCITA POR MEIO DE ULTRASSONOGRAFIA<br \/>\n<strong>Autores:<\/strong> N\u00e1tali Matias Duarte e\u00a0Giovana Ferreira-Gon\u00e7alves<\/p>\n<p style=\"text-align: justify\"><strong>Data:<\/strong>\u00a026\/10\/2018\u00a0<strong>Hor\u00e1rio:<\/strong>\u00a016:20\u00a0<strong>Local:<\/strong>\u00a0Sala 224<br \/>\n<strong>T\u00edtulo:\u00a0<\/strong>OS R\u00d3TICOS PRODUZIDOS POR PELOTENSES: CARACTER\u00cdSTICAS AC\u00daSTICAS E ARTICULAT\u00d3RIAS DO TAP<br \/>\n<strong>Autores:<\/strong>\u00a0Patr\u00edcia Pereira Melcheque e\u00a0Mirian Rose Brum-dePaula<\/p>\n","protected":false},"excerpt":{"rendered":"<p>XX ENPOS De 22 a 26\/10\/2018 no Campus Anglo e no Campus II &nbsp; &nbsp; Data:\u00a024\/10\/2018\u00a0Hor\u00e1rio:\u00a016:40\u00a0Local:\u00a0Sala 309 T\u00edtulo: OBSERVA\u00c7\u00c3O AC\u00daSTICO-ARTICULAT\u00d3RIA DA LATERAL P\u00d3S-VOC\u00c1LICA Autores:\u00a0Aline Rosinski Vieira e\u00a0Giovana Ferreira-Gon\u00e7alves Data:\u00a024\/10\/2018\u00a0Hor\u00e1rio:\u00a017:00\u00a0Local:\u00a0Sala 309 T\u00edtulo: ESQUEMAS IMAG\u00c9TICOS E O DOM\u00cdNIO DE CONT\u00caINER NO USO DA ESTRUTURA EM+A\/O(S) EM PRODU\u00c7\u00d5ES ESCRITAS DE SURDOS APRENDIZES DE PORTUGU\u00caS COMO L\u00cdNGUA ESTRANGEIRA Autores:&#8230; <\/p>\n<div class=\"link-more\"><a href=\"https:\/\/wp.ufpel.edu.br\/laboratorioelo\/4siiepe\/\">Leia mais<\/a><\/div>\n","protected":false},"author":386,"featured_media":0,"parent":0,"menu_order":0,"comment_status":"closed","ping_status":"closed","template":"","meta":{"footnotes":""},"class_list":["post-1326","page","type-page","status-publish","hentry"],"yoast_head":"<!-- This site is optimized with the Yoast SEO plugin v26.7 - https:\/\/yoast.com\/wordpress\/plugins\/seo\/ -->\n<title>4\u00aa SEMANA INTEGRADA UFPEL - LELO - UFPel<\/title>\n<meta name=\"robots\" content=\"index, follow, max-snippet:-1, max-image-preview:large, max-video-preview:-1\" \/>\n<link rel=\"canonical\" href=\"https:\/\/wp.ufpel.edu.br\/laboratorioelo\/4siiepe\/\" \/>\n<meta property=\"og:locale\" content=\"pt_BR\" \/>\n<meta property=\"og:type\" content=\"article\" \/>\n<meta property=\"og:title\" content=\"4\u00aa SEMANA INTEGRADA UFPEL - LELO - UFPel\" \/>\n<meta property=\"og:description\" content=\"XX ENPOS De 22 a 26\/10\/2018 no Campus Anglo e no Campus II &nbsp; &nbsp; Data:\u00a024\/10\/2018\u00a0Hor\u00e1rio:\u00a016:40\u00a0Local:\u00a0Sala 309 T\u00edtulo: OBSERVA\u00c7\u00c3O AC\u00daSTICO-ARTICULAT\u00d3RIA DA LATERAL P\u00d3S-VOC\u00c1LICA Autores:\u00a0Aline Rosinski Vieira e\u00a0Giovana Ferreira-Gon\u00e7alves Data:\u00a024\/10\/2018\u00a0Hor\u00e1rio:\u00a017:00\u00a0Local:\u00a0Sala 309 T\u00edtulo: ESQUEMAS IMAG\u00c9TICOS E O DOM\u00cdNIO DE CONT\u00caINER NO USO DA ESTRUTURA EM+A\/O(S) EM PRODU\u00c7\u00d5ES ESCRITAS DE SURDOS APRENDIZES DE PORTUGU\u00caS COMO L\u00cdNGUA ESTRANGEIRA Autores:... Leia mais\" \/>\n<meta property=\"og:url\" content=\"https:\/\/wp.ufpel.edu.br\/laboratorioelo\/4siiepe\/\" \/>\n<meta property=\"og:site_name\" content=\"LELO - UFPel\" \/>\n<meta property=\"article:modified_time\" content=\"2019-01-12T20:52:06+00:00\" \/>\n<meta property=\"og:image\" content=\"https:\/\/wp.ufpel.edu.br\/laboratorioelo\/files\/2019\/01\/enpos.png\" \/>\n<meta name=\"twitter:card\" content=\"summary_large_image\" \/>\n<meta name=\"twitter:label1\" content=\"Est. tempo de leitura\" \/>\n\t<meta name=\"twitter:data1\" content=\"1 minuto\" \/>\n<script type=\"application\/ld+json\" class=\"yoast-schema-graph\">{\"@context\":\"https:\/\/schema.org\",\"@graph\":[{\"@type\":\"WebPage\",\"@id\":\"https:\/\/wp.ufpel.edu.br\/laboratorioelo\/4siiepe\/\",\"url\":\"https:\/\/wp.ufpel.edu.br\/laboratorioelo\/4siiepe\/\",\"name\":\"4\u00aa SEMANA INTEGRADA UFPEL - LELO - UFPel\",\"isPartOf\":{\"@id\":\"https:\/\/wp.ufpel.edu.br\/laboratorioelo\/#website\"},\"primaryImageOfPage\":{\"@id\":\"https:\/\/wp.ufpel.edu.br\/laboratorioelo\/4siiepe\/#primaryimage\"},\"image\":{\"@id\":\"https:\/\/wp.ufpel.edu.br\/laboratorioelo\/4siiepe\/#primaryimage\"},\"thumbnailUrl\":\"https:\/\/wp.ufpel.edu.br\/laboratorioelo\/files\/2019\/01\/enpos.png\",\"datePublished\":\"2019-01-12T20:50:28+00:00\",\"dateModified\":\"2019-01-12T20:52:06+00:00\",\"breadcrumb\":{\"@id\":\"https:\/\/wp.ufpel.edu.br\/laboratorioelo\/4siiepe\/#breadcrumb\"},\"inLanguage\":\"pt-BR\",\"potentialAction\":[{\"@type\":\"ReadAction\",\"target\":[\"https:\/\/wp.ufpel.edu.br\/laboratorioelo\/4siiepe\/\"]}]},{\"@type\":\"ImageObject\",\"inLanguage\":\"pt-BR\",\"@id\":\"https:\/\/wp.ufpel.edu.br\/laboratorioelo\/4siiepe\/#primaryimage\",\"url\":\"https:\/\/wp.ufpel.edu.br\/laboratorioelo\/files\/2019\/01\/enpos.png\",\"contentUrl\":\"https:\/\/wp.ufpel.edu.br\/laboratorioelo\/files\/2019\/01\/enpos.png\",\"width\":331,\"height\":220},{\"@type\":\"BreadcrumbList\",\"@id\":\"https:\/\/wp.ufpel.edu.br\/laboratorioelo\/4siiepe\/#breadcrumb\",\"itemListElement\":[{\"@type\":\"ListItem\",\"position\":1,\"name\":\"Home\",\"item\":\"https:\/\/wp.ufpel.edu.br\/laboratorioelo\/\"},{\"@type\":\"ListItem\",\"position\":2,\"name\":\"4\u00aa SEMANA INTEGRADA UFPEL\"}]},{\"@type\":\"WebSite\",\"@id\":\"https:\/\/wp.ufpel.edu.br\/laboratorioelo\/#website\",\"url\":\"https:\/\/wp.ufpel.edu.br\/laboratorioelo\/\",\"name\":\"LELO - UFPEL\",\"description\":\"\",\"publisher\":{\"@id\":\"https:\/\/wp.ufpel.edu.br\/laboratorioelo\/#organization\"},\"potentialAction\":[{\"@type\":\"SearchAction\",\"target\":{\"@type\":\"EntryPoint\",\"urlTemplate\":\"https:\/\/wp.ufpel.edu.br\/laboratorioelo\/?s={search_term_string}\"},\"query-input\":{\"@type\":\"PropertyValueSpecification\",\"valueRequired\":true,\"valueName\":\"search_term_string\"}}],\"inLanguage\":\"pt-BR\"},{\"@type\":\"Organization\",\"@id\":\"https:\/\/wp.ufpel.edu.br\/laboratorioelo\/#organization\",\"name\":\"Laborat\u00f3rio ELO\",\"url\":\"https:\/\/wp.ufpel.edu.br\/laboratorioelo\/\",\"logo\":{\"@type\":\"ImageObject\",\"inLanguage\":\"pt-BR\",\"@id\":\"https:\/\/wp.ufpel.edu.br\/laboratorioelo\/#\/schema\/logo\/image\/\",\"url\":\"https:\/\/wp.ufpel.edu.br\/laboratorioelo\/files\/2017\/08\/Lelo_logo_pretoBranco2-1.png\",\"contentUrl\":\"https:\/\/wp.ufpel.edu.br\/laboratorioelo\/files\/2017\/08\/Lelo_logo_pretoBranco2-1.png\",\"width\":1153,\"height\":569,\"caption\":\"Laborat\u00f3rio ELO\"},\"image\":{\"@id\":\"https:\/\/wp.ufpel.edu.br\/laboratorioelo\/#\/schema\/logo\/image\/\"}}]}<\/script>\n<!-- \/ Yoast SEO plugin. -->","yoast_head_json":{"title":"4\u00aa SEMANA INTEGRADA UFPEL - LELO - UFPel","robots":{"index":"index","follow":"follow","max-snippet":"max-snippet:-1","max-image-preview":"max-image-preview:large","max-video-preview":"max-video-preview:-1"},"canonical":"https:\/\/wp.ufpel.edu.br\/laboratorioelo\/4siiepe\/","og_locale":"pt_BR","og_type":"article","og_title":"4\u00aa SEMANA INTEGRADA UFPEL - LELO - UFPel","og_description":"XX ENPOS De 22 a 26\/10\/2018 no Campus Anglo e no Campus II &nbsp; &nbsp; Data:\u00a024\/10\/2018\u00a0Hor\u00e1rio:\u00a016:40\u00a0Local:\u00a0Sala 309 T\u00edtulo: OBSERVA\u00c7\u00c3O AC\u00daSTICO-ARTICULAT\u00d3RIA DA LATERAL P\u00d3S-VOC\u00c1LICA Autores:\u00a0Aline Rosinski Vieira e\u00a0Giovana Ferreira-Gon\u00e7alves Data:\u00a024\/10\/2018\u00a0Hor\u00e1rio:\u00a017:00\u00a0Local:\u00a0Sala 309 T\u00edtulo: ESQUEMAS IMAG\u00c9TICOS E O DOM\u00cdNIO DE CONT\u00caINER NO USO DA ESTRUTURA EM+A\/O(S) EM PRODU\u00c7\u00d5ES ESCRITAS DE SURDOS APRENDIZES DE PORTUGU\u00caS COMO L\u00cdNGUA ESTRANGEIRA Autores:... Leia mais","og_url":"https:\/\/wp.ufpel.edu.br\/laboratorioelo\/4siiepe\/","og_site_name":"LELO - UFPel","article_modified_time":"2019-01-12T20:52:06+00:00","og_image":[{"url":"https:\/\/wp.ufpel.edu.br\/laboratorioelo\/files\/2019\/01\/enpos.png","type":"","width":"","height":""}],"twitter_card":"summary_large_image","twitter_misc":{"Est. tempo de leitura":"1 minuto"},"schema":{"@context":"https:\/\/schema.org","@graph":[{"@type":"WebPage","@id":"https:\/\/wp.ufpel.edu.br\/laboratorioelo\/4siiepe\/","url":"https:\/\/wp.ufpel.edu.br\/laboratorioelo\/4siiepe\/","name":"4\u00aa SEMANA INTEGRADA UFPEL - LELO - UFPel","isPartOf":{"@id":"https:\/\/wp.ufpel.edu.br\/laboratorioelo\/#website"},"primaryImageOfPage":{"@id":"https:\/\/wp.ufpel.edu.br\/laboratorioelo\/4siiepe\/#primaryimage"},"image":{"@id":"https:\/\/wp.ufpel.edu.br\/laboratorioelo\/4siiepe\/#primaryimage"},"thumbnailUrl":"https:\/\/wp.ufpel.edu.br\/laboratorioelo\/files\/2019\/01\/enpos.png","datePublished":"2019-01-12T20:50:28+00:00","dateModified":"2019-01-12T20:52:06+00:00","breadcrumb":{"@id":"https:\/\/wp.ufpel.edu.br\/laboratorioelo\/4siiepe\/#breadcrumb"},"inLanguage":"pt-BR","potentialAction":[{"@type":"ReadAction","target":["https:\/\/wp.ufpel.edu.br\/laboratorioelo\/4siiepe\/"]}]},{"@type":"ImageObject","inLanguage":"pt-BR","@id":"https:\/\/wp.ufpel.edu.br\/laboratorioelo\/4siiepe\/#primaryimage","url":"https:\/\/wp.ufpel.edu.br\/laboratorioelo\/files\/2019\/01\/enpos.png","contentUrl":"https:\/\/wp.ufpel.edu.br\/laboratorioelo\/files\/2019\/01\/enpos.png","width":331,"height":220},{"@type":"BreadcrumbList","@id":"https:\/\/wp.ufpel.edu.br\/laboratorioelo\/4siiepe\/#breadcrumb","itemListElement":[{"@type":"ListItem","position":1,"name":"Home","item":"https:\/\/wp.ufpel.edu.br\/laboratorioelo\/"},{"@type":"ListItem","position":2,"name":"4\u00aa SEMANA INTEGRADA UFPEL"}]},{"@type":"WebSite","@id":"https:\/\/wp.ufpel.edu.br\/laboratorioelo\/#website","url":"https:\/\/wp.ufpel.edu.br\/laboratorioelo\/","name":"LELO - UFPEL","description":"","publisher":{"@id":"https:\/\/wp.ufpel.edu.br\/laboratorioelo\/#organization"},"potentialAction":[{"@type":"SearchAction","target":{"@type":"EntryPoint","urlTemplate":"https:\/\/wp.ufpel.edu.br\/laboratorioelo\/?s={search_term_string}"},"query-input":{"@type":"PropertyValueSpecification","valueRequired":true,"valueName":"search_term_string"}}],"inLanguage":"pt-BR"},{"@type":"Organization","@id":"https:\/\/wp.ufpel.edu.br\/laboratorioelo\/#organization","name":"Laborat\u00f3rio ELO","url":"https:\/\/wp.ufpel.edu.br\/laboratorioelo\/","logo":{"@type":"ImageObject","inLanguage":"pt-BR","@id":"https:\/\/wp.ufpel.edu.br\/laboratorioelo\/#\/schema\/logo\/image\/","url":"https:\/\/wp.ufpel.edu.br\/laboratorioelo\/files\/2017\/08\/Lelo_logo_pretoBranco2-1.png","contentUrl":"https:\/\/wp.ufpel.edu.br\/laboratorioelo\/files\/2017\/08\/Lelo_logo_pretoBranco2-1.png","width":1153,"height":569,"caption":"Laborat\u00f3rio ELO"},"image":{"@id":"https:\/\/wp.ufpel.edu.br\/laboratorioelo\/#\/schema\/logo\/image\/"}}]}},"jetpack_sharing_enabled":true,"_links":{"self":[{"href":"https:\/\/wp.ufpel.edu.br\/laboratorioelo\/wp-json\/wp\/v2\/pages\/1326","targetHints":{"allow":["GET"]}}],"collection":[{"href":"https:\/\/wp.ufpel.edu.br\/laboratorioelo\/wp-json\/wp\/v2\/pages"}],"about":[{"href":"https:\/\/wp.ufpel.edu.br\/laboratorioelo\/wp-json\/wp\/v2\/types\/page"}],"author":[{"embeddable":true,"href":"https:\/\/wp.ufpel.edu.br\/laboratorioelo\/wp-json\/wp\/v2\/users\/386"}],"replies":[{"embeddable":true,"href":"https:\/\/wp.ufpel.edu.br\/laboratorioelo\/wp-json\/wp\/v2\/comments?post=1326"}],"version-history":[{"count":6,"href":"https:\/\/wp.ufpel.edu.br\/laboratorioelo\/wp-json\/wp\/v2\/pages\/1326\/revisions"}],"predecessor-version":[{"id":1336,"href":"https:\/\/wp.ufpel.edu.br\/laboratorioelo\/wp-json\/wp\/v2\/pages\/1326\/revisions\/1336"}],"wp:attachment":[{"href":"https:\/\/wp.ufpel.edu.br\/laboratorioelo\/wp-json\/wp\/v2\/media?parent=1326"}],"curies":[{"name":"wp","href":"https:\/\/api.w.org\/{rel}","templated":true}]}}