{"id":1312,"date":"2019-01-11T21:45:41","date_gmt":"2019-01-11T23:45:41","guid":{"rendered":"https:\/\/wp.ufpel.edu.br\/laboratorioelo\/?page_id=1312"},"modified":"2019-01-11T21:45:41","modified_gmt":"2019-01-11T23:45:41","slug":"34salufpel","status":"publish","type":"page","link":"https:\/\/wp.ufpel.edu.br\/laboratorioelo\/34salufpel\/","title":{"rendered":"34\u00aa SEMANA ACAD\u00caMICA DE LETRAS UFPEL"},"content":{"rendered":"<h4 style=\"text-align: center\">Comunica\u00e7\u00e3o Oral<\/h4>\n<p><strong>Data:<\/strong>\u00a003\/10\/2017\u00a0<strong>Hor\u00e1rio:<\/strong>\u00a020:30\u00a0<strong>Local:\u00a0<\/strong>\u00a0sala 112 &#8211; Campus Anglo<br \/>\n<strong>T\u00edtulo:\u00a0<\/strong> Instru\u00e7\u00e3o expl\u00edcita por meio da ultrassonografia: uma nova ferramenta para a aquisi\u00e7\u00e3o da consoante lateral \/l\/ do espanhol<br \/>\n<strong>Autores:<\/strong>\u00a0La\u00eds Silva Garcia e\u00a0Giovana Ferreira-Gon\u00e7alves<\/p>\n<p><strong>Data:<\/strong>\u00a004\/10\/2017\u00a0<strong>Hor\u00e1rio:<\/strong>\u00a017:20\u00a0<strong>Local:\u00a0<\/strong>\u00a0sala 251 &#8211; Campus Anglo<br \/>\n<strong>T\u00edtulo:\u00a0<\/strong> Aquisi\u00e7\u00e3o do r\u00f3tico retroflexo do ingl\u00eas: instru\u00e7\u00e3o expl\u00edcita por meio de ultrassonografia<br \/>\n<strong>Autores:<\/strong>\u00a0N\u00e1tali Matias Duarte e\u00a0Giovana Ferreira-Gon\u00e7alves<\/p>\n<p><strong>Data:<\/strong>\u00a003\/10\/2017\u00a0<strong>Hor\u00e1rio:<\/strong>\u00a020:50\u00a0<strong>Local:\u00a0<\/strong>\u00a0sala 112 &#8211; Campus Anglo<br \/>\n<strong>T\u00edtulo:\u00a0<\/strong> Uma descri\u00e7\u00e3o articulat\u00f3ria do <em>tap<\/em> em s\u00edlabas CV e CCV<br \/>\n<strong>Autores: <\/strong>Patr\u00edcia Pereira Melcheque\u00a0<span style=\"font-size: 1.8rem\">e\u00a0Giovana Ferreira-Gon\u00e7alves<\/span><\/p>\n","protected":false},"excerpt":{"rendered":"<p>Comunica\u00e7\u00e3o Oral Data:\u00a003\/10\/2017\u00a0Hor\u00e1rio:\u00a020:30\u00a0Local:\u00a0\u00a0sala 112 &#8211; Campus Anglo T\u00edtulo:\u00a0 Instru\u00e7\u00e3o expl\u00edcita por meio da ultrassonografia: uma nova ferramenta para a aquisi\u00e7\u00e3o da consoante lateral \/l\/ do espanhol Autores:\u00a0La\u00eds Silva Garcia e\u00a0Giovana Ferreira-Gon\u00e7alves Data:\u00a004\/10\/2017\u00a0Hor\u00e1rio:\u00a017:20\u00a0Local:\u00a0\u00a0sala 251 &#8211; Campus Anglo T\u00edtulo:\u00a0 Aquisi\u00e7\u00e3o do r\u00f3tico retroflexo do ingl\u00eas: instru\u00e7\u00e3o expl\u00edcita por meio de ultrassonografia Autores:\u00a0N\u00e1tali Matias Duarte e\u00a0Giovana Ferreira-Gon\u00e7alves Data:\u00a003\/10\/2017\u00a0Hor\u00e1rio:\u00a020:50\u00a0Local:\u00a0\u00a0sala&#8230; <\/p>\n<div class=\"link-more\"><a href=\"https:\/\/wp.ufpel.edu.br\/laboratorioelo\/34salufpel\/\">Leia mais<\/a><\/div>\n","protected":false},"author":386,"featured_media":0,"parent":0,"menu_order":0,"comment_status":"closed","ping_status":"closed","template":"","meta":{"footnotes":""},"class_list":["post-1312","page","type-page","status-publish","hentry"],"yoast_head":"<!-- This site is optimized with the Yoast SEO plugin v26.7 - https:\/\/yoast.com\/wordpress\/plugins\/seo\/ -->\n<title>34\u00aa SEMANA ACAD\u00caMICA DE LETRAS UFPEL - LELO - UFPel<\/title>\n<meta name=\"robots\" content=\"index, follow, max-snippet:-1, max-image-preview:large, max-video-preview:-1\" \/>\n<link rel=\"canonical\" href=\"https:\/\/wp.ufpel.edu.br\/laboratorioelo\/34salufpel\/\" \/>\n<meta property=\"og:locale\" content=\"pt_BR\" \/>\n<meta property=\"og:type\" content=\"article\" \/>\n<meta property=\"og:title\" content=\"34\u00aa SEMANA ACAD\u00caMICA DE LETRAS UFPEL - LELO - UFPel\" \/>\n<meta property=\"og:description\" content=\"Comunica\u00e7\u00e3o Oral Data:\u00a003\/10\/2017\u00a0Hor\u00e1rio:\u00a020:30\u00a0Local:\u00a0\u00a0sala 112 &#8211; Campus Anglo T\u00edtulo:\u00a0 Instru\u00e7\u00e3o expl\u00edcita por meio da ultrassonografia: uma nova ferramenta para a aquisi\u00e7\u00e3o da consoante lateral \/l\/ do espanhol Autores:\u00a0La\u00eds Silva Garcia e\u00a0Giovana Ferreira-Gon\u00e7alves Data:\u00a004\/10\/2017\u00a0Hor\u00e1rio:\u00a017:20\u00a0Local:\u00a0\u00a0sala 251 &#8211; Campus Anglo T\u00edtulo:\u00a0 Aquisi\u00e7\u00e3o do r\u00f3tico retroflexo do ingl\u00eas: instru\u00e7\u00e3o expl\u00edcita por meio de ultrassonografia Autores:\u00a0N\u00e1tali Matias Duarte e\u00a0Giovana Ferreira-Gon\u00e7alves Data:\u00a003\/10\/2017\u00a0Hor\u00e1rio:\u00a020:50\u00a0Local:\u00a0\u00a0sala... Leia mais\" \/>\n<meta property=\"og:url\" content=\"https:\/\/wp.ufpel.edu.br\/laboratorioelo\/34salufpel\/\" \/>\n<meta property=\"og:site_name\" content=\"LELO - UFPel\" \/>\n<meta name=\"twitter:card\" content=\"summary_large_image\" \/>\n<meta name=\"twitter:label1\" content=\"Est. tempo de leitura\" \/>\n\t<meta name=\"twitter:data1\" content=\"1 minuto\" \/>\n<script type=\"application\/ld+json\" class=\"yoast-schema-graph\">{\"@context\":\"https:\/\/schema.org\",\"@graph\":[{\"@type\":\"WebPage\",\"@id\":\"https:\/\/wp.ufpel.edu.br\/laboratorioelo\/34salufpel\/\",\"url\":\"https:\/\/wp.ufpel.edu.br\/laboratorioelo\/34salufpel\/\",\"name\":\"34\u00aa SEMANA ACAD\u00caMICA DE LETRAS UFPEL - LELO - UFPel\",\"isPartOf\":{\"@id\":\"https:\/\/wp.ufpel.edu.br\/laboratorioelo\/#website\"},\"datePublished\":\"2019-01-11T23:45:41+00:00\",\"breadcrumb\":{\"@id\":\"https:\/\/wp.ufpel.edu.br\/laboratorioelo\/34salufpel\/#breadcrumb\"},\"inLanguage\":\"pt-BR\",\"potentialAction\":[{\"@type\":\"ReadAction\",\"target\":[\"https:\/\/wp.ufpel.edu.br\/laboratorioelo\/34salufpel\/\"]}]},{\"@type\":\"BreadcrumbList\",\"@id\":\"https:\/\/wp.ufpel.edu.br\/laboratorioelo\/34salufpel\/#breadcrumb\",\"itemListElement\":[{\"@type\":\"ListItem\",\"position\":1,\"name\":\"Home\",\"item\":\"https:\/\/wp.ufpel.edu.br\/laboratorioelo\/\"},{\"@type\":\"ListItem\",\"position\":2,\"name\":\"34\u00aa SEMANA ACAD\u00caMICA DE LETRAS UFPEL\"}]},{\"@type\":\"WebSite\",\"@id\":\"https:\/\/wp.ufpel.edu.br\/laboratorioelo\/#website\",\"url\":\"https:\/\/wp.ufpel.edu.br\/laboratorioelo\/\",\"name\":\"LELO - UFPEL\",\"description\":\"\",\"publisher\":{\"@id\":\"https:\/\/wp.ufpel.edu.br\/laboratorioelo\/#organization\"},\"potentialAction\":[{\"@type\":\"SearchAction\",\"target\":{\"@type\":\"EntryPoint\",\"urlTemplate\":\"https:\/\/wp.ufpel.edu.br\/laboratorioelo\/?s={search_term_string}\"},\"query-input\":{\"@type\":\"PropertyValueSpecification\",\"valueRequired\":true,\"valueName\":\"search_term_string\"}}],\"inLanguage\":\"pt-BR\"},{\"@type\":\"Organization\",\"@id\":\"https:\/\/wp.ufpel.edu.br\/laboratorioelo\/#organization\",\"name\":\"Laborat\u00f3rio ELO\",\"url\":\"https:\/\/wp.ufpel.edu.br\/laboratorioelo\/\",\"logo\":{\"@type\":\"ImageObject\",\"inLanguage\":\"pt-BR\",\"@id\":\"https:\/\/wp.ufpel.edu.br\/laboratorioelo\/#\/schema\/logo\/image\/\",\"url\":\"https:\/\/wp.ufpel.edu.br\/laboratorioelo\/files\/2017\/08\/Lelo_logo_pretoBranco2-1.png\",\"contentUrl\":\"https:\/\/wp.ufpel.edu.br\/laboratorioelo\/files\/2017\/08\/Lelo_logo_pretoBranco2-1.png\",\"width\":1153,\"height\":569,\"caption\":\"Laborat\u00f3rio ELO\"},\"image\":{\"@id\":\"https:\/\/wp.ufpel.edu.br\/laboratorioelo\/#\/schema\/logo\/image\/\"}}]}<\/script>\n<!-- \/ Yoast SEO plugin. -->","yoast_head_json":{"title":"34\u00aa SEMANA ACAD\u00caMICA DE LETRAS UFPEL - LELO - UFPel","robots":{"index":"index","follow":"follow","max-snippet":"max-snippet:-1","max-image-preview":"max-image-preview:large","max-video-preview":"max-video-preview:-1"},"canonical":"https:\/\/wp.ufpel.edu.br\/laboratorioelo\/34salufpel\/","og_locale":"pt_BR","og_type":"article","og_title":"34\u00aa SEMANA ACAD\u00caMICA DE LETRAS UFPEL - LELO - UFPel","og_description":"Comunica\u00e7\u00e3o Oral Data:\u00a003\/10\/2017\u00a0Hor\u00e1rio:\u00a020:30\u00a0Local:\u00a0\u00a0sala 112 &#8211; Campus Anglo T\u00edtulo:\u00a0 Instru\u00e7\u00e3o expl\u00edcita por meio da ultrassonografia: uma nova ferramenta para a aquisi\u00e7\u00e3o da consoante lateral \/l\/ do espanhol Autores:\u00a0La\u00eds Silva Garcia e\u00a0Giovana Ferreira-Gon\u00e7alves Data:\u00a004\/10\/2017\u00a0Hor\u00e1rio:\u00a017:20\u00a0Local:\u00a0\u00a0sala 251 &#8211; Campus Anglo T\u00edtulo:\u00a0 Aquisi\u00e7\u00e3o do r\u00f3tico retroflexo do ingl\u00eas: instru\u00e7\u00e3o expl\u00edcita por meio de ultrassonografia Autores:\u00a0N\u00e1tali Matias Duarte e\u00a0Giovana Ferreira-Gon\u00e7alves Data:\u00a003\/10\/2017\u00a0Hor\u00e1rio:\u00a020:50\u00a0Local:\u00a0\u00a0sala... Leia mais","og_url":"https:\/\/wp.ufpel.edu.br\/laboratorioelo\/34salufpel\/","og_site_name":"LELO - UFPel","twitter_card":"summary_large_image","twitter_misc":{"Est. tempo de leitura":"1 minuto"},"schema":{"@context":"https:\/\/schema.org","@graph":[{"@type":"WebPage","@id":"https:\/\/wp.ufpel.edu.br\/laboratorioelo\/34salufpel\/","url":"https:\/\/wp.ufpel.edu.br\/laboratorioelo\/34salufpel\/","name":"34\u00aa SEMANA ACAD\u00caMICA DE LETRAS UFPEL - LELO - UFPel","isPartOf":{"@id":"https:\/\/wp.ufpel.edu.br\/laboratorioelo\/#website"},"datePublished":"2019-01-11T23:45:41+00:00","breadcrumb":{"@id":"https:\/\/wp.ufpel.edu.br\/laboratorioelo\/34salufpel\/#breadcrumb"},"inLanguage":"pt-BR","potentialAction":[{"@type":"ReadAction","target":["https:\/\/wp.ufpel.edu.br\/laboratorioelo\/34salufpel\/"]}]},{"@type":"BreadcrumbList","@id":"https:\/\/wp.ufpel.edu.br\/laboratorioelo\/34salufpel\/#breadcrumb","itemListElement":[{"@type":"ListItem","position":1,"name":"Home","item":"https:\/\/wp.ufpel.edu.br\/laboratorioelo\/"},{"@type":"ListItem","position":2,"name":"34\u00aa SEMANA ACAD\u00caMICA DE LETRAS UFPEL"}]},{"@type":"WebSite","@id":"https:\/\/wp.ufpel.edu.br\/laboratorioelo\/#website","url":"https:\/\/wp.ufpel.edu.br\/laboratorioelo\/","name":"LELO - UFPEL","description":"","publisher":{"@id":"https:\/\/wp.ufpel.edu.br\/laboratorioelo\/#organization"},"potentialAction":[{"@type":"SearchAction","target":{"@type":"EntryPoint","urlTemplate":"https:\/\/wp.ufpel.edu.br\/laboratorioelo\/?s={search_term_string}"},"query-input":{"@type":"PropertyValueSpecification","valueRequired":true,"valueName":"search_term_string"}}],"inLanguage":"pt-BR"},{"@type":"Organization","@id":"https:\/\/wp.ufpel.edu.br\/laboratorioelo\/#organization","name":"Laborat\u00f3rio ELO","url":"https:\/\/wp.ufpel.edu.br\/laboratorioelo\/","logo":{"@type":"ImageObject","inLanguage":"pt-BR","@id":"https:\/\/wp.ufpel.edu.br\/laboratorioelo\/#\/schema\/logo\/image\/","url":"https:\/\/wp.ufpel.edu.br\/laboratorioelo\/files\/2017\/08\/Lelo_logo_pretoBranco2-1.png","contentUrl":"https:\/\/wp.ufpel.edu.br\/laboratorioelo\/files\/2017\/08\/Lelo_logo_pretoBranco2-1.png","width":1153,"height":569,"caption":"Laborat\u00f3rio ELO"},"image":{"@id":"https:\/\/wp.ufpel.edu.br\/laboratorioelo\/#\/schema\/logo\/image\/"}}]}},"jetpack_sharing_enabled":true,"_links":{"self":[{"href":"https:\/\/wp.ufpel.edu.br\/laboratorioelo\/wp-json\/wp\/v2\/pages\/1312","targetHints":{"allow":["GET"]}}],"collection":[{"href":"https:\/\/wp.ufpel.edu.br\/laboratorioelo\/wp-json\/wp\/v2\/pages"}],"about":[{"href":"https:\/\/wp.ufpel.edu.br\/laboratorioelo\/wp-json\/wp\/v2\/types\/page"}],"author":[{"embeddable":true,"href":"https:\/\/wp.ufpel.edu.br\/laboratorioelo\/wp-json\/wp\/v2\/users\/386"}],"replies":[{"embeddable":true,"href":"https:\/\/wp.ufpel.edu.br\/laboratorioelo\/wp-json\/wp\/v2\/comments?post=1312"}],"version-history":[{"count":1,"href":"https:\/\/wp.ufpel.edu.br\/laboratorioelo\/wp-json\/wp\/v2\/pages\/1312\/revisions"}],"predecessor-version":[{"id":1314,"href":"https:\/\/wp.ufpel.edu.br\/laboratorioelo\/wp-json\/wp\/v2\/pages\/1312\/revisions\/1314"}],"wp:attachment":[{"href":"https:\/\/wp.ufpel.edu.br\/laboratorioelo\/wp-json\/wp\/v2\/media?parent=1312"}],"curies":[{"name":"wp","href":"https:\/\/api.w.org\/{rel}","templated":true}]}}

34ª SEMANA ACADÊMICA DE LETRAS UFPEL

<h4 style="text-align: center">Comunicação Oral</h4>
<p><strong>Data:</strong> 03/10/2017 <strong>Horário:</strong> 20:30 <strong>Local: </strong> sala 112 &#8211; Campus Anglo<br />
<strong>Título: </strong> Instrução explícita por meio da ultrassonografia: uma nova ferramenta para a aquisição da consoante lateral /l/ do espanhol<br />
<strong>Autores:</strong> Laís Silva Garcia e Giovana Ferreira-Gonçalves</p>
<p><strong>Data:</strong> 04/10/2017 <strong>Horário:</strong> 17:20 <strong>Local: </strong> sala 251 &#8211; Campus Anglo<br />
<strong>Título: </strong> Aquisição do rótico retroflexo do inglês: instrução explícita por meio de ultrassonografia<br />
<strong>Autores:</strong> Nátali Matias Duarte e Giovana Ferreira-Gonçalves</p>
<p><strong>Data:</strong> 03/10/2017 <strong>Horário:</strong> 20:50 <strong>Local: </strong> sala 112 &#8211; Campus Anglo<br />
<strong>Título: </strong> Uma descrição articulatória do <em>tap</em> em sílabas CV e CCV<br />
<strong>Autores: </strong>Patrícia Pereira Melcheque <span style="font-size: 1.8rem">e Giovana Ferreira-Gonçalves</span></p>

<p>Comunicação Oral Data: 03/10/2017 Horário: 20:30 Local:  sala 112 &#8211; Campus Anglo Título:  Instrução explícita por meio da ultrassonografia: uma nova ferramenta para a aquisição da consoante lateral /l/ do espanhol Autores: Laís Silva Garcia e Giovana Ferreira-Gonçalves Data: 04/10/2017 Horário: 17:20 Local:  sala 251 &#8211; Campus Anglo Título:  Aquisição do rótico retroflexo do inglês: instrução explícita por meio de ultrassonografia Autores: Nátali Matias Duarte e Giovana Ferreira-Gonçalves Data: 03/10/2017 Horário: 20:50 Local:  sala&#8230; </p>
<div class="link-more"><a href="https://wp.ufpel.edu.br/laboratorioelo/34salufpel/">Leia mais</a></div>

<!-- This site is optimized with the Yoast SEO plugin v26.7 - https://yoast.com/wordpress/plugins/seo/ -->
<title>34ª SEMANA ACADÊMICA DE LETRAS UFPEL - LELO - UFPel</title>
<meta name="robots" content="index, follow, max-snippet:-1, max-image-preview:large, max-video-preview:-1" />
<link rel="canonical" href="https://wp.ufpel.edu.br/laboratorioelo/34salufpel/" />
<meta property="og:locale" content="pt_BR" />
<meta property="og:type" content="article" />
<meta property="og:title" content="34ª SEMANA ACADÊMICA DE LETRAS UFPEL - LELO - UFPel" />
<meta property="og:description" content="Comunicação Oral Data: 03/10/2017 Horário: 20:30 Local:  sala 112 &#8211; Campus Anglo Título:  Instrução explícita por meio da ultrassonografia: uma nova ferramenta para a aquisição da consoante lateral /l/ do espanhol Autores: Laís Silva Garcia e Giovana Ferreira-Gonçalves Data: 04/10/2017 Horário: 17:20 Local:  sala 251 &#8211; Campus Anglo Título:  Aquisição do rótico retroflexo do inglês: instrução explícita por meio de ultrassonografia Autores: Nátali Matias Duarte e Giovana Ferreira-Gonçalves Data: 03/10/2017 Horário: 20:50 Local:  sala... Leia mais" />
<meta property="og:url" content="https://wp.ufpel.edu.br/laboratorioelo/34salufpel/" />
<meta property="og:site_name" content="LELO - UFPel" />
<meta name="twitter:card" content="summary_large_image" />
<meta name="twitter:label1" content="Est. tempo de leitura" />
	<meta name="twitter:data1" content="1 minuto" />
<script type="application/ld+json" class="yoast-schema-graph">{"@context":"https://schema.org","@graph":[{"@type":"WebPage","@id":"https://wp.ufpel.edu.br/laboratorioelo/34salufpel/","url":"https://wp.ufpel.edu.br/laboratorioelo/34salufpel/","name":"34ª SEMANA ACADÊMICA DE LETRAS UFPEL - LELO - UFPel","isPartOf":{"@id":"https://wp.ufpel.edu.br/laboratorioelo/#website"},"datePublished":"2019-01-11T23:45:41+00:00","breadcrumb":{"@id":"https://wp.ufpel.edu.br/laboratorioelo/34salufpel/#breadcrumb"},"inLanguage":"pt-BR","potentialAction":[{"@type":"ReadAction","target":["https://wp.ufpel.edu.br/laboratorioelo/34salufpel/"]}]},{"@type":"BreadcrumbList","@id":"https://wp.ufpel.edu.br/laboratorioelo/34salufpel/#breadcrumb","itemListElement":[{"@type":"ListItem","position":1,"name":"Home","item":"https://wp.ufpel.edu.br/laboratorioelo/"},{"@type":"ListItem","position":2,"name":"34ª SEMANA ACADÊMICA DE LETRAS UFPEL"}]},{"@type":"WebSite","@id":"https://wp.ufpel.edu.br/laboratorioelo/#website","url":"https://wp.ufpel.edu.br/laboratorioelo/","name":"LELO - UFPEL","description":"","publisher":{"@id":"https://wp.ufpel.edu.br/laboratorioelo/#organization"},"potentialAction":[{"@type":"SearchAction","target":{"@type":"EntryPoint","urlTemplate":"https://wp.ufpel.edu.br/laboratorioelo/?s={search_term_string}"},"query-input":{"@type":"PropertyValueSpecification","valueRequired":true,"valueName":"search_term_string"}}],"inLanguage":"pt-BR"},{"@type":"Organization","@id":"https://wp.ufpel.edu.br/laboratorioelo/#organization","name":"Laboratório ELO","url":"https://wp.ufpel.edu.br/laboratorioelo/","logo":{"@type":"ImageObject","inLanguage":"pt-BR","@id":"https://wp.ufpel.edu.br/laboratorioelo/#/schema/logo/image/","url":"https://wp.ufpel.edu.br/laboratorioelo/files/2017/08/Lelo_logo_pretoBranco2-1.png","contentUrl":"https://wp.ufpel.edu.br/laboratorioelo/files/2017/08/Lelo_logo_pretoBranco2-1.png","width":1153,"height":569,"caption":"Laboratório ELO"},"image":{"@id":"https://wp.ufpel.edu.br/laboratorioelo/#/schema/logo/image/"}}]}</script>
<!-- / Yoast SEO plugin. -->

34ª SEMANA ACADÊMICA DE LETRAS UFPEL - LELO - UFPel

Comunicação Oral Data: 03/10/2017 Horário: 20:30 Local:  sala 112 &#8211; Campus Anglo Título:  Instrução explícita por meio da ultrassonografia: uma nova ferramenta para a aquisição da consoante lateral /l/ do espanhol Autores: Laís Silva Garcia e Giovana Ferreira-Gonçalves Data: 04/10/2017 Horário: 17:20 Local:  sala 251 &#8211; Campus Anglo Título:  Aquisição do rótico retroflexo do inglês: instrução explícita por meio de ultrassonografia Autores: Nátali Matias Duarte e Giovana Ferreira-Gonçalves Data: 03/10/2017 Horário: 20:50 Local:  sala... Leia mais

Laboratório ELO
