{"id":1157,"date":"2018-07-18T20:55:37","date_gmt":"2018-07-18T23:55:37","guid":{"rendered":"https:\/\/wp.ufpel.edu.br\/laboratorioelo\/?page_id=1157"},"modified":"2018-08-28T13:50:51","modified_gmt":"2018-08-28T16:50:51","slug":"noticias-2018","status":"publish","type":"page","link":"https:\/\/wp.ufpel.edu.br\/laboratorioelo\/noticias-2018\/","title":{"rendered":"Not\u00edcias 2018"},"content":{"rendered":"<blockquote class=\"wp-embedded-content\" data-secret=\"94Yk05StmW\"><p><a href=\"https:\/\/wp.ufpel.edu.br\/laboratorioelo\/2018\/08\/28\/horario-de-funcionamento-2\/\">Hor\u00e1rio de funcionamento<\/a><\/p><\/blockquote>\n<p><iframe loading=\"lazy\" class=\"wp-embedded-content\" sandbox=\"allow-scripts\" security=\"restricted\" style=\"position: absolute; clip: rect(1px, 1px, 1px, 1px);\" src=\"https:\/\/wp.ufpel.edu.br\/laboratorioelo\/2018\/08\/28\/horario-de-funcionamento-2\/embed\/#?secret=94Yk05StmW\" data-secret=\"94Yk05StmW\" width=\"600\" height=\"338\" title=\"&#8220;Hor\u00e1rio de funcionamento&#8221; &#8212; LELO - UFPel\" frameborder=\"0\" marginwidth=\"0\" marginheight=\"0\" scrolling=\"no\"><\/iframe><\/p>\n<blockquote class=\"wp-embedded-content\" data-secret=\"QWALOJbp59\"><p><a href=\"https:\/\/wp.ufpel.edu.br\/laboratorioelo\/2018-artigo-revista-linguagem-e-ensino\/\">Pesquisadoras do LELO publicam artigo na Revista Linguagem &amp; Ensino<\/a><\/p><\/blockquote>\n<p><iframe loading=\"lazy\" class=\"wp-embedded-content\" sandbox=\"allow-scripts\" security=\"restricted\" style=\"position: absolute; clip: rect(1px, 1px, 1px, 1px);\" src=\"https:\/\/wp.ufpel.edu.br\/laboratorioelo\/2018-artigo-revista-linguagem-e-ensino\/embed\/#?secret=QWALOJbp59\" data-secret=\"QWALOJbp59\" width=\"600\" height=\"338\" title=\"&#8220;Pesquisadoras do LELO publicam artigo na Revista Linguagem &amp; Ensino&#8221; &#8212; LELO - UFPel\" frameborder=\"0\" marginwidth=\"0\" marginheight=\"0\" scrolling=\"no\"><\/iframe><\/p>\n<blockquote class=\"wp-embedded-content\" data-secret=\"vTbPnXeJJs\"><p><a href=\"https:\/\/wp.ufpel.edu.br\/laboratorioelo\/2018-artigo-revista-signo\/\">Pesquisadora do LELO publica artigo na Revista Signo<\/a><\/p><\/blockquote>\n<p><iframe loading=\"lazy\" class=\"wp-embedded-content\" sandbox=\"allow-scripts\" security=\"restricted\" style=\"position: absolute; clip: rect(1px, 1px, 1px, 1px);\" src=\"https:\/\/wp.ufpel.edu.br\/laboratorioelo\/2018-artigo-revista-signo\/embed\/#?secret=vTbPnXeJJs\" data-secret=\"vTbPnXeJJs\" width=\"600\" height=\"338\" title=\"&#8220;Pesquisadora do LELO publica artigo na Revista Signo&#8221; &#8212; LELO - UFPel\" frameborder=\"0\" marginwidth=\"0\" marginheight=\"0\" scrolling=\"no\"><\/iframe><\/p>\n<blockquote class=\"wp-embedded-content\" data-secret=\"Rx6f8KmriG\"><p><a href=\"https:\/\/wp.ufpel.edu.br\/laboratorioelo\/2018-chamada-escoladeinverno\/\">Vem a\u00ed a III Escola de Inverno do LELO!<\/a><\/p><\/blockquote>\n<p><iframe loading=\"lazy\" class=\"wp-embedded-content\" sandbox=\"allow-scripts\" security=\"restricted\" style=\"position: absolute; clip: rect(1px, 1px, 1px, 1px);\" src=\"https:\/\/wp.ufpel.edu.br\/laboratorioelo\/2018-chamada-escoladeinverno\/embed\/#?secret=Rx6f8KmriG\" data-secret=\"Rx6f8KmriG\" width=\"600\" height=\"338\" title=\"&#8220;Vem a\u00ed a III Escola de Inverno do LELO!&#8221; &#8212; LELO - UFPel\" frameborder=\"0\" marginwidth=\"0\" marginheight=\"0\" scrolling=\"no\"><\/iframe><\/p>\n<blockquote class=\"wp-embedded-content\" data-secret=\"jtXhRArFW0\"><p><a href=\"https:\/\/wp.ufpel.edu.br\/laboratorioelo\/2018-apresentacao-espanha-2\/\">Pesquisadora do LELO apresenta resultado de disserta\u00e7\u00e3o na Espanha<\/a><\/p><\/blockquote>\n<p><iframe loading=\"lazy\" class=\"wp-embedded-content\" sandbox=\"allow-scripts\" security=\"restricted\" style=\"position: absolute; clip: rect(1px, 1px, 1px, 1px);\" src=\"https:\/\/wp.ufpel.edu.br\/laboratorioelo\/2018-apresentacao-espanha-2\/embed\/#?secret=jtXhRArFW0\" data-secret=\"jtXhRArFW0\" width=\"600\" height=\"338\" title=\"&#8220;Pesquisadora do LELO apresenta resultado de disserta\u00e7\u00e3o na Espanha&#8221; &#8212; LELO - UFPel\" frameborder=\"0\" marginwidth=\"0\" marginheight=\"0\" scrolling=\"no\"><\/iframe><\/p>\n<blockquote class=\"wp-embedded-content\" data-secret=\"k1ecsGjIaU\"><p><a href=\"https:\/\/wp.ufpel.edu.br\/laboratorioelo\/2018-apresentacao-espanha-1\/\">Bolsista de inicia\u00e7\u00e3o cient\u00edfica do LELO apresenta trabalho na Espanha<\/a><\/p><\/blockquote>\n<p><iframe loading=\"lazy\" class=\"wp-embedded-content\" sandbox=\"allow-scripts\" security=\"restricted\" style=\"position: absolute; clip: rect(1px, 1px, 1px, 1px);\" src=\"https:\/\/wp.ufpel.edu.br\/laboratorioelo\/2018-apresentacao-espanha-1\/embed\/#?secret=k1ecsGjIaU\" data-secret=\"k1ecsGjIaU\" width=\"600\" height=\"338\" title=\"&#8220;Bolsista de inicia\u00e7\u00e3o cient\u00edfica do LELO apresenta trabalho na Espanha&#8221; &#8212; LELO - UFPel\" frameborder=\"0\" marginwidth=\"0\" marginheight=\"0\" scrolling=\"no\"><\/iframe><\/p>\n<blockquote class=\"wp-embedded-content\" data-secret=\"WJZbo8oMlP\"><p><a href=\"https:\/\/wp.ufpel.edu.br\/laboratorioelo\/2018-horario\/\">Hor\u00e1rio de Funcionamento 2018\/1<\/a><\/p><\/blockquote>\n<p><iframe loading=\"lazy\" class=\"wp-embedded-content\" sandbox=\"allow-scripts\" security=\"restricted\" style=\"position: absolute; clip: rect(1px, 1px, 1px, 1px);\" src=\"https:\/\/wp.ufpel.edu.br\/laboratorioelo\/2018-horario\/embed\/#?secret=WJZbo8oMlP\" data-secret=\"WJZbo8oMlP\" width=\"600\" height=\"338\" title=\"&#8220;Hor\u00e1rio de Funcionamento 2018\/1&#8221; &#8212; LELO - UFPel\" frameborder=\"0\" marginwidth=\"0\" marginheight=\"0\" scrolling=\"no\"><\/iframe><\/p>\n","protected":false},"excerpt":{"rendered":"<p>Hor\u00e1rio de funcionamento Pesquisadoras do LELO publicam artigo na Revista Linguagem &amp; Ensino Pesquisadora do LELO publica artigo na Revista Signo Vem a\u00ed a III Escola de Inverno do LELO! Pesquisadora do LELO apresenta resultado de disserta\u00e7\u00e3o na Espanha Bolsista de inicia\u00e7\u00e3o cient\u00edfica do LELO apresenta trabalho na Espanha Hor\u00e1rio de Funcionamento 2018\/1<\/p>\n","protected":false},"author":386,"featured_media":0,"parent":0,"menu_order":0,"comment_status":"closed","ping_status":"closed","template":"","meta":{"footnotes":""},"class_list":["post-1157","page","type-page","status-publish","hentry"],"yoast_head":"<!-- This site is optimized with the Yoast SEO plugin v26.7 - https:\/\/yoast.com\/wordpress\/plugins\/seo\/ -->\n<title>Not\u00edcias 2018 - LELO - UFPel<\/title>\n<meta name=\"robots\" content=\"index, follow, max-snippet:-1, max-image-preview:large, max-video-preview:-1\" \/>\n<link rel=\"canonical\" href=\"https:\/\/wp.ufpel.edu.br\/laboratorioelo\/noticias-2018\/\" \/>\n<meta property=\"og:locale\" content=\"pt_BR\" \/>\n<meta property=\"og:type\" content=\"article\" \/>\n<meta property=\"og:title\" content=\"Not\u00edcias 2018 - LELO - UFPel\" \/>\n<meta property=\"og:description\" content=\"Hor\u00e1rio de funcionamento Pesquisadoras do LELO publicam artigo na Revista Linguagem &amp; Ensino Pesquisadora do LELO publica artigo na Revista Signo Vem a\u00ed a III Escola de Inverno do LELO! Pesquisadora do LELO apresenta resultado de disserta\u00e7\u00e3o na Espanha Bolsista de inicia\u00e7\u00e3o cient\u00edfica do LELO apresenta trabalho na Espanha Hor\u00e1rio de Funcionamento 2018\/1\" \/>\n<meta property=\"og:url\" content=\"https:\/\/wp.ufpel.edu.br\/laboratorioelo\/noticias-2018\/\" \/>\n<meta property=\"og:site_name\" content=\"LELO - UFPel\" \/>\n<meta property=\"article:modified_time\" content=\"2018-08-28T16:50:51+00:00\" \/>\n<meta name=\"twitter:card\" content=\"summary_large_image\" \/>\n<script type=\"application\/ld+json\" class=\"yoast-schema-graph\">{\"@context\":\"https:\/\/schema.org\",\"@graph\":[{\"@type\":\"WebPage\",\"@id\":\"https:\/\/wp.ufpel.edu.br\/laboratorioelo\/noticias-2018\/\",\"url\":\"https:\/\/wp.ufpel.edu.br\/laboratorioelo\/noticias-2018\/\",\"name\":\"Not\u00edcias 2018 - LELO - UFPel\",\"isPartOf\":{\"@id\":\"https:\/\/wp.ufpel.edu.br\/laboratorioelo\/#website\"},\"datePublished\":\"2018-07-18T23:55:37+00:00\",\"dateModified\":\"2018-08-28T16:50:51+00:00\",\"breadcrumb\":{\"@id\":\"https:\/\/wp.ufpel.edu.br\/laboratorioelo\/noticias-2018\/#breadcrumb\"},\"inLanguage\":\"pt-BR\",\"potentialAction\":[{\"@type\":\"ReadAction\",\"target\":[\"https:\/\/wp.ufpel.edu.br\/laboratorioelo\/noticias-2018\/\"]}]},{\"@type\":\"BreadcrumbList\",\"@id\":\"https:\/\/wp.ufpel.edu.br\/laboratorioelo\/noticias-2018\/#breadcrumb\",\"itemListElement\":[{\"@type\":\"ListItem\",\"position\":1,\"name\":\"Home\",\"item\":\"https:\/\/wp.ufpel.edu.br\/laboratorioelo\/\"},{\"@type\":\"ListItem\",\"position\":2,\"name\":\"Not\u00edcias 2018\"}]},{\"@type\":\"WebSite\",\"@id\":\"https:\/\/wp.ufpel.edu.br\/laboratorioelo\/#website\",\"url\":\"https:\/\/wp.ufpel.edu.br\/laboratorioelo\/\",\"name\":\"LELO - UFPEL\",\"description\":\"\",\"publisher\":{\"@id\":\"https:\/\/wp.ufpel.edu.br\/laboratorioelo\/#organization\"},\"potentialAction\":[{\"@type\":\"SearchAction\",\"target\":{\"@type\":\"EntryPoint\",\"urlTemplate\":\"https:\/\/wp.ufpel.edu.br\/laboratorioelo\/?s={search_term_string}\"},\"query-input\":{\"@type\":\"PropertyValueSpecification\",\"valueRequired\":true,\"valueName\":\"search_term_string\"}}],\"inLanguage\":\"pt-BR\"},{\"@type\":\"Organization\",\"@id\":\"https:\/\/wp.ufpel.edu.br\/laboratorioelo\/#organization\",\"name\":\"Laborat\u00f3rio ELO\",\"url\":\"https:\/\/wp.ufpel.edu.br\/laboratorioelo\/\",\"logo\":{\"@type\":\"ImageObject\",\"inLanguage\":\"pt-BR\",\"@id\":\"https:\/\/wp.ufpel.edu.br\/laboratorioelo\/#\/schema\/logo\/image\/\",\"url\":\"https:\/\/wp.ufpel.edu.br\/laboratorioelo\/files\/2017\/08\/Lelo_logo_pretoBranco2-1.png\",\"contentUrl\":\"https:\/\/wp.ufpel.edu.br\/laboratorioelo\/files\/2017\/08\/Lelo_logo_pretoBranco2-1.png\",\"width\":1153,\"height\":569,\"caption\":\"Laborat\u00f3rio ELO\"},\"image\":{\"@id\":\"https:\/\/wp.ufpel.edu.br\/laboratorioelo\/#\/schema\/logo\/image\/\"}}]}<\/script>\n<!-- \/ Yoast SEO plugin. -->","yoast_head_json":{"title":"Not\u00edcias 2018 - LELO - UFPel","robots":{"index":"index","follow":"follow","max-snippet":"max-snippet:-1","max-image-preview":"max-image-preview:large","max-video-preview":"max-video-preview:-1"},"canonical":"https:\/\/wp.ufpel.edu.br\/laboratorioelo\/noticias-2018\/","og_locale":"pt_BR","og_type":"article","og_title":"Not\u00edcias 2018 - LELO - UFPel","og_description":"Hor\u00e1rio de funcionamento Pesquisadoras do LELO publicam artigo na Revista Linguagem &amp; Ensino Pesquisadora do LELO publica artigo na Revista Signo Vem a\u00ed a III Escola de Inverno do LELO! Pesquisadora do LELO apresenta resultado de disserta\u00e7\u00e3o na Espanha Bolsista de inicia\u00e7\u00e3o cient\u00edfica do LELO apresenta trabalho na Espanha Hor\u00e1rio de Funcionamento 2018\/1","og_url":"https:\/\/wp.ufpel.edu.br\/laboratorioelo\/noticias-2018\/","og_site_name":"LELO - UFPel","article_modified_time":"2018-08-28T16:50:51+00:00","twitter_card":"summary_large_image","schema":{"@context":"https:\/\/schema.org","@graph":[{"@type":"WebPage","@id":"https:\/\/wp.ufpel.edu.br\/laboratorioelo\/noticias-2018\/","url":"https:\/\/wp.ufpel.edu.br\/laboratorioelo\/noticias-2018\/","name":"Not\u00edcias 2018 - LELO - UFPel","isPartOf":{"@id":"https:\/\/wp.ufpel.edu.br\/laboratorioelo\/#website"},"datePublished":"2018-07-18T23:55:37+00:00","dateModified":"2018-08-28T16:50:51+00:00","breadcrumb":{"@id":"https:\/\/wp.ufpel.edu.br\/laboratorioelo\/noticias-2018\/#breadcrumb"},"inLanguage":"pt-BR","potentialAction":[{"@type":"ReadAction","target":["https:\/\/wp.ufpel.edu.br\/laboratorioelo\/noticias-2018\/"]}]},{"@type":"BreadcrumbList","@id":"https:\/\/wp.ufpel.edu.br\/laboratorioelo\/noticias-2018\/#breadcrumb","itemListElement":[{"@type":"ListItem","position":1,"name":"Home","item":"https:\/\/wp.ufpel.edu.br\/laboratorioelo\/"},{"@type":"ListItem","position":2,"name":"Not\u00edcias 2018"}]},{"@type":"WebSite","@id":"https:\/\/wp.ufpel.edu.br\/laboratorioelo\/#website","url":"https:\/\/wp.ufpel.edu.br\/laboratorioelo\/","name":"LELO - UFPEL","description":"","publisher":{"@id":"https:\/\/wp.ufpel.edu.br\/laboratorioelo\/#organization"},"potentialAction":[{"@type":"SearchAction","target":{"@type":"EntryPoint","urlTemplate":"https:\/\/wp.ufpel.edu.br\/laboratorioelo\/?s={search_term_string}"},"query-input":{"@type":"PropertyValueSpecification","valueRequired":true,"valueName":"search_term_string"}}],"inLanguage":"pt-BR"},{"@type":"Organization","@id":"https:\/\/wp.ufpel.edu.br\/laboratorioelo\/#organization","name":"Laborat\u00f3rio ELO","url":"https:\/\/wp.ufpel.edu.br\/laboratorioelo\/","logo":{"@type":"ImageObject","inLanguage":"pt-BR","@id":"https:\/\/wp.ufpel.edu.br\/laboratorioelo\/#\/schema\/logo\/image\/","url":"https:\/\/wp.ufpel.edu.br\/laboratorioelo\/files\/2017\/08\/Lelo_logo_pretoBranco2-1.png","contentUrl":"https:\/\/wp.ufpel.edu.br\/laboratorioelo\/files\/2017\/08\/Lelo_logo_pretoBranco2-1.png","width":1153,"height":569,"caption":"Laborat\u00f3rio ELO"},"image":{"@id":"https:\/\/wp.ufpel.edu.br\/laboratorioelo\/#\/schema\/logo\/image\/"}}]}},"jetpack_sharing_enabled":true,"_links":{"self":[{"href":"https:\/\/wp.ufpel.edu.br\/laboratorioelo\/wp-json\/wp\/v2\/pages\/1157","targetHints":{"allow":["GET"]}}],"collection":[{"href":"https:\/\/wp.ufpel.edu.br\/laboratorioelo\/wp-json\/wp\/v2\/pages"}],"about":[{"href":"https:\/\/wp.ufpel.edu.br\/laboratorioelo\/wp-json\/wp\/v2\/types\/page"}],"author":[{"embeddable":true,"href":"https:\/\/wp.ufpel.edu.br\/laboratorioelo\/wp-json\/wp\/v2\/users\/386"}],"replies":[{"embeddable":true,"href":"https:\/\/wp.ufpel.edu.br\/laboratorioelo\/wp-json\/wp\/v2\/comments?post=1157"}],"version-history":[{"count":5,"href":"https:\/\/wp.ufpel.edu.br\/laboratorioelo\/wp-json\/wp\/v2\/pages\/1157\/revisions"}],"predecessor-version":[{"id":1261,"href":"https:\/\/wp.ufpel.edu.br\/laboratorioelo\/wp-json\/wp\/v2\/pages\/1157\/revisions\/1261"}],"wp:attachment":[{"href":"https:\/\/wp.ufpel.edu.br\/laboratorioelo\/wp-json\/wp\/v2\/media?parent=1157"}],"curies":[{"name":"wp","href":"https:\/\/api.w.org\/{rel}","templated":true}]}}