{"id":1144,"date":"2018-07-18T19:40:05","date_gmt":"2018-07-18T22:40:05","guid":{"rendered":"https:\/\/wp.ufpel.edu.br\/laboratorioelo\/?page_id=1144"},"modified":"2018-07-18T19:40:05","modified_gmt":"2018-07-18T22:40:05","slug":"2017-chamada-iwusef","status":"publish","type":"page","link":"https:\/\/wp.ufpel.edu.br\/laboratorioelo\/2017-chamada-iwusef\/","title":{"rendered":"Chamada de Trabalhos: I Workshop Em Ultrassonografia e Estudos da Fala"},"content":{"rendered":"<p style=\"text-align: justify\">O \u201cI Workshop em Ultrassonografia e Estudos da Fala\u201d, organizado pela Universidade Federal de Santa Catarina e pela Universidade Federal de Pelotas, constitui-se no primeiro evento a ser realizado no Brasil voltado especificamente para a aplica\u00e7\u00e3o da ultrassonografia aos estudos da fala \u2013 t\u00e9cnica inovadora e em expans\u00e3o no pa\u00eds desde 2010. A utiliza\u00e7\u00e3o do ultrassom para a an\u00e1lise de dados lingu\u00edsticos tem evidenciado resultados promissores no que concerne a estudos em (i) aquisi\u00e7\u00e3o de l\u00edngua materna (norma e com desvios); (ii) aquisi\u00e7\u00e3o de l\u00ednguas estrangeiras \u2013 sendo utilizado, inclusive, como apoio a tarefas de instru\u00e7\u00e3o expl\u00edcita; (iii) descri\u00e7\u00e3o e an\u00e1lises de dados do portugu\u00eas; (iv) descri\u00e7\u00e3o e an\u00e1lise de dados vari\u00e1veis e (v) desenvolvimento de terapias de fala. A programa\u00e7\u00e3o inclui: palestra, comunica\u00e7\u00f5es plen\u00e1rias e curso.<\/p>\n<hr \/>\n<p><strong>Inscri\u00e7\u00e3o no evento<br \/>\n<\/strong>Com apresenta\u00e7\u00e3o de trabalho:\u00a0<strong>R$70,00<br \/>\n<\/strong>Ouvinte:\u00a0<strong>R$20,00<br \/>\n<\/strong>Curso \u2013 Articulate Assistant Advanced \u2013 AAA m\u00f3dulo avan\u00e7ado (Prof. Alan Alexander Wrench, Queen Margareth University), 8h de dura\u00e7\u00e3o, vagas limitadas:\u00a0<strong>R$100,00<\/strong><\/p>\n<p>Prazo limite para a inscri\u00e7\u00e3o:\u00a0<strong>20 de outubro de 2017<br \/>\n<\/strong>Envio do aceite:\u00a0<strong>25 de outubro de 2017<\/strong><\/p>\n<hr \/>\n<p style=\"text-align: center\">Para mais informa\u00e7\u00f5es e a ficha de inscri\u00e7\u00e3o,\u00a0<span style=\"color: #ffcc00\"><strong><a style=\"color: #ffcc00\" href=\"http:\/\/fonapli.paginas.ufsc.br\/files\/2017\/10\/Chamada-IWUSEF.pdf\">clique aqui<\/a><br \/>\n<\/strong><\/span>Para ver a programa\u00e7\u00e3o do evento,\u00a0<span style=\"color: #ffcc00\"><strong><span style=\"color: #ffcc00\"><a style=\"color: #ffcc00\" href=\"https:\/\/wp.ufpel.edu.br\/laboratorioelo\/2017-programacao-iwusef\/\">clique aqui<\/a>.<\/span><br \/>\n<\/strong><\/span><\/p>\n","protected":false},"excerpt":{"rendered":"<p>O \u201cI Workshop em Ultrassonografia e Estudos da Fala\u201d, organizado pela Universidade Federal de Santa Catarina e pela Universidade Federal de Pelotas, constitui-se no primeiro evento a ser realizado no Brasil voltado especificamente para a aplica\u00e7\u00e3o da ultrassonografia aos estudos da fala \u2013 t\u00e9cnica inovadora e em expans\u00e3o no pa\u00eds desde 2010. A utiliza\u00e7\u00e3o do&#8230; <\/p>\n<div class=\"link-more\"><a href=\"https:\/\/wp.ufpel.edu.br\/laboratorioelo\/2017-chamada-iwusef\/\">Leia mais<\/a><\/div>\n","protected":false},"author":386,"featured_media":0,"parent":0,"menu_order":0,"comment_status":"closed","ping_status":"closed","template":"","meta":{"footnotes":""},"class_list":["post-1144","page","type-page","status-publish","hentry"],"yoast_head":"<!-- This site is optimized with the Yoast SEO plugin v26.7 - https:\/\/yoast.com\/wordpress\/plugins\/seo\/ -->\n<title>Chamada de Trabalhos: I Workshop Em Ultrassonografia e Estudos da Fala - LELO - UFPel<\/title>\n<meta name=\"robots\" content=\"index, follow, max-snippet:-1, max-image-preview:large, max-video-preview:-1\" \/>\n<link rel=\"canonical\" href=\"https:\/\/wp.ufpel.edu.br\/laboratorioelo\/2017-chamada-iwusef\/\" \/>\n<meta property=\"og:locale\" content=\"pt_BR\" \/>\n<meta property=\"og:type\" content=\"article\" \/>\n<meta property=\"og:title\" content=\"Chamada de Trabalhos: I Workshop Em Ultrassonografia e Estudos da Fala - LELO - UFPel\" \/>\n<meta property=\"og:description\" content=\"O \u201cI Workshop em Ultrassonografia e Estudos da Fala\u201d, organizado pela Universidade Federal de Santa Catarina e pela Universidade Federal de Pelotas, constitui-se no primeiro evento a ser realizado no Brasil voltado especificamente para a aplica\u00e7\u00e3o da ultrassonografia aos estudos da fala \u2013 t\u00e9cnica inovadora e em expans\u00e3o no pa\u00eds desde 2010. A utiliza\u00e7\u00e3o do... Leia mais\" \/>\n<meta property=\"og:url\" content=\"https:\/\/wp.ufpel.edu.br\/laboratorioelo\/2017-chamada-iwusef\/\" \/>\n<meta property=\"og:site_name\" content=\"LELO - UFPel\" \/>\n<meta name=\"twitter:card\" content=\"summary_large_image\" \/>\n<meta name=\"twitter:label1\" content=\"Est. tempo de leitura\" \/>\n\t<meta name=\"twitter:data1\" content=\"1 minuto\" \/>\n<script type=\"application\/ld+json\" class=\"yoast-schema-graph\">{\"@context\":\"https:\/\/schema.org\",\"@graph\":[{\"@type\":\"WebPage\",\"@id\":\"https:\/\/wp.ufpel.edu.br\/laboratorioelo\/2017-chamada-iwusef\/\",\"url\":\"https:\/\/wp.ufpel.edu.br\/laboratorioelo\/2017-chamada-iwusef\/\",\"name\":\"Chamada de Trabalhos: I Workshop Em Ultrassonografia e Estudos da Fala - LELO - UFPel\",\"isPartOf\":{\"@id\":\"https:\/\/wp.ufpel.edu.br\/laboratorioelo\/#website\"},\"datePublished\":\"2018-07-18T22:40:05+00:00\",\"breadcrumb\":{\"@id\":\"https:\/\/wp.ufpel.edu.br\/laboratorioelo\/2017-chamada-iwusef\/#breadcrumb\"},\"inLanguage\":\"pt-BR\",\"potentialAction\":[{\"@type\":\"ReadAction\",\"target\":[\"https:\/\/wp.ufpel.edu.br\/laboratorioelo\/2017-chamada-iwusef\/\"]}]},{\"@type\":\"BreadcrumbList\",\"@id\":\"https:\/\/wp.ufpel.edu.br\/laboratorioelo\/2017-chamada-iwusef\/#breadcrumb\",\"itemListElement\":[{\"@type\":\"ListItem\",\"position\":1,\"name\":\"Home\",\"item\":\"https:\/\/wp.ufpel.edu.br\/laboratorioelo\/\"},{\"@type\":\"ListItem\",\"position\":2,\"name\":\"Chamada de Trabalhos: I Workshop Em Ultrassonografia e Estudos da Fala\"}]},{\"@type\":\"WebSite\",\"@id\":\"https:\/\/wp.ufpel.edu.br\/laboratorioelo\/#website\",\"url\":\"https:\/\/wp.ufpel.edu.br\/laboratorioelo\/\",\"name\":\"LELO - UFPEL\",\"description\":\"\",\"publisher\":{\"@id\":\"https:\/\/wp.ufpel.edu.br\/laboratorioelo\/#organization\"},\"potentialAction\":[{\"@type\":\"SearchAction\",\"target\":{\"@type\":\"EntryPoint\",\"urlTemplate\":\"https:\/\/wp.ufpel.edu.br\/laboratorioelo\/?s={search_term_string}\"},\"query-input\":{\"@type\":\"PropertyValueSpecification\",\"valueRequired\":true,\"valueName\":\"search_term_string\"}}],\"inLanguage\":\"pt-BR\"},{\"@type\":\"Organization\",\"@id\":\"https:\/\/wp.ufpel.edu.br\/laboratorioelo\/#organization\",\"name\":\"Laborat\u00f3rio ELO\",\"url\":\"https:\/\/wp.ufpel.edu.br\/laboratorioelo\/\",\"logo\":{\"@type\":\"ImageObject\",\"inLanguage\":\"pt-BR\",\"@id\":\"https:\/\/wp.ufpel.edu.br\/laboratorioelo\/#\/schema\/logo\/image\/\",\"url\":\"https:\/\/wp.ufpel.edu.br\/laboratorioelo\/files\/2017\/08\/Lelo_logo_pretoBranco2-1.png\",\"contentUrl\":\"https:\/\/wp.ufpel.edu.br\/laboratorioelo\/files\/2017\/08\/Lelo_logo_pretoBranco2-1.png\",\"width\":1153,\"height\":569,\"caption\":\"Laborat\u00f3rio ELO\"},\"image\":{\"@id\":\"https:\/\/wp.ufpel.edu.br\/laboratorioelo\/#\/schema\/logo\/image\/\"}}]}<\/script>\n<!-- \/ Yoast SEO plugin. -->","yoast_head_json":{"title":"Chamada de Trabalhos: I Workshop Em Ultrassonografia e Estudos da Fala - LELO - UFPel","robots":{"index":"index","follow":"follow","max-snippet":"max-snippet:-1","max-image-preview":"max-image-preview:large","max-video-preview":"max-video-preview:-1"},"canonical":"https:\/\/wp.ufpel.edu.br\/laboratorioelo\/2017-chamada-iwusef\/","og_locale":"pt_BR","og_type":"article","og_title":"Chamada de Trabalhos: I Workshop Em Ultrassonografia e Estudos da Fala - LELO - UFPel","og_description":"O \u201cI Workshop em Ultrassonografia e Estudos da Fala\u201d, organizado pela Universidade Federal de Santa Catarina e pela Universidade Federal de Pelotas, constitui-se no primeiro evento a ser realizado no Brasil voltado especificamente para a aplica\u00e7\u00e3o da ultrassonografia aos estudos da fala \u2013 t\u00e9cnica inovadora e em expans\u00e3o no pa\u00eds desde 2010. A utiliza\u00e7\u00e3o do... Leia mais","og_url":"https:\/\/wp.ufpel.edu.br\/laboratorioelo\/2017-chamada-iwusef\/","og_site_name":"LELO - UFPel","twitter_card":"summary_large_image","twitter_misc":{"Est. tempo de leitura":"1 minuto"},"schema":{"@context":"https:\/\/schema.org","@graph":[{"@type":"WebPage","@id":"https:\/\/wp.ufpel.edu.br\/laboratorioelo\/2017-chamada-iwusef\/","url":"https:\/\/wp.ufpel.edu.br\/laboratorioelo\/2017-chamada-iwusef\/","name":"Chamada de Trabalhos: I Workshop Em Ultrassonografia e Estudos da Fala - LELO - UFPel","isPartOf":{"@id":"https:\/\/wp.ufpel.edu.br\/laboratorioelo\/#website"},"datePublished":"2018-07-18T22:40:05+00:00","breadcrumb":{"@id":"https:\/\/wp.ufpel.edu.br\/laboratorioelo\/2017-chamada-iwusef\/#breadcrumb"},"inLanguage":"pt-BR","potentialAction":[{"@type":"ReadAction","target":["https:\/\/wp.ufpel.edu.br\/laboratorioelo\/2017-chamada-iwusef\/"]}]},{"@type":"BreadcrumbList","@id":"https:\/\/wp.ufpel.edu.br\/laboratorioelo\/2017-chamada-iwusef\/#breadcrumb","itemListElement":[{"@type":"ListItem","position":1,"name":"Home","item":"https:\/\/wp.ufpel.edu.br\/laboratorioelo\/"},{"@type":"ListItem","position":2,"name":"Chamada de Trabalhos: I Workshop Em Ultrassonografia e Estudos da Fala"}]},{"@type":"WebSite","@id":"https:\/\/wp.ufpel.edu.br\/laboratorioelo\/#website","url":"https:\/\/wp.ufpel.edu.br\/laboratorioelo\/","name":"LELO - UFPEL","description":"","publisher":{"@id":"https:\/\/wp.ufpel.edu.br\/laboratorioelo\/#organization"},"potentialAction":[{"@type":"SearchAction","target":{"@type":"EntryPoint","urlTemplate":"https:\/\/wp.ufpel.edu.br\/laboratorioelo\/?s={search_term_string}"},"query-input":{"@type":"PropertyValueSpecification","valueRequired":true,"valueName":"search_term_string"}}],"inLanguage":"pt-BR"},{"@type":"Organization","@id":"https:\/\/wp.ufpel.edu.br\/laboratorioelo\/#organization","name":"Laborat\u00f3rio ELO","url":"https:\/\/wp.ufpel.edu.br\/laboratorioelo\/","logo":{"@type":"ImageObject","inLanguage":"pt-BR","@id":"https:\/\/wp.ufpel.edu.br\/laboratorioelo\/#\/schema\/logo\/image\/","url":"https:\/\/wp.ufpel.edu.br\/laboratorioelo\/files\/2017\/08\/Lelo_logo_pretoBranco2-1.png","contentUrl":"https:\/\/wp.ufpel.edu.br\/laboratorioelo\/files\/2017\/08\/Lelo_logo_pretoBranco2-1.png","width":1153,"height":569,"caption":"Laborat\u00f3rio ELO"},"image":{"@id":"https:\/\/wp.ufpel.edu.br\/laboratorioelo\/#\/schema\/logo\/image\/"}}]}},"jetpack_sharing_enabled":true,"_links":{"self":[{"href":"https:\/\/wp.ufpel.edu.br\/laboratorioelo\/wp-json\/wp\/v2\/pages\/1144","targetHints":{"allow":["GET"]}}],"collection":[{"href":"https:\/\/wp.ufpel.edu.br\/laboratorioelo\/wp-json\/wp\/v2\/pages"}],"about":[{"href":"https:\/\/wp.ufpel.edu.br\/laboratorioelo\/wp-json\/wp\/v2\/types\/page"}],"author":[{"embeddable":true,"href":"https:\/\/wp.ufpel.edu.br\/laboratorioelo\/wp-json\/wp\/v2\/users\/386"}],"replies":[{"embeddable":true,"href":"https:\/\/wp.ufpel.edu.br\/laboratorioelo\/wp-json\/wp\/v2\/comments?post=1144"}],"version-history":[{"count":1,"href":"https:\/\/wp.ufpel.edu.br\/laboratorioelo\/wp-json\/wp\/v2\/pages\/1144\/revisions"}],"predecessor-version":[{"id":1146,"href":"https:\/\/wp.ufpel.edu.br\/laboratorioelo\/wp-json\/wp\/v2\/pages\/1144\/revisions\/1146"}],"wp:attachment":[{"href":"https:\/\/wp.ufpel.edu.br\/laboratorioelo\/wp-json\/wp\/v2\/media?parent=1144"}],"curies":[{"name":"wp","href":"https:\/\/api.w.org\/{rel}","templated":true}]}}