{"id":1108,"date":"2018-07-18T18:49:39","date_gmt":"2018-07-18T21:49:39","guid":{"rendered":"https:\/\/wp.ufpel.edu.br\/laboratorioelo\/?page_id=1108"},"modified":"2019-11-18T18:18:47","modified_gmt":"2019-11-18T21:18:47","slug":"promocao-de-eventos","status":"publish","type":"page","link":"https:\/\/wp.ufpel.edu.br\/laboratorioelo\/promocao-de-eventos\/","title":{"rendered":"Promo\u00e7\u00e3o de Eventos"},"content":{"rendered":"<h1 style=\"text-align: center\"><span style=\"font-size: 24pt;color: #000000\"><strong>2019<\/strong><\/span><\/h1>\n<p style=\"text-align: center\"><img loading=\"lazy\" decoding=\"async\" class=\"alignleft size-full wp-image-1505\" src=\"https:\/\/wp.ufpel.edu.br\/laboratorioelo\/files\/2019\/11\/lelo.png\" alt=\"\" width=\"301\" height=\"173\" \/> <strong>III ESCOLA DE INVERNO DO LABORAT\u00d3RIO EMERG\u00caNCIA DA LINGUAGEM ORAL<\/strong><\/p>\n<p><span style=\"font-size: 12pt\">A Escola ocorreu entre os meses de julho e novembro, na Universidade Federal de Pelotas &#8211; Campus Anglo.<\/span><\/p>\n<h1 style=\"text-align: center\"><span style=\"font-size: 24pt;color: #000000\"><strong>2017<\/strong><\/span><\/h1>\n<p style=\"text-align: center\"><a href=\"https:\/\/wp.ufpel.edu.br\/laboratorioelo\/iwsef\/\" rel=\"noopener\"><img loading=\"lazy\" decoding=\"async\" class=\"alignleft size-full wp-image-1039\" src=\"https:\/\/wp.ufpel.edu.br\/laboratorioelo\/files\/2018\/07\/evento-2.png\" alt=\"\" width=\"301\" height=\"173\" \/><\/a><strong>I WORKSHOP EM ULTRASSONOGRAFIA E ESTUDOS DA FALA<\/strong><\/p>\n<p style=\"text-align: justify\"><span style=\"font-size: 12pt\">O Workshop ocorreu entre os dias de 08 e 10 de novembro, na Universidade Federal de Santa Catarina.<\/span><\/p>\n<h1 style=\"text-align: center\"><span style=\"font-size: 24pt;color: #000000\"><strong>2016<\/strong><\/span><\/h1>\n<p style=\"text-align: center\"><img loading=\"lazy\" decoding=\"async\" class=\"alignleft size-full wp-image-1503\" src=\"https:\/\/wp.ufpel.edu.br\/laboratorioelo\/files\/2019\/11\/escola-II-1.png\" alt=\"\" width=\"301\" height=\"173\" \/><strong>II ESCOLA DE INVERNO DO LABORAT\u00d3RIO EMERG\u00caNCIA DA LINGUAGEM ORAL<\/strong><\/p>\n<p style=\"text-align: justify\"><span style=\"font-size: 12pt\">A Escola ocorreu no durante o m\u00eas de agosto de 2016, na Universidade Federal de Pelotas &#8211; Campus Anglo.<\/span><\/p>\n<h1 style=\"text-align: center\"><span style=\"font-size: 24pt;color: #000000\"><strong>2015<\/strong><\/span><\/h1>\n<p style=\"text-align: center\"><img loading=\"lazy\" decoding=\"async\" class=\"alignleft size-full wp-image-1504\" src=\"https:\/\/wp.ufpel.edu.br\/laboratorioelo\/files\/2019\/11\/escola-de-inverno-I.png\" alt=\"\" width=\"301\" height=\"173\" \/> <strong>I ESCOLA DE INVERNO DO LABORAT\u00d3RIO EMERG\u00caNCIA DA LINGUAGEM ORAL<\/strong><\/p>\n<p><span style=\"font-size: 12pt\">A primeira Escola de Inverno do LELO ocorreu nos meses de junho e julho de 2015, na Universidade Federal de Pelotas &#8211; Campus Anglo.<\/span><\/p>\n","protected":false},"excerpt":{"rendered":"<p>2019 III ESCOLA DE INVERNO DO LABORAT\u00d3RIO EMERG\u00caNCIA DA LINGUAGEM ORAL A Escola ocorreu entre os meses de julho e novembro, na Universidade Federal de Pelotas &#8211; Campus Anglo. 2017 I WORKSHOP EM ULTRASSONOGRAFIA E ESTUDOS DA FALA O Workshop ocorreu entre os dias de 08 e 10 de novembro, na Universidade Federal de Santa&#8230; <\/p>\n<div class=\"link-more\"><a href=\"https:\/\/wp.ufpel.edu.br\/laboratorioelo\/promocao-de-eventos\/\">Leia mais<\/a><\/div>\n","protected":false},"author":386,"featured_media":0,"parent":0,"menu_order":0,"comment_status":"closed","ping_status":"closed","template":"","meta":{"footnotes":""},"class_list":["post-1108","page","type-page","status-publish","hentry"],"yoast_head":"<!-- This site is optimized with the Yoast SEO plugin v26.7 - https:\/\/yoast.com\/wordpress\/plugins\/seo\/ -->\n<title>Promo\u00e7\u00e3o de Eventos - LELO - UFPel<\/title>\n<meta name=\"robots\" content=\"index, follow, max-snippet:-1, max-image-preview:large, max-video-preview:-1\" \/>\n<link rel=\"canonical\" href=\"https:\/\/wp.ufpel.edu.br\/laboratorioelo\/promocao-de-eventos\/\" \/>\n<meta property=\"og:locale\" content=\"pt_BR\" \/>\n<meta property=\"og:type\" content=\"article\" \/>\n<meta property=\"og:title\" content=\"Promo\u00e7\u00e3o de Eventos - LELO - UFPel\" \/>\n<meta property=\"og:description\" content=\"2019 III ESCOLA DE INVERNO DO LABORAT\u00d3RIO EMERG\u00caNCIA DA LINGUAGEM ORAL A Escola ocorreu entre os meses de julho e novembro, na Universidade Federal de Pelotas &#8211; Campus Anglo. 2017 I WORKSHOP EM ULTRASSONOGRAFIA E ESTUDOS DA FALA O Workshop ocorreu entre os dias de 08 e 10 de novembro, na Universidade Federal de Santa... Leia mais\" \/>\n<meta property=\"og:url\" content=\"https:\/\/wp.ufpel.edu.br\/laboratorioelo\/promocao-de-eventos\/\" \/>\n<meta property=\"og:site_name\" content=\"LELO - UFPel\" \/>\n<meta property=\"article:modified_time\" content=\"2019-11-18T21:18:47+00:00\" \/>\n<meta property=\"og:image\" content=\"https:\/\/wp.ufpel.edu.br\/laboratorioelo\/files\/2019\/11\/lelo.png\" \/>\n\t<meta property=\"og:image:width\" content=\"301\" \/>\n\t<meta property=\"og:image:height\" content=\"173\" \/>\n\t<meta property=\"og:image:type\" content=\"image\/png\" \/>\n<meta name=\"twitter:card\" content=\"summary_large_image\" \/>\n<meta name=\"twitter:label1\" content=\"Est. tempo de leitura\" \/>\n\t<meta name=\"twitter:data1\" content=\"1 minuto\" \/>\n<script type=\"application\/ld+json\" class=\"yoast-schema-graph\">{\"@context\":\"https:\/\/schema.org\",\"@graph\":[{\"@type\":\"WebPage\",\"@id\":\"https:\/\/wp.ufpel.edu.br\/laboratorioelo\/promocao-de-eventos\/\",\"url\":\"https:\/\/wp.ufpel.edu.br\/laboratorioelo\/promocao-de-eventos\/\",\"name\":\"Promo\u00e7\u00e3o de Eventos - LELO - UFPel\",\"isPartOf\":{\"@id\":\"https:\/\/wp.ufpel.edu.br\/laboratorioelo\/#website\"},\"primaryImageOfPage\":{\"@id\":\"https:\/\/wp.ufpel.edu.br\/laboratorioelo\/promocao-de-eventos\/#primaryimage\"},\"image\":{\"@id\":\"https:\/\/wp.ufpel.edu.br\/laboratorioelo\/promocao-de-eventos\/#primaryimage\"},\"thumbnailUrl\":\"https:\/\/wp.ufpel.edu.br\/laboratorioelo\/files\/2019\/11\/lelo.png\",\"datePublished\":\"2018-07-18T21:49:39+00:00\",\"dateModified\":\"2019-11-18T21:18:47+00:00\",\"breadcrumb\":{\"@id\":\"https:\/\/wp.ufpel.edu.br\/laboratorioelo\/promocao-de-eventos\/#breadcrumb\"},\"inLanguage\":\"pt-BR\",\"potentialAction\":[{\"@type\":\"ReadAction\",\"target\":[\"https:\/\/wp.ufpel.edu.br\/laboratorioelo\/promocao-de-eventos\/\"]}]},{\"@type\":\"ImageObject\",\"inLanguage\":\"pt-BR\",\"@id\":\"https:\/\/wp.ufpel.edu.br\/laboratorioelo\/promocao-de-eventos\/#primaryimage\",\"url\":\"https:\/\/wp.ufpel.edu.br\/laboratorioelo\/files\/2019\/11\/lelo.png\",\"contentUrl\":\"https:\/\/wp.ufpel.edu.br\/laboratorioelo\/files\/2019\/11\/lelo.png\",\"width\":301,\"height\":173},{\"@type\":\"BreadcrumbList\",\"@id\":\"https:\/\/wp.ufpel.edu.br\/laboratorioelo\/promocao-de-eventos\/#breadcrumb\",\"itemListElement\":[{\"@type\":\"ListItem\",\"position\":1,\"name\":\"Home\",\"item\":\"https:\/\/wp.ufpel.edu.br\/laboratorioelo\/\"},{\"@type\":\"ListItem\",\"position\":2,\"name\":\"Promo\u00e7\u00e3o de Eventos\"}]},{\"@type\":\"WebSite\",\"@id\":\"https:\/\/wp.ufpel.edu.br\/laboratorioelo\/#website\",\"url\":\"https:\/\/wp.ufpel.edu.br\/laboratorioelo\/\",\"name\":\"LELO - UFPEL\",\"description\":\"\",\"publisher\":{\"@id\":\"https:\/\/wp.ufpel.edu.br\/laboratorioelo\/#organization\"},\"potentialAction\":[{\"@type\":\"SearchAction\",\"target\":{\"@type\":\"EntryPoint\",\"urlTemplate\":\"https:\/\/wp.ufpel.edu.br\/laboratorioelo\/?s={search_term_string}\"},\"query-input\":{\"@type\":\"PropertyValueSpecification\",\"valueRequired\":true,\"valueName\":\"search_term_string\"}}],\"inLanguage\":\"pt-BR\"},{\"@type\":\"Organization\",\"@id\":\"https:\/\/wp.ufpel.edu.br\/laboratorioelo\/#organization\",\"name\":\"Laborat\u00f3rio ELO\",\"url\":\"https:\/\/wp.ufpel.edu.br\/laboratorioelo\/\",\"logo\":{\"@type\":\"ImageObject\",\"inLanguage\":\"pt-BR\",\"@id\":\"https:\/\/wp.ufpel.edu.br\/laboratorioelo\/#\/schema\/logo\/image\/\",\"url\":\"https:\/\/wp.ufpel.edu.br\/laboratorioelo\/files\/2017\/08\/Lelo_logo_pretoBranco2-1.png\",\"contentUrl\":\"https:\/\/wp.ufpel.edu.br\/laboratorioelo\/files\/2017\/08\/Lelo_logo_pretoBranco2-1.png\",\"width\":1153,\"height\":569,\"caption\":\"Laborat\u00f3rio ELO\"},\"image\":{\"@id\":\"https:\/\/wp.ufpel.edu.br\/laboratorioelo\/#\/schema\/logo\/image\/\"}}]}<\/script>\n<!-- \/ Yoast SEO plugin. -->","yoast_head_json":{"title":"Promo\u00e7\u00e3o de Eventos - LELO - UFPel","robots":{"index":"index","follow":"follow","max-snippet":"max-snippet:-1","max-image-preview":"max-image-preview:large","max-video-preview":"max-video-preview:-1"},"canonical":"https:\/\/wp.ufpel.edu.br\/laboratorioelo\/promocao-de-eventos\/","og_locale":"pt_BR","og_type":"article","og_title":"Promo\u00e7\u00e3o de Eventos - LELO - UFPel","og_description":"2019 III ESCOLA DE INVERNO DO LABORAT\u00d3RIO EMERG\u00caNCIA DA LINGUAGEM ORAL A Escola ocorreu entre os meses de julho e novembro, na Universidade Federal de Pelotas &#8211; Campus Anglo. 2017 I WORKSHOP EM ULTRASSONOGRAFIA E ESTUDOS DA FALA O Workshop ocorreu entre os dias de 08 e 10 de novembro, na Universidade Federal de Santa... Leia mais","og_url":"https:\/\/wp.ufpel.edu.br\/laboratorioelo\/promocao-de-eventos\/","og_site_name":"LELO - UFPel","article_modified_time":"2019-11-18T21:18:47+00:00","og_image":[{"width":301,"height":173,"url":"https:\/\/wp.ufpel.edu.br\/laboratorioelo\/files\/2019\/11\/lelo.png","type":"image\/png"}],"twitter_card":"summary_large_image","twitter_misc":{"Est. tempo de leitura":"1 minuto"},"schema":{"@context":"https:\/\/schema.org","@graph":[{"@type":"WebPage","@id":"https:\/\/wp.ufpel.edu.br\/laboratorioelo\/promocao-de-eventos\/","url":"https:\/\/wp.ufpel.edu.br\/laboratorioelo\/promocao-de-eventos\/","name":"Promo\u00e7\u00e3o de Eventos - LELO - UFPel","isPartOf":{"@id":"https:\/\/wp.ufpel.edu.br\/laboratorioelo\/#website"},"primaryImageOfPage":{"@id":"https:\/\/wp.ufpel.edu.br\/laboratorioelo\/promocao-de-eventos\/#primaryimage"},"image":{"@id":"https:\/\/wp.ufpel.edu.br\/laboratorioelo\/promocao-de-eventos\/#primaryimage"},"thumbnailUrl":"https:\/\/wp.ufpel.edu.br\/laboratorioelo\/files\/2019\/11\/lelo.png","datePublished":"2018-07-18T21:49:39+00:00","dateModified":"2019-11-18T21:18:47+00:00","breadcrumb":{"@id":"https:\/\/wp.ufpel.edu.br\/laboratorioelo\/promocao-de-eventos\/#breadcrumb"},"inLanguage":"pt-BR","potentialAction":[{"@type":"ReadAction","target":["https:\/\/wp.ufpel.edu.br\/laboratorioelo\/promocao-de-eventos\/"]}]},{"@type":"ImageObject","inLanguage":"pt-BR","@id":"https:\/\/wp.ufpel.edu.br\/laboratorioelo\/promocao-de-eventos\/#primaryimage","url":"https:\/\/wp.ufpel.edu.br\/laboratorioelo\/files\/2019\/11\/lelo.png","contentUrl":"https:\/\/wp.ufpel.edu.br\/laboratorioelo\/files\/2019\/11\/lelo.png","width":301,"height":173},{"@type":"BreadcrumbList","@id":"https:\/\/wp.ufpel.edu.br\/laboratorioelo\/promocao-de-eventos\/#breadcrumb","itemListElement":[{"@type":"ListItem","position":1,"name":"Home","item":"https:\/\/wp.ufpel.edu.br\/laboratorioelo\/"},{"@type":"ListItem","position":2,"name":"Promo\u00e7\u00e3o de Eventos"}]},{"@type":"WebSite","@id":"https:\/\/wp.ufpel.edu.br\/laboratorioelo\/#website","url":"https:\/\/wp.ufpel.edu.br\/laboratorioelo\/","name":"LELO - UFPEL","description":"","publisher":{"@id":"https:\/\/wp.ufpel.edu.br\/laboratorioelo\/#organization"},"potentialAction":[{"@type":"SearchAction","target":{"@type":"EntryPoint","urlTemplate":"https:\/\/wp.ufpel.edu.br\/laboratorioelo\/?s={search_term_string}"},"query-input":{"@type":"PropertyValueSpecification","valueRequired":true,"valueName":"search_term_string"}}],"inLanguage":"pt-BR"},{"@type":"Organization","@id":"https:\/\/wp.ufpel.edu.br\/laboratorioelo\/#organization","name":"Laborat\u00f3rio ELO","url":"https:\/\/wp.ufpel.edu.br\/laboratorioelo\/","logo":{"@type":"ImageObject","inLanguage":"pt-BR","@id":"https:\/\/wp.ufpel.edu.br\/laboratorioelo\/#\/schema\/logo\/image\/","url":"https:\/\/wp.ufpel.edu.br\/laboratorioelo\/files\/2017\/08\/Lelo_logo_pretoBranco2-1.png","contentUrl":"https:\/\/wp.ufpel.edu.br\/laboratorioelo\/files\/2017\/08\/Lelo_logo_pretoBranco2-1.png","width":1153,"height":569,"caption":"Laborat\u00f3rio ELO"},"image":{"@id":"https:\/\/wp.ufpel.edu.br\/laboratorioelo\/#\/schema\/logo\/image\/"}}]}},"jetpack_sharing_enabled":true,"_links":{"self":[{"href":"https:\/\/wp.ufpel.edu.br\/laboratorioelo\/wp-json\/wp\/v2\/pages\/1108","targetHints":{"allow":["GET"]}}],"collection":[{"href":"https:\/\/wp.ufpel.edu.br\/laboratorioelo\/wp-json\/wp\/v2\/pages"}],"about":[{"href":"https:\/\/wp.ufpel.edu.br\/laboratorioelo\/wp-json\/wp\/v2\/types\/page"}],"author":[{"embeddable":true,"href":"https:\/\/wp.ufpel.edu.br\/laboratorioelo\/wp-json\/wp\/v2\/users\/386"}],"replies":[{"embeddable":true,"href":"https:\/\/wp.ufpel.edu.br\/laboratorioelo\/wp-json\/wp\/v2\/comments?post=1108"}],"version-history":[{"count":5,"href":"https:\/\/wp.ufpel.edu.br\/laboratorioelo\/wp-json\/wp\/v2\/pages\/1108\/revisions"}],"predecessor-version":[{"id":1501,"href":"https:\/\/wp.ufpel.edu.br\/laboratorioelo\/wp-json\/wp\/v2\/pages\/1108\/revisions\/1501"}],"wp:attachment":[{"href":"https:\/\/wp.ufpel.edu.br\/laboratorioelo\/wp-json\/wp\/v2\/media?parent=1108"}],"curies":[{"name":"wp","href":"https:\/\/api.w.org\/{rel}","templated":true}]}}