{"id":604,"date":"2017-04-18T14:53:53","date_gmt":"2017-04-18T17:53:53","guid":{"rendered":"https:\/\/wp.ufpel.edu.br\/laboratoriodepropriedadesdamadeira\/?page_id=604"},"modified":"2020-05-27T01:16:50","modified_gmt":"2020-05-27T04:16:50","slug":"regimento-interno","status":"publish","type":"page","link":"https:\/\/wp.ufpel.edu.br\/laboratoriodepropriedadesdamadeira\/regimento-interno\/","title":{"rendered":"Alunos"},"content":{"rendered":"<table style=\"height: 1156px\" width=\"1086\">\n<tbody>\n<tr style=\"height: 62px\">\n<td style=\"text-align: center;width: 177px;height: 62px\" width=\"194\">\n<h3><strong>Nome<\/strong><\/h3>\n<\/td>\n<td style=\"text-align: center;width: 242px;height: 62px\" width=\"264\">\n<h3><strong>Orientador<\/strong><\/h3>\n<\/td>\n<td style=\"text-align: center;width: 263px;height: 62px\" width=\"277\">\n<h3><strong>Curso<\/strong><\/h3>\n<\/td>\n<td style=\"text-align: center;width: 89px;height: 62px\" width=\"72\">\n<h3><strong>Ingresso<\/strong><\/h3>\n<\/td>\n<td style=\"text-align: center;width: 308px;height: 62px\" width=\"279\">\n<h3><strong>Link para o CV<\/strong><\/h3>\n<\/td>\n<\/tr>\n<tr style=\"height: 63px\">\n<td style=\"text-align: center;width: 1079px;height: 63px\" colspan=\"5\">\n<h4><strong>Doutorandos<\/strong><\/h4>\n<\/td>\n<\/tr>\n<tr style=\"height: 20px\">\n<td style=\"text-align: center;width: 177px;height: 20px\">Camila Berger<\/td>\n<td style=\"text-align: center;width: 242px;height: 20px\">Darci Gatto<\/td>\n<td style=\"text-align: center;width: 263px;height: 20px\">PPGEF\/UFSM<\/td>\n<td style=\"text-align: center;width: 89px;height: 20px\">2018<\/td>\n<td style=\"text-align: center;width: 308px;height: 20px\"><a href=\"http:\/\/lattes.cnpq.br\/0669824174133893\">http:\/\/lattes.cnpq.br\/0669824174133893<\/a><\/td>\n<\/tr>\n<tr style=\"height: 20px\">\n<td style=\"text-align: center;width: 177px;height: 20px\">D\u00e9bora Duarte Ribes<\/td>\n<td style=\"text-align: center;width: 242px;height: 20px\">Rafael Beltrame<\/td>\n<td style=\"text-align: center;width: 263px;height: 20px\">PPGCEM\/UFPel<\/td>\n<td style=\"text-align: center;width: 89px;height: 20px\">2017<\/td>\n<td style=\"text-align: center;width: 308px;height: 20px\"><a href=\"http:\/\/lattes.cnpq.br\/8330231195835120\">http:\/\/lattes.cnpq.br\/8330231195835120<\/a><\/td>\n<\/tr>\n<tr style=\"height: 43px\">\n<td style=\"text-align: center;width: 177px;height: 43px\">Francisco Jos\u00e9 von Ameln Luzzardi<\/td>\n<td style=\"text-align: center;width: 242px;height: 43px\">Rafael Delucis<\/td>\n<td style=\"text-align: center;width: 263px;height: 43px\">PPGCEM\/UFPel<\/td>\n<td style=\"text-align: center;width: 89px;height: 43px\">2019<\/td>\n<td style=\"text-align: center;width: 308px;height: 43px\"><a href=\"http:\/\/lattes.cnpq.br\/9399312228797322\">http:\/\/lattes.cnpq.br\/9399312228797322<\/a><\/td>\n<\/tr>\n<tr style=\"height: 20px\">\n<td style=\"text-align: center;width: 177px;height: 20px\">Leandro Gularte Blois<\/td>\n<td style=\"text-align: center;width: 242px;height: 20px\">Rafael Beltrame e Jorge Nunes<\/td>\n<td style=\"text-align: center;width: 263px;height: 20px\">PPGCEM\/UFPel<\/td>\n<td style=\"text-align: center;width: 89px;height: 20px\">2019<\/td>\n<td style=\"text-align: center;width: 308px;height: 20px\"><a href=\"http:\/\/lattes.cnpq.br\/3457056624577669\">http:\/\/lattes.cnpq.br\/3457056624577669<\/a><\/td>\n<\/tr>\n<tr style=\"height: 20px\">\n<td style=\"text-align: center;width: 177px;height: 20px\">Lucas Hlenka<\/td>\n<td style=\"text-align: center;width: 242px;height: 20px\">Rafael Beltrame<\/td>\n<td style=\"text-align: center;width: 263px;height: 20px\">PPGCEM\/UFPel<\/td>\n<td style=\"text-align: center;width: 89px;height: 20px\">2019<\/td>\n<td style=\"text-align: center;width: 308px;height: 20px\"><a href=\"http:\/\/lattes.cnpq.br\/3520086019665379\">http:\/\/lattes.cnpq.br\/3520086019665379<\/a><\/td>\n<\/tr>\n<tr style=\"height: 20px\">\n<td style=\"text-align: center;width: 177px;height: 20px\">Luciano Anacker Leston<\/td>\n<td style=\"text-align: center;width: 242px;height: 20px\">Darci Gatto e Rafael Beltrame<\/td>\n<td style=\"text-align: center;width: 263px;height: 20px\">PPGCEM\/UFPel<\/td>\n<td style=\"text-align: center;width: 89px;height: 20px\">2015<\/td>\n<td style=\"text-align: center;width: 308px;height: 20px\"><a href=\"http:\/\/lattes.cnpq.br\/3006638346089004\">http:\/\/lattes.cnpq.br\/3006638346089004<\/a><\/td>\n<\/tr>\n<tr style=\"height: 20px\">\n<td style=\"text-align: center;width: 177px;height: 20px\">Mariana Piccoli<\/td>\n<td style=\"text-align: center;width: 242px;height: 20px\">Darci Gatto<\/td>\n<td style=\"text-align: center;width: 263px;height: 20px\">PPGCEM\/UFPel<\/td>\n<td style=\"text-align: center;width: 89px;height: 20px\">2018<\/td>\n<td style=\"text-align: center;width: 308px;height: 20px\"><a href=\"http:\/\/lattes.cnpq.br\/6596418378264766\">http:\/\/lattes.cnpq.br\/6596418378264766<\/a><\/td>\n<\/tr>\n<tr style=\"height: 20px\">\n<td style=\"text-align: center;width: 177px;height: 20px\">Mateus Berwaldt Santos<\/td>\n<td style=\"text-align: center;width: 242px;height: 20px\">Darci Gatto<\/td>\n<td style=\"text-align: center;width: 263px;height: 20px\">PPGCEM\/UFPel<\/td>\n<td style=\"text-align: center;width: 89px;height: 20px\">2018<\/td>\n<td style=\"text-align: center;width: 308px;height: 20px\"><a href=\"http:\/\/lattes.cnpq.br\/1979918064366570\">http:\/\/lattes.cnpq.br\/1979918064366570<\/a><\/td>\n<\/tr>\n<tr style=\"height: 20px\">\n<td style=\"text-align: center;width: 177px;height: 20px\">Nidria Dias Cruz<\/td>\n<td style=\"text-align: center;width: 242px;height: 20px\">Darci Gatto<\/td>\n<td style=\"text-align: center;width: 263px;height: 20px\">PPGCEM\/UFPel<\/td>\n<td style=\"text-align: center;width: 89px;height: 20px\">2019<\/td>\n<td style=\"text-align: center;width: 308px;height: 20px\"><a href=\"http:\/\/lattes.cnpq.br\/5895724003053249\">http:\/\/lattes.cnpq.br\/5895724003053249<\/a><\/td>\n<\/tr>\n<tr style=\"height: 43px\">\n<td style=\"text-align: center;width: 177px;height: 43px\">Sabrina Finatto Machado<\/td>\n<td style=\"text-align: center;width: 242px;height: 43px\">Darci Gatto e Rafael Beltrame<\/td>\n<td style=\"text-align: center;width: 263px;height: 43px\">PPGEF\/UFSM<\/td>\n<td style=\"text-align: center;width: 89px;height: 43px\">2016<\/td>\n<td style=\"text-align: center;width: 308px;height: 43px\"><a href=\"http:\/\/lattes.cnpq.br\/9093085385345840\">http:\/\/lattes.cnpq.br\/9093085385345840<\/a><\/td>\n<\/tr>\n<tr style=\"height: 43px\">\n<td style=\"text-align: center;width: 177px;height: 43px\">Vanessa Dummer Marques<\/td>\n<td style=\"text-align: center;width: 242px;height: 43px\">Darci Gatto<\/td>\n<td style=\"text-align: center;width: 263px;height: 43px\">PPGCEM\/UFPel<\/td>\n<td style=\"text-align: center;width: 89px;height: 43px\">2016<\/td>\n<td style=\"text-align: center;width: 308px;height: 43px\"><a href=\"http:\/\/lattes.cnpq.br\/5755479175123575\">http:\/\/lattes.cnpq.br\/5755479175123575<\/a><\/td>\n<\/tr>\n<tr style=\"height: 63px\">\n<td style=\"text-align: center;width: 1079px;height: 63px\" colspan=\"5\">\n<h4><strong>Mestrandos<\/strong><\/h4>\n<\/td>\n<\/tr>\n<tr style=\"height: 43px\">\n<td style=\"text-align: center;width: 177px;height: 43px\">Alencar Ibeiro de Oliveira<\/td>\n<td style=\"text-align: center;width: 242px;height: 43px\">Rafael Delucis<\/td>\n<td style=\"text-align: center;width: 263px;height: 43px\">PPGCEM\/UFPel<\/td>\n<td style=\"text-align: center;width: 89px;height: 43px\">2019<\/td>\n<td style=\"text-align: center;width: 308px;height: 43px\"><a href=\"http:\/\/lattes.cnpq.br\/1652190704246171\">http:\/\/lattes.cnpq.br\/1652190704246171<\/a><\/td>\n<\/tr>\n<tr style=\"height: 43px\">\n<td style=\"text-align: center;width: 177px;height: 43px\">Andrey Pereira Acosta<\/td>\n<td style=\"text-align: center;width: 242px;height: 43px\">Darci Gatto e Rafael Delucis<\/td>\n<td style=\"text-align: center;width: 263px;height: 43px\">PPGCEM\/UFPel<\/td>\n<td style=\"text-align: center;width: 89px;height: 43px\">2019<\/td>\n<td style=\"text-align: center;width: 308px;height: 43px\"><a href=\"http:\/\/lattes.cnpq.br\/8664793478556596\">http:\/\/lattes.cnpq.br\/8664793478556596<\/a><\/td>\n<\/tr>\n<tr style=\"height: 43px\">\n<td style=\"text-align: center;width: 177px;height: 43px\">Arthur Baumhardt Guidoti<\/td>\n<td style=\"text-align: center;width: 242px;height: 43px\">Rafael Delucis e Maikson Tonatto<\/td>\n<td style=\"text-align: center;width: 263px;height: 43px\">PPGCEM\/UFPel<\/td>\n<td style=\"text-align: center;width: 89px;height: 43px\">2020<\/td>\n<td style=\"text-align: center;width: 308px;height: 43px\"><a href=\"http:\/\/lattes.cnpq.br\/8120621215773245\">http:\/\/lattes.cnpq.br\/8120621215773245<\/a><\/td>\n<\/tr>\n<tr style=\"height: 43px\">\n<td style=\"text-align: center;width: 177px;height: 43px\">Arthur Behenck Aramburu<\/td>\n<td style=\"text-align: center;width: 242px;height: 43px\">Rafael Delucis e Guilherme Trindade<\/td>\n<td style=\"text-align: center;width: 263px;height: 43px\">PPGCEM\/UFPel<\/td>\n<td style=\"text-align: center;width: 89px;height: 43px\">2020<\/td>\n<td style=\"text-align: center;width: 308px;height: 43px\"><a href=\"http:\/\/lattes.cnpq.br\/3684932524455042\">http:\/\/lattes.cnpq.br\/3684932524455042<\/a><\/td>\n<\/tr>\n<tr style=\"height: 20px\">\n<td style=\"text-align: center;width: 177px;height: 20px\">Daiane Kath Dallmann<\/td>\n<td style=\"text-align: center;width: 242px;height: 20px\">Rafael Beltrame<\/td>\n<td style=\"text-align: center;width: 263px;height: 20px\">PPGCEM\/UFPel<\/td>\n<td style=\"text-align: center;width: 89px;height: 20px\">2018<\/td>\n<td style=\"text-align: center;width: 308px;height: 20px\"><a href=\"http:\/\/lattes.cnpq.br\/5296562263340120\">http:\/\/lattes.cnpq.br\/5296562263340120<\/a><\/td>\n<\/tr>\n<tr style=\"height: 43px\">\n<td style=\"text-align: center;width: 177px;height: 43px\">Fabiana Fernandes Laroque<\/td>\n<td style=\"text-align: center;width: 242px;height: 43px\">Rafael Beltrame<\/td>\n<td style=\"text-align: center;width: 263px;height: 43px\">PPGCAmb\/UFPel<\/td>\n<td style=\"text-align: center;width: 89px;height: 43px\">2019<\/td>\n<td style=\"text-align: center;width: 308px;height: 43px\"><a href=\"http:\/\/lattes.cnpq.br\/1075230036683200\">http:\/\/lattes.cnpq.br\/1075230036683200<\/a><\/td>\n<\/tr>\n<tr style=\"height: 43px\">\n<td style=\"text-align: center;width: 177px;height: 43px\">Guilherme Campelo Garcia<\/td>\n<td style=\"text-align: center;width: 242px;height: 43px\">Rafael Delucis<\/td>\n<td style=\"text-align: center;width: 263px;height: 43px\">PPGCEM\/UFPel<\/td>\n<td style=\"text-align: center;width: 89px;height: 43px\">2019<\/td>\n<td style=\"text-align: center;width: 308px;height: 43px\"><a href=\"http:\/\/lattes.cnpq.br\/4494533164747489\">http:\/\/lattes.cnpq.br\/4494533164747489<\/a><\/td>\n<\/tr>\n<tr style=\"height: 20px\">\n<td style=\"text-align: center;width: 177px;height: 20px\">Juliano Moreira Schuch<\/td>\n<td style=\"text-align: center;width: 242px;height: 20px\">Rafael Beltrame<\/td>\n<td style=\"text-align: center;width: 263px;height: 20px\">PPGCAmb\/UFPel<\/td>\n<td style=\"text-align: center;width: 89px;height: 20px\">2019<\/td>\n<td style=\"text-align: center;width: 308px;height: 20px\"><a href=\"http:\/\/lattes.cnpq.br\/0010239863065025\">http:\/\/lattes.cnpq.br\/0010239863065025<\/a><\/td>\n<\/tr>\n<tr style=\"height: 20px\">\n<td style=\"text-align: center;width: 177px;height: 20px\">Kelvin Techera Barbosa<\/td>\n<td style=\"text-align: center;width: 242px;height: 20px\">Rafael Beltrame<\/td>\n<td style=\"text-align: center;width: 263px;height: 20px\">PPGCEM\/UFPel<\/td>\n<td style=\"text-align: center;width: 89px;height: 20px\">2020<\/td>\n<td style=\"text-align: center;width: 308px;height: 20px\"><a href=\"http:\/\/lattes.cnpq.br\/0940807388856613\">http:\/\/lattes.cnpq.br\/0940807388856613<\/a><\/td>\n<\/tr>\n<tr style=\"height: 43px\">\n<td style=\"text-align: center;width: 177px;height: 43px\">Lucas Reinaldo Wachholz Romano<\/td>\n<td style=\"text-align: center;width: 242px;height: 43px\">Darci Gatto<\/td>\n<td style=\"text-align: center;width: 263px;height: 43px\">PPGCAmb\/UFPel<\/td>\n<td style=\"text-align: center;width: 89px;height: 43px\">2019<\/td>\n<td style=\"text-align: center;width: 308px;height: 43px\"><a href=\"http:\/\/lattes.cnpq.br\/8269462094766175\">http:\/\/lattes.cnpq.br\/8269462094766175<\/a><\/td>\n<\/tr>\n<tr style=\"height: 43px\">\n<td style=\"text-align: center;width: 177px;height: 43px\">Morgana Strelow de Almeida<\/td>\n<td style=\"text-align: center;width: 242px;height: 43px\">Rafael Delucis<\/td>\n<td style=\"text-align: center;width: 263px;height: 43px\">PPGCEM\/UFPel<\/td>\n<td style=\"text-align: center;width: 89px;height: 43px\">2019<\/td>\n<td style=\"text-align: center;width: 308px;height: 43px\"><a href=\"http:\/\/lattes.cnpq.br\/6761951882312735\">http:\/\/lattes.cnpq.br\/6761951882312735<\/a><\/td>\n<\/tr>\n<tr style=\"height: 20px\">\n<td style=\"text-align: center;width: 177px;height: 20px\">Raquel Le\u00e3o Santos<\/td>\n<td style=\"text-align: center;width: 242px;height: 20px\">Darci Gatto<\/td>\n<td style=\"text-align: center;width: 263px;height: 20px\">PPGCAmb\/UFPel<\/td>\n<td style=\"text-align: center;width: 89px;height: 20px\">2019<\/td>\n<td style=\"text-align: center;width: 308px;height: 20px\"><a href=\"http:\/\/lattes.cnpq.br\/9614236444242847\">http:\/\/lattes.cnpq.br\/9614236444242847<\/a><\/td>\n<\/tr>\n<tr style=\"height: 43px\">\n<td style=\"text-align: center;width: 177px;height: 43px\">T\u00e1bata Larissa Corr\u00eaa Peres<\/td>\n<td style=\"text-align: center;width: 242px;height: 43px\">Rafael Delucis e Mahbube Subhani<\/td>\n<td style=\"text-align: center;width: 263px;height: 43px\">PPGCEM\/UFPel<\/td>\n<td style=\"text-align: center;width: 89px;height: 43px\">2019<\/td>\n<td style=\"text-align: center;width: 308px;height: 43px\"><a href=\"http:\/\/lattes.cnpq.br\/9529436487113088\">http:\/\/lattes.cnpq.br\/9529436487113088<\/a><\/td>\n<\/tr>\n<tr style=\"height: 43px\">\n<td style=\"text-align: center;width: 177px;height: 43px\">Thales Castilhos de Freitas<\/td>\n<td style=\"text-align: center;width: 242px;height: 43px\">Rafael Beltrame<\/td>\n<td style=\"text-align: center;width: 263px;height: 43px\">PPGCAmb\/UFPel<\/td>\n<td style=\"text-align: center;width: 89px;height: 43px\">2019<\/td>\n<td style=\"text-align: center;width: 308px;height: 43px\"><a href=\"http:\/\/lattes.cnpq.br\/3410555414041513\">http:\/\/lattes.cnpq.br\/3410555414041513<\/a><\/td>\n<\/tr>\n<tr style=\"height: 63px\">\n<td style=\"text-align: center;width: 1079px;height: 63px\" colspan=\"5\">\n<h4><strong>Inicia\u00e7\u00e3o Cient\u00edfica<\/strong><\/h4>\n<\/td>\n<\/tr>\n<tr style=\"height: 20px\">\n<td style=\"text-align: center;width: 177px;height: 20px\">Diemis Melo Schneider<\/td>\n<td style=\"text-align: center;width: 242px;height: 20px\">Rafael Delucis<\/td>\n<td style=\"text-align: center;width: 263px;height: 20px\">Engenharia Civil\/CNPq<\/td>\n<td style=\"text-align: center;width: 89px;height: 20px\">2020<\/td>\n<td style=\"text-align: center;width: 308px;height: 20px\"><a href=\"http:\/\/lattes.cnpq.br\/1684516484856819\">http:\/\/lattes.cnpq.br\/1684516484856819<\/a><\/td>\n<\/tr>\n<tr style=\"height: 43px\">\n<td style=\"text-align: center;width: 177px;height: 43px\">Henrique Vahl Ribeiro<\/td>\n<td style=\"text-align: center;width: 242px;height: 43px\">Rafael Beltrame<\/td>\n<td style=\"text-align: center;width: 263px;height: 43px\">Engenharia Industrial Madeireira\/FAPERGS<\/td>\n<td style=\"text-align: center;width: 89px;height: 43px\">2020<\/td>\n<td style=\"text-align: center;width: 308px;height: 43px\"><a href=\"http:\/\/lattes.cnpq.br\/8905806474638051\">http:\/\/lattes.cnpq.br\/8905806474638051<\/a><\/td>\n<\/tr>\n<tr style=\"height: 43px\">\n<td style=\"text-align: center;width: 177px;height: 43px\">Mirella Martins Ferr\u00e3o<\/td>\n<td style=\"text-align: center;width: 242px;height: 43px\">Rafael Beltrame<\/td>\n<td style=\"text-align: center;width: 263px;height: 43px\">Engenharia Industrial Madeireira\/CNPq<\/td>\n<td style=\"text-align: center;width: 89px;height: 43px\">2020<\/td>\n<td style=\"text-align: center;width: 308px;height: 43px\"><a href=\"http:\/\/lattes.cnpq.br\/4386510983978494\">http:\/\/lattes.cnpq.br\/4386510983978494<\/a><\/td>\n<\/tr>\n<\/tbody>\n<\/table>\n<p>&nbsp;<\/p>\n","protected":false},"excerpt":{"rendered":"<p>Nome Orientador Curso Ingresso Link para o CV Doutorandos Camila Berger Darci Gatto PPGEF\/UFSM 2018 http:\/\/lattes.cnpq.br\/0669824174133893 D\u00e9bora Duarte Ribes Rafael Beltrame PPGCEM\/UFPel 2017 http:\/\/lattes.cnpq.br\/8330231195835120 Francisco Jos\u00e9 von Ameln Luzzardi Rafael Delucis PPGCEM\/UFPel 2019 http:\/\/lattes.cnpq.br\/9399312228797322 Leandro Gularte Blois Rafael Beltrame e&#8230; <a class=\"more-link\" href=\"https:\/\/wp.ufpel.edu.br\/laboratoriodepropriedadesdamadeira\/regimento-interno\/\">Continue lendo &rarr;<\/a><\/p>\n","protected":false},"author":729,"featured_media":0,"parent":0,"menu_order":2,"comment_status":"closed","ping_status":"closed","template":"","meta":{"footnotes":""},"class_list":["post-604","page","type-page","status-publish","hentry"],"_links":{"self":[{"href":"https:\/\/wp.ufpel.edu.br\/laboratoriodepropriedadesdamadeira\/wp-json\/wp\/v2\/pages\/604","targetHints":{"allow":["GET"]}}],"collection":[{"href":"https:\/\/wp.ufpel.edu.br\/laboratoriodepropriedadesdamadeira\/wp-json\/wp\/v2\/pages"}],"about":[{"href":"https:\/\/wp.ufpel.edu.br\/laboratoriodepropriedadesdamadeira\/wp-json\/wp\/v2\/types\/page"}],"author":[{"embeddable":true,"href":"https:\/\/wp.ufpel.edu.br\/laboratoriodepropriedadesdamadeira\/wp-json\/wp\/v2\/users\/729"}],"replies":[{"embeddable":true,"href":"https:\/\/wp.ufpel.edu.br\/laboratoriodepropriedadesdamadeira\/wp-json\/wp\/v2\/comments?post=604"}],"version-history":[{"count":16,"href":"https:\/\/wp.ufpel.edu.br\/laboratoriodepropriedadesdamadeira\/wp-json\/wp\/v2\/pages\/604\/revisions"}],"predecessor-version":[{"id":1080,"href":"https:\/\/wp.ufpel.edu.br\/laboratoriodepropriedadesdamadeira\/wp-json\/wp\/v2\/pages\/604\/revisions\/1080"}],"wp:attachment":[{"href":"https:\/\/wp.ufpel.edu.br\/laboratoriodepropriedadesdamadeira\/wp-json\/wp\/v2\/media?parent=604"}],"curies":[{"name":"wp","href":"https:\/\/api.w.org\/{rel}","templated":true}]}}