{"id":232,"date":"2017-03-27T08:15:54","date_gmt":"2017-03-27T11:15:54","guid":{"rendered":"https:\/\/wp.ufpel.edu.br\/laboratoriodepropriedadesdamadeira\/?page_id=232"},"modified":"2022-06-30T14:33:48","modified_gmt":"2022-06-30T17:33:48","slug":"laboratorio-de-anatomia","status":"publish","type":"page","link":"https:\/\/wp.ufpel.edu.br\/laboratoriodepropriedadesdamadeira\/infraestrutura\/laboratorio-de-anatomia\/","title":{"rendered":"Laborat\u00f3rio de Anatomia da Madeira"},"content":{"rendered":"<p><span class=\"style1\">O Laborat\u00f3rio de Anatomia da Madeira <\/span><span class=\"style1\">disponibiliza estrutura e tecnologias essenciais para alunos de gradua\u00e7\u00e3o e p\u00f3s-gradua\u00e7\u00e3o desenvolverem suas pesquisas relacionadas \u00e0 descri\u00e7\u00e3o e identifica\u00e7\u00e3o de esp\u00e9cies florestais, bem como cursos e aulas pr\u00e1ticas.<\/span><\/p>\n<p>Equipamentos: micr\u00f3tomo, lupa (10X), microsc\u00f3pio \u00f3ptico com c\u00e2mera acoplada (100x), l\u00e2minas, l\u00e2minulas, vidrarias, balan\u00e7a anal\u00edtica e reagentes qu\u00edmicos para produ\u00e7\u00e3o das l\u00e2minas anat\u00f4micas.<\/p>\n<p>&nbsp;<\/p>\n<p>Ap\u00f3s agendamento confirmado,\u00a0verificar (neste menu: Infraestrutura) em qual local ou laborat\u00f3rio o equipamento se encontra e, ent\u00e3o entrar em contato com seu respectivo respons\u00e1vel.<\/p>\n<p>Este ter\u00e1 obriga\u00e7\u00e3o de operar ou disponibilizar a chave e\/ou equipamento, dependendo do caso.<\/p>\n<p>&nbsp;<\/p>\n<p>&nbsp;<\/p>\n","protected":false},"excerpt":{"rendered":"<p>O Laborat\u00f3rio de Anatomia da Madeira disponibiliza estrutura e tecnologias essenciais para alunos de gradua\u00e7\u00e3o e p\u00f3s-gradua\u00e7\u00e3o desenvolverem suas pesquisas relacionadas \u00e0 descri\u00e7\u00e3o e identifica\u00e7\u00e3o de esp\u00e9cies florestais, bem como cursos e aulas pr\u00e1ticas. Equipamentos: micr\u00f3tomo, lupa (10X), microsc\u00f3pio \u00f3ptico&#8230; <a class=\"more-link\" href=\"https:\/\/wp.ufpel.edu.br\/laboratoriodepropriedadesdamadeira\/infraestrutura\/laboratorio-de-anatomia\/\">Continue lendo &rarr;<\/a><\/p>\n","protected":false},"author":729,"featured_media":0,"parent":79,"menu_order":0,"comment_status":"closed","ping_status":"closed","template":"","meta":{"footnotes":""},"class_list":["post-232","page","type-page","status-publish","hentry"],"_links":{"self":[{"href":"https:\/\/wp.ufpel.edu.br\/laboratoriodepropriedadesdamadeira\/wp-json\/wp\/v2\/pages\/232","targetHints":{"allow":["GET"]}}],"collection":[{"href":"https:\/\/wp.ufpel.edu.br\/laboratoriodepropriedadesdamadeira\/wp-json\/wp\/v2\/pages"}],"about":[{"href":"https:\/\/wp.ufpel.edu.br\/laboratoriodepropriedadesdamadeira\/wp-json\/wp\/v2\/types\/page"}],"author":[{"embeddable":true,"href":"https:\/\/wp.ufpel.edu.br\/laboratoriodepropriedadesdamadeira\/wp-json\/wp\/v2\/users\/729"}],"replies":[{"embeddable":true,"href":"https:\/\/wp.ufpel.edu.br\/laboratoriodepropriedadesdamadeira\/wp-json\/wp\/v2\/comments?post=232"}],"version-history":[{"count":7,"href":"https:\/\/wp.ufpel.edu.br\/laboratoriodepropriedadesdamadeira\/wp-json\/wp\/v2\/pages\/232\/revisions"}],"predecessor-version":[{"id":1184,"href":"https:\/\/wp.ufpel.edu.br\/laboratoriodepropriedadesdamadeira\/wp-json\/wp\/v2\/pages\/232\/revisions\/1184"}],"up":[{"embeddable":true,"href":"https:\/\/wp.ufpel.edu.br\/laboratoriodepropriedadesdamadeira\/wp-json\/wp\/v2\/pages\/79"}],"wp:attachment":[{"href":"https:\/\/wp.ufpel.edu.br\/laboratoriodepropriedadesdamadeira\/wp-json\/wp\/v2\/media?parent=232"}],"curies":[{"name":"wp","href":"https:\/\/api.w.org\/{rel}","templated":true}]}}