{"id":211,"date":"2017-03-26T22:42:22","date_gmt":"2017-03-27T01:42:22","guid":{"rendered":"https:\/\/wp.ufpel.edu.br\/laboratoriodepropriedadesdamadeira\/?page_id=211"},"modified":"2022-06-30T14:22:40","modified_gmt":"2022-06-30T17:22:40","slug":"colorimetro","status":"publish","type":"page","link":"https:\/\/wp.ufpel.edu.br\/laboratoriodepropriedadesdamadeira\/agendamento\/colorimetro\/","title":{"rendered":"Color\u00edmetro"},"content":{"rendered":"<p>Solicite agendamento deste equipamento pelos dois e-mails seguintes: <a href=\"mailto:silviahfuente@hotmail.com\">silviahfuente@hotmail.com<\/a> ; <a href=\"mailto:carenwilsen@hotmail.com\">carenwilsen@hotmail.com<\/a> ;<\/p>\n<p>Acompanhe o seu agendamento pelo site:\u00a0[<a href=\"https:\/\/calendar.google.com\/calendar\/embed?src=0qf6f7anaceahntjtfueppenqo%40group.calendar.google.com&amp;ctz=America%2FSao_Paulo\" target=\"_blank\" rel=\"noopener noreferrer\">Color\u00edmetro<\/a>]<\/p>\n<p><strong>ATEN\u00c7\u00c3O: Ser\u00e3o aceitos agendamentos com dois dias de anteced\u00eancia. Ap\u00f3s obter o agendamento entre em contato com o operador do equipamento, disponibilizado no menu Infraestrutura!<\/strong><\/p>\n","protected":false},"excerpt":{"rendered":"<p>Solicite agendamento deste equipamento pelos dois e-mails seguintes: silviahfuente@hotmail.com ; carenwilsen@hotmail.com ; Acompanhe o seu agendamento pelo site:\u00a0[Color\u00edmetro] ATEN\u00c7\u00c3O: Ser\u00e3o aceitos agendamentos com dois dias de anteced\u00eancia. Ap\u00f3s obter o agendamento entre em contato com o operador do equipamento, disponibilizado&#8230; <a class=\"more-link\" href=\"https:\/\/wp.ufpel.edu.br\/laboratoriodepropriedadesdamadeira\/agendamento\/colorimetro\/\">Continue lendo &rarr;<\/a><\/p>\n","protected":false},"author":729,"featured_media":0,"parent":91,"menu_order":6,"comment_status":"closed","ping_status":"closed","template":"","meta":{"footnotes":""},"class_list":["post-211","page","type-page","status-publish","hentry"],"_links":{"self":[{"href":"https:\/\/wp.ufpel.edu.br\/laboratoriodepropriedadesdamadeira\/wp-json\/wp\/v2\/pages\/211","targetHints":{"allow":["GET"]}}],"collection":[{"href":"https:\/\/wp.ufpel.edu.br\/laboratoriodepropriedadesdamadeira\/wp-json\/wp\/v2\/pages"}],"about":[{"href":"https:\/\/wp.ufpel.edu.br\/laboratoriodepropriedadesdamadeira\/wp-json\/wp\/v2\/types\/page"}],"author":[{"embeddable":true,"href":"https:\/\/wp.ufpel.edu.br\/laboratoriodepropriedadesdamadeira\/wp-json\/wp\/v2\/users\/729"}],"replies":[{"embeddable":true,"href":"https:\/\/wp.ufpel.edu.br\/laboratoriodepropriedadesdamadeira\/wp-json\/wp\/v2\/comments?post=211"}],"version-history":[{"count":15,"href":"https:\/\/wp.ufpel.edu.br\/laboratoriodepropriedadesdamadeira\/wp-json\/wp\/v2\/pages\/211\/revisions"}],"predecessor-version":[{"id":1171,"href":"https:\/\/wp.ufpel.edu.br\/laboratoriodepropriedadesdamadeira\/wp-json\/wp\/v2\/pages\/211\/revisions\/1171"}],"up":[{"embeddable":true,"href":"https:\/\/wp.ufpel.edu.br\/laboratoriodepropriedadesdamadeira\/wp-json\/wp\/v2\/pages\/91"}],"wp:attachment":[{"href":"https:\/\/wp.ufpel.edu.br\/laboratoriodepropriedadesdamadeira\/wp-json\/wp\/v2\/media?parent=211"}],"curies":[{"name":"wp","href":"https:\/\/api.w.org\/{rel}","templated":true}]}}

Colorímetro

<p>Solicite agendamento deste equipamento pelos dois e-mails seguintes: <a href="mailto:silviahfuente@hotmail.com">silviahfuente@hotmail.com</a> ; <a href="mailto:carenwilsen@hotmail.com">carenwilsen@hotmail.com</a> ;</p>
<p>Acompanhe o seu agendamento pelo site: [<a href="https://calendar.google.com/calendar/embed?src=0qf6f7anaceahntjtfueppenqo%40group.calendar.google.com&amp;ctz=America%2FSao_Paulo" target="_blank" rel="noopener noreferrer">Colorímetro</a>]</p>
<p><strong>ATENÇÃO: Serão aceitos agendamentos com dois dias de antecedência. Após obter o agendamento entre em contato com o operador do equipamento, disponibilizado no menu Infraestrutura!</strong></p>

<p>Solicite agendamento deste equipamento pelos dois e-mails seguintes: silviahfuente@hotmail.com ; carenwilsen@hotmail.com ; Acompanhe o seu agendamento pelo site: [Colorímetro] ATENÇÃO: Serão aceitos agendamentos com dois dias de antecedência. Após obter o agendamento entre em contato com o operador do equipamento, disponibilizado&#8230; <a class="more-link" href="https://wp.ufpel.edu.br/laboratoriodepropriedadesdamadeira/agendamento/colorimetro/">Continue lendo &rarr;</a></p>
