{"id":168,"date":"2023-05-31T14:49:15","date_gmt":"2023-05-31T17:49:15","guid":{"rendered":"https:\/\/wp.ufpel.edu.br\/labnema\/?page_id=168"},"modified":"2023-05-31T14:49:15","modified_gmt":"2023-05-31T17:49:15","slug":"egressos","status":"publish","type":"page","link":"https:\/\/wp.ufpel.edu.br\/labnema\/bem-vindo-ao-site-do-laboratorio-de-nematologia-da-universidade-federal-de-pelotas-nosso-realiza-trabalho-com-nematoides-parasitos-de-plantas-nas-mais-diversas-culturas-de-interesse-economico-princi\/pessoas\/discentes\/egressos\/","title":{"rendered":"Egressos"},"content":{"rendered":"<p><strong>Fabr\u00edcio Mazzarolo Seger<\/strong><\/p>\n<p>&nbsp;<\/p>\n<p><strong>Luis Alejandro Y\u00e1nez M\u00e1rquez<\/strong><\/p>\n<p><img class=\"alignnone size-full wp-image-130\" src=\"https:\/\/wp.ufpel.edu.br\/labnema\/files\/2017\/10\/alejandro.png\" alt=\"\" width=\"214\" height=\"205\" \/><\/p>\n<p style=\"text-align: justify;\">Mestrando em Fitossanidade pela Universidade Federal de Pelotas, Engenheiro Agr\u00f4noma pela Universidade Estatal de Bol\u00edvar (UEB), Campus Caluma 2016\/2. Durante a gradua\u00e7\u00e3o participou ativamente de projetos de pesquisa, onde foi estagi\u00e1rio da Unidade de Meio Ambiente do Governo Aut\u00f4nomo Decentralizado do Cant\u00e3o Caluma (GADC), de fevereiro 2014 a mar\u00e7o de 2014, atuando em programas de refloresta\u00e7\u00e3o e controle ambiental. Ganho o reconhecimento l\u00edderes do futuro Guaranda 2015. Participou como volunt\u00e1rio de diversos projetos de pesquisa na Universidade Estatal de Bol\u00edvar (UEB), no ano de 2016. Realizou est\u00e1gio final obrigat\u00f3rio no laborat\u00f3rio de microbiologia da Universidade Estatal de Bol\u00edvar (UEB), matriz Guaranda 2016\/2 e 2017\/1, sob supervis\u00e3o do professor Washington Donato Ortiz.<strong>, <\/strong>trabalhando com controle biol\u00f3gico de plagas da cultura do caf\u00e9 a partir de isolamentos de fungos e com potencial para biocontrole.<\/p>\n","protected":false},"excerpt":{"rendered":"<p>Fabr\u00edcio Mazzarolo Seger &nbsp; Luis Alejandro Y\u00e1nez M\u00e1rquez Mestrando em Fitossanidade pela Universidade Federal de Pelotas, Engenheiro Agr\u00f4noma pela Universidade Estatal de Bol\u00edvar (UEB), Campus Caluma 2016\/2. Durante a gradua\u00e7\u00e3o participou ativamente de projetos de pesquisa, onde foi estagi\u00e1rio da Unidade de Meio Ambiente do Governo Aut\u00f4nomo Decentralizado do Cant\u00e3o Caluma (GADC), de fevereiro 2014 [&hellip;]<\/p>\n","protected":false},"author":677,"featured_media":0,"parent":78,"menu_order":0,"comment_status":"closed","ping_status":"closed","template":"","meta":{"footnotes":""},"class_list":["post-168","page","type-page","status-publish","hentry"],"_links":{"self":[{"href":"https:\/\/wp.ufpel.edu.br\/labnema\/wp-json\/wp\/v2\/pages\/168","targetHints":{"allow":["GET"]}}],"collection":[{"href":"https:\/\/wp.ufpel.edu.br\/labnema\/wp-json\/wp\/v2\/pages"}],"about":[{"href":"https:\/\/wp.ufpel.edu.br\/labnema\/wp-json\/wp\/v2\/types\/page"}],"author":[{"embeddable":true,"href":"https:\/\/wp.ufpel.edu.br\/labnema\/wp-json\/wp\/v2\/users\/677"}],"replies":[{"embeddable":true,"href":"https:\/\/wp.ufpel.edu.br\/labnema\/wp-json\/wp\/v2\/comments?post=168"}],"version-history":[{"count":1,"href":"https:\/\/wp.ufpel.edu.br\/labnema\/wp-json\/wp\/v2\/pages\/168\/revisions"}],"predecessor-version":[{"id":170,"href":"https:\/\/wp.ufpel.edu.br\/labnema\/wp-json\/wp\/v2\/pages\/168\/revisions\/170"}],"up":[{"embeddable":true,"href":"https:\/\/wp.ufpel.edu.br\/labnema\/wp-json\/wp\/v2\/pages\/78"}],"wp:attachment":[{"href":"https:\/\/wp.ufpel.edu.br\/labnema\/wp-json\/wp\/v2\/media?parent=168"}],"curies":[{"name":"wp","href":"https:\/\/api.w.org\/{rel}","templated":true}]}}