{"id":45,"date":"2025-06-27T12:51:43","date_gmt":"2025-06-27T15:51:43","guid":{"rendered":"https:\/\/wp.ufpel.edu.br\/labmicroo\/?page_id=45"},"modified":"2025-06-27T13:17:31","modified_gmt":"2025-06-27T16:17:31","slug":"atividades-realizadas","status":"publish","type":"page","link":"https:\/\/wp.ufpel.edu.br\/labmicroo\/atividades-realizadas\/","title":{"rendered":"Atividades realizadas"},"content":{"rendered":"<p>ATIVIDADES DE EXTENS\u00c3O:<\/p>\n<p>No dia 15\/05\/25 bolsistas do projeto realizaram uma oficina de treinamento em primeiros socorros para os colaboradores da Universidade Cat\u00f3lica de Pelotas, com treinamento em:<\/p>\n<ul>\n<li>Uso do DEA (Desfibrilador externo autom\u00e1tico)<\/li>\n<li>Manobra de RCP (ressuscita\u00e7\u00e3o cardiopulmonar)<\/li>\n<\/ul>\n<p><a href=\"https:\/\/wp.ufpel.edu.br\/labmicroo\/files\/2025\/06\/PHOTO-2025-06-27-12-59-58.jpg\"><img class=\"alignnone wp-image-49\" src=\"https:\/\/wp.ufpel.edu.br\/labmicroo\/files\/2025\/06\/PHOTO-2025-06-27-12-59-58-300x400.jpg\" alt=\"\" width=\"230\" height=\"307\" srcset=\"https:\/\/wp.ufpel.edu.br\/labmicroo\/files\/2025\/06\/PHOTO-2025-06-27-12-59-58-300x400.jpg 300w, https:\/\/wp.ufpel.edu.br\/labmicroo\/files\/2025\/06\/PHOTO-2025-06-27-12-59-58-768x1024.jpg 768w, https:\/\/wp.ufpel.edu.br\/labmicroo\/files\/2025\/06\/PHOTO-2025-06-27-12-59-58-1152x1536.jpg 1152w, https:\/\/wp.ufpel.edu.br\/labmicroo\/files\/2025\/06\/PHOTO-2025-06-27-12-59-58.jpg 1200w\" sizes=\"(max-width: 230px) 100vw, 230px\" \/><\/a> <a href=\"https:\/\/wp.ufpel.edu.br\/labmicroo\/files\/2025\/06\/PHOTO-2025-06-27-12-59-57.jpg\"><img class=\"alignnone wp-image-50\" src=\"https:\/\/wp.ufpel.edu.br\/labmicroo\/files\/2025\/06\/PHOTO-2025-06-27-12-59-57-300x400.jpg\" alt=\"\" width=\"231\" height=\"308\" srcset=\"https:\/\/wp.ufpel.edu.br\/labmicroo\/files\/2025\/06\/PHOTO-2025-06-27-12-59-57-300x400.jpg 300w, https:\/\/wp.ufpel.edu.br\/labmicroo\/files\/2025\/06\/PHOTO-2025-06-27-12-59-57-768x1024.jpg 768w, https:\/\/wp.ufpel.edu.br\/labmicroo\/files\/2025\/06\/PHOTO-2025-06-27-12-59-57.jpg 960w\" sizes=\"(max-width: 231px) 100vw, 231px\" \/><\/a><\/p>\n","protected":false},"excerpt":{"rendered":"<p>ATIVIDADES DE EXTENS\u00c3O: No dia 15\/05\/25 bolsistas do projeto realizaram uma oficina de treinamento em primeiros socorros para os colaboradores da Universidade Cat\u00f3lica de Pelotas, com treinamento em: Uso do DEA (Desfibrilador externo autom\u00e1tico) Manobra de RCP (ressuscita\u00e7\u00e3o cardiopulmonar)<\/p>\n","protected":false},"author":1092,"featured_media":0,"parent":0,"menu_order":0,"comment_status":"closed","ping_status":"closed","template":"","meta":{"footnotes":""},"class_list":["post-45","page","type-page","status-publish","hentry"],"_links":{"self":[{"href":"https:\/\/wp.ufpel.edu.br\/labmicroo\/wp-json\/wp\/v2\/pages\/45","targetHints":{"allow":["GET"]}}],"collection":[{"href":"https:\/\/wp.ufpel.edu.br\/labmicroo\/wp-json\/wp\/v2\/pages"}],"about":[{"href":"https:\/\/wp.ufpel.edu.br\/labmicroo\/wp-json\/wp\/v2\/types\/page"}],"author":[{"embeddable":true,"href":"https:\/\/wp.ufpel.edu.br\/labmicroo\/wp-json\/wp\/v2\/users\/1092"}],"replies":[{"embeddable":true,"href":"https:\/\/wp.ufpel.edu.br\/labmicroo\/wp-json\/wp\/v2\/comments?post=45"}],"version-history":[{"count":3,"href":"https:\/\/wp.ufpel.edu.br\/labmicroo\/wp-json\/wp\/v2\/pages\/45\/revisions"}],"predecessor-version":[{"id":52,"href":"https:\/\/wp.ufpel.edu.br\/labmicroo\/wp-json\/wp\/v2\/pages\/45\/revisions\/52"}],"wp:attachment":[{"href":"https:\/\/wp.ufpel.edu.br\/labmicroo\/wp-json\/wp\/v2\/media?parent=45"}],"curies":[{"name":"wp","href":"https:\/\/api.w.org\/{rel}","templated":true}]}}