{"id":95,"date":"2011-10-20T19:31:34","date_gmt":"2011-10-20T22:31:34","guid":{"rendered":"https:\/\/wp.ufpel.edu.br\/labmequi\/"},"modified":"2021-07-23T19:31:41","modified_gmt":"2021-07-23T22:31:41","slug":"anderson-schwingel-ribeiro","status":"publish","type":"page","link":"https:\/\/wp.ufpel.edu.br\/labmequi\/docentes\/anderson-schwingel-ribeiro\/","title":{"rendered":"Anderson Schwingel Ribeiro"},"content":{"rendered":"<p style=\"text-align: justify\"><a href=\"https:\/\/wp.ufpel.edu.br\/labmequi\/files\/2011\/10\/imagem-01.jpg\"><img class=\"alignleft size-full wp-image-215\" src=\"https:\/\/wp.ufpel.edu.br\/labmequi\/files\/2011\/10\/imagem-01.jpg\" alt=\"\" width=\"169\" height=\"112\" \/><\/a><\/p>\n<p style=\"text-align: justify\"><span style=\"color: #000000\">Professor Associado 3 da Universidade Federal de Pelotas, Secret\u00e1rio Regional (RS) da Sociedade Brasileira de Qu\u00edmica, membro do Instituto Nacional de Ci\u00eancias e Tecnologias Anal\u00edticas Avan\u00e7adas (INCTAA) e do Grupo de Avaliadores de Educa\u00e7\u00e3o Superior do INEP\/MEC. Possui gradua\u00e7\u00e3o em Qu\u00edmica Bacharelado pela UEM, Mestrado em Qu\u00edmica Anal\u00edtica pela UFSC, Doutorado em Qu\u00edmica Anal\u00edtica pela UNICAMP, P\u00f3s-Doutorado em Qu\u00edmica Anal\u00edtica pela UFSC, NRC do Canad\u00e1 e pela PUC-Rio. \u00c9 professor na \u00e1rea de Qu\u00edmica Anal\u00edtica em n\u00edveis de Gradua\u00e7\u00e3o e P\u00f3s-Gradua\u00e7\u00e3o, atuando nas linhas de pesquisa de preparo de amostras, an\u00e1lise de alimentos, instrumenta\u00e7\u00e3o, gera\u00e7\u00e3o de vapor, espectrometria at\u00f4mica e metrologia qu\u00edmica.<\/span><\/p>\n<p>Email: andersonsch@hotmail.com<\/p>\n<p><a href=\"http:\/\/lattes.cnpq.br\/2041807074893443\"><img class=\"aligncenter wp-image-1322\" src=\"https:\/\/wp.ufpel.edu.br\/labmequi\/files\/2021\/07\/lattes.jpg\" alt=\"\" width=\"160\" height=\"160\" srcset=\"https:\/\/wp.ufpel.edu.br\/labmequi\/files\/2021\/07\/lattes.jpg 345w, https:\/\/wp.ufpel.edu.br\/labmequi\/files\/2021\/07\/lattes-200x200.jpg 200w\" sizes=\"(max-width: 160px) 100vw, 160px\" \/><\/a><\/p>\n","protected":false},"excerpt":{"rendered":"<p>Professor Associado 3 da Universidade Federal de Pelotas, Secret\u00e1rio Regional (RS) da Sociedade Brasileira de Qu\u00edmica, membro do Instituto Nacional de Ci\u00eancias e Tecnologias Anal\u00edticas Avan\u00e7adas (INCTAA) e do Grupo de Avaliadores de Educa\u00e7\u00e3o Superior do INEP\/MEC. Possui gradua\u00e7\u00e3o em Qu\u00edmica Bacharelado pela UEM, Mestrado em Qu\u00edmica Anal\u00edtica pela UFSC, Doutorado em Qu\u00edmica Anal\u00edtica pela [&hellip;]<\/p>\n","protected":false},"author":113,"featured_media":0,"parent":1105,"menu_order":0,"comment_status":"closed","ping_status":"closed","template":"","meta":{"footnotes":""},"class_list":["post-95","page","type-page","status-publish","hentry"],"_links":{"self":[{"href":"https:\/\/wp.ufpel.edu.br\/labmequi\/wp-json\/wp\/v2\/pages\/95","targetHints":{"allow":["GET"]}}],"collection":[{"href":"https:\/\/wp.ufpel.edu.br\/labmequi\/wp-json\/wp\/v2\/pages"}],"about":[{"href":"https:\/\/wp.ufpel.edu.br\/labmequi\/wp-json\/wp\/v2\/types\/page"}],"author":[{"embeddable":true,"href":"https:\/\/wp.ufpel.edu.br\/labmequi\/wp-json\/wp\/v2\/users\/113"}],"replies":[{"embeddable":true,"href":"https:\/\/wp.ufpel.edu.br\/labmequi\/wp-json\/wp\/v2\/comments?post=95"}],"version-history":[{"count":38,"href":"https:\/\/wp.ufpel.edu.br\/labmequi\/wp-json\/wp\/v2\/pages\/95\/revisions"}],"predecessor-version":[{"id":1325,"href":"https:\/\/wp.ufpel.edu.br\/labmequi\/wp-json\/wp\/v2\/pages\/95\/revisions\/1325"}],"up":[{"embeddable":true,"href":"https:\/\/wp.ufpel.edu.br\/labmequi\/wp-json\/wp\/v2\/pages\/1105"}],"wp:attachment":[{"href":"https:\/\/wp.ufpel.edu.br\/labmequi\/wp-json\/wp\/v2\/media?parent=95"}],"curies":[{"name":"wp","href":"https:\/\/api.w.org\/{rel}","templated":true}]}}