{"id":78,"date":"2011-10-20T18:54:47","date_gmt":"2011-10-20T21:54:47","guid":{"rendered":"https:\/\/wp.ufpel.edu.br\/labmequi\/"},"modified":"2021-07-23T17:46:22","modified_gmt":"2021-07-23T20:46:22","slug":"publicacoes","status":"publish","type":"page","link":"https:\/\/wp.ufpel.edu.br\/labmequi\/publicacoes\/","title":{"rendered":"Produ\u00e7\u00e3o Cient\u00edfica"},"content":{"rendered":"<h3 style=\"text-align: center\">P\u00e1gina destinada a divulga\u00e7\u00e3o dos\u00a0\u00faltimos\u00a0trabalhos\u00a0cient\u00edficos\u00a0publicados pelo grupo de pesquisa LabMeQui<\/h3>\n<p style=\"text-align: center\">\u00a0<span style=\"color: #0000ff\">_____________________________________________________<\/span><\/p>\n<p>&nbsp;<\/p>\n<h3 class=\"capsule__title fixpadv--m\"><span style=\"font-size: 14pt\"><a href=\"https:\/\/pubs.rsc.org\/en\/content\/articlelanding\/2012\/ja\/c2ja10281a\/unauth#!divAbstract\"><span style=\"color: #993300\">Determination of mercury in ethanol biofuel by photochemical vapor generation<\/span><\/a><\/span><\/h3>\n<p><span class=\"article__author-link\">Caroline Santos da Silva, Eli\u00e9zer Quadro Oreste, Adriane Medeiros Nunes, Mariana Antunes Vieira and Anderson Schwingel Ribeiro. <\/span><\/p>\n<div><span style=\"color: #ffffff\">.<\/span><\/div>\n<div>DA SILVA, Caroline Santos et al. Determination of mercury in ethanol biofuel by photochemical vapor generation. <b>Journal of Analytical Atomic Spectrometry<\/b>, v. 27, n. 4, p. 689-694, 2012.<\/div>\n<div><span style=\"color: #ffffff\">.<\/span><\/div>\n<div>DOI: <a href=\"https:\/\/doi.org\/10.1039\/C2JA10281A\">https:\/\/doi.org\/10.1039\/C2JA10281A<\/a><\/div>\n<p>______________________________________________________________________________________________<\/p>\n<table border=\"0\">\n<tbody>\n<tr>\n<td>\n<h2 class=\"capsule__title fixpadv--m\"><a href=\"https:\/\/pubs.rsc.org\/en\/content\/articlelanding\/2012\/ja\/c2ja10281a\/unauth#!divAbstract\"><span style=\"font-size: 14pt\">Determination of mercury in ethanol biofuel by photochemical vapor generation<\/span><\/a><\/h2>\n<div class=\"article__authors\"><span class=\"article__author-link\">Caroline Santos da Silva, Eli\u00e9zer Quadro Oreste, Adriane Medeiros Nunes, Mariana Antunes Vieira and Anderson Schwingel Ribeiro.<br \/>\n<\/span><\/div>\n<div><\/div>\n<div><\/div>\n<div>Refer\u00eancia ABNT:<\/div>\n<div>DA SILVA, Caroline Santos et al. Determination of mercury in ethanol biofuel by photochemical vapor generation. <b>Journal of Analytical Atomic Spectrometry<\/b>, v. 27, n. 4, p. 689-694, 2012. <span style=\"color: #000000\">(<span style=\"color: #3366ff\"><a href=\"http:\/\/pubs.rsc.org\/en\/Content\/ArticleLanding\/2012\/JA\/c2ja10281a\" target=\"_blank\" rel=\"noopener\"><span style=\"color: #3366ff\">Link<\/span><\/a><\/span>)<\/span><\/div>\n<p style=\"text-align: center\"><span style=\"color: #ff0000\">_____________________________________________________<\/span><\/p>\n<\/td>\n<\/tr>\n<tr>\n<td style=\"text-align: justify\"><span style=\"color: #000000\">SILVA, C. S.\u00a0;\u00a0NUNES, A. M.\u00a0;\u00a0ORESTE, E. Q.\u00a0;\u00a0ACUNHA, T. S.\u00a0;\u00a0VIEIRA, M. A.\u00a0;\u00a0RIBEIRO, A. S.\u00a0<em>Evaluation of Sample Preparation Methods Based on Alkaline and Acid Solubilization for the Determination of Na and K in Meat Samples by Atomic Spectrometric Techniques<\/em>. <strong>Journal of the Brazilian Chemical Society (Impresso)<\/strong>, v. 23, p. 1623-1629, 2012.<\/span> (<a href=\"http:\/\/www.scielo.br\/scielo.php?script=sci_arttext&amp;pid=S0103-50532012000900006&amp;lng=en&amp;nrm=iso&amp;tlng=en\" target=\"_blank\" rel=\"noopener\"><span style=\"color: #3366ff\">Link<\/span><\/a>)<\/p>\n<p style=\"text-align: center\"><span style=\"color: #ff0000\">_____________________________________________________<\/span><\/p>\n<\/td>\n<\/tr>\n<tr>\n<td>\n<p style=\"text-align: justify\"><span style=\"color: #000000\">KLAIC, P. M. A.\u00a0;\u00a0NUNES, A. M.\u00a0;\u00a0MOREIRA, A. S.\u00a0;\u00a0VENDRUSCOLO, C. T.\u00a0;\u00a0RIBEIRO, A. S.\u00a0<em>Determination of Na, K, Ca and Mg in xanthan gum: sample treatment by acid digestion<\/em>. <strong>Carbohydrate Polymers<\/strong>, v. 83, p. 1895-1900, 2011. (<a href=\"http:\/\/www.sciencedirect.com\/science\/article\/pii\/S0144861710008726\" target=\"_blank\" rel=\"noopener\"><span style=\"color: #3366ff\">Link<\/span><\/a>)<\/span><\/p>\n<p style=\"text-align: center\"><span style=\"color: #ff0000\">_____________________________________________________<\/span><\/p>\n<\/td>\n<\/tr>\n<\/tbody>\n<\/table>\n<p>&nbsp;<\/p>\n","protected":false},"excerpt":{"rendered":"<p>P\u00e1gina destinada a divulga\u00e7\u00e3o dos\u00a0\u00faltimos\u00a0trabalhos\u00a0cient\u00edficos\u00a0publicados pelo grupo de pesquisa LabMeQui \u00a0_____________________________________________________ &nbsp; Determination of mercury in ethanol biofuel by photochemical vapor generation Caroline Santos da Silva, Eli\u00e9zer Quadro Oreste, Adriane Medeiros Nunes, Mariana Antunes Vieira and Anderson Schwingel Ribeiro. . DA SILVA, Caroline Santos et al. Determination of mercury in ethanol biofuel by photochemical vapor [&hellip;]<\/p>\n","protected":false},"author":113,"featured_media":0,"parent":0,"menu_order":3,"comment_status":"closed","ping_status":"closed","template":"","meta":{"footnotes":""},"class_list":["post-78","page","type-page","status-publish","hentry"],"_links":{"self":[{"href":"https:\/\/wp.ufpel.edu.br\/labmequi\/wp-json\/wp\/v2\/pages\/78","targetHints":{"allow":["GET"]}}],"collection":[{"href":"https:\/\/wp.ufpel.edu.br\/labmequi\/wp-json\/wp\/v2\/pages"}],"about":[{"href":"https:\/\/wp.ufpel.edu.br\/labmequi\/wp-json\/wp\/v2\/types\/page"}],"author":[{"embeddable":true,"href":"https:\/\/wp.ufpel.edu.br\/labmequi\/wp-json\/wp\/v2\/users\/113"}],"replies":[{"embeddable":true,"href":"https:\/\/wp.ufpel.edu.br\/labmequi\/wp-json\/wp\/v2\/comments?post=78"}],"version-history":[{"count":12,"href":"https:\/\/wp.ufpel.edu.br\/labmequi\/wp-json\/wp\/v2\/pages\/78\/revisions"}],"predecessor-version":[{"id":1310,"href":"https:\/\/wp.ufpel.edu.br\/labmequi\/wp-json\/wp\/v2\/pages\/78\/revisions\/1310"}],"wp:attachment":[{"href":"https:\/\/wp.ufpel.edu.br\/labmequi\/wp-json\/wp\/v2\/media?parent=78"}],"curies":[{"name":"wp","href":"https:\/\/api.w.org\/{rel}","templated":true}]}}