{"id":497,"date":"2012-02-12T22:58:28","date_gmt":"2012-02-12T22:58:28","guid":{"rendered":"https:\/\/wp.ufpel.edu.br\/labmequi\/"},"modified":"2021-07-23T19:08:42","modified_gmt":"2021-07-23T22:08:42","slug":"egressos","status":"publish","type":"page","link":"https:\/\/wp.ufpel.edu.br\/labmequi\/grupo-de-pesquisa\/egressos\/","title":{"rendered":"Egressos"},"content":{"rendered":"<h3 style=\"text-align: center\"><strong><span style=\"color: #000080\">Alunos que fizeram parte do Grupo LabMeQui<\/span><\/strong><\/h3>\n<p>&nbsp;<\/p>\n<p><span style=\"font-family: tahoma, arial, helvetica, sans-serif;font-size: 10pt\">&#8211; Para mais informa\u00e7\u00f5es clique no nome do aluno.<\/span><\/p>\n<h3><strong>P\u00f3s Doutorado<\/strong><\/h3>\n<ul>\n<li><span style=\"font-family: terminal, monaco, monospace\"><a href=\"http:\/\/lattes.cnpq.br\/5831961588160937\">Talal Suleiman Mahmoud<br \/>\n<\/a><br \/>\n<\/span><\/li>\n<li><a href=\"http:\/\/lattes.cnpq.br\/8338188029307488\"><span style=\"font-family: georgia, palatino, serif\"><span style=\"font-family: terminal, monaco, monospace\">Aline Lisboa Medina<\/span><\/span><\/a><\/li>\n<\/ul>\n<h3><strong>Doutorado<\/strong><\/h3>\n<ul>\n<li>\n<pre><span style=\"font-family: terminal, monaco, monospace\"><a href=\"http:\/\/lattes.cnpq.br\/6730820163842868\">Alexander Ossanes de Souza<\/a>\r\n<\/span><\/pre>\n<\/li>\n<\/ul>\n<ul>\n<li>\n<pre><span style=\"font-family: terminal, monaco, monospace\"><a href=\"http:\/\/lattes.cnpq.br\/0476550551907529\">Ane Martiele Taborda Parodes Pinto<\/a>\r\n<\/span><\/pre>\n<\/li>\n<\/ul>\n<ul>\n<li>\n<pre><span style=\"font-family: terminal, monaco, monospace\"><a href=\"http:\/\/lattes.cnpq.br\/2202559505347757\">Camila Corr\u00eaa Pereira<\/a>\r\n<\/span><\/pre>\n<\/li>\n<\/ul>\n<ul>\n<li>\n<pre><a href=\"http:\/\/lattes.cnpq.br\/6886022958433116\"><span style=\"font-family: terminal, monaco, monospace\">Camila Mizette Oliz<\/span><\/a>\r\n<\/pre>\n<\/li>\n<\/ul>\n<ul>\n<li>\n<pre><span style=\"font-family: terminal, monaco, monospace\"><a href=\"http:\/\/lattes.cnpq.br\/5374226546928944\">Eliete Westphal Alves<\/a>\r\n<\/span><\/pre>\n<\/li>\n<\/ul>\n<ul>\n<li>\n<pre><span style=\"font-family: terminal, monaco, monospace\"><a href=\"http:\/\/lattes.cnpq.br\/8859942714142079\">Eli\u00e9zer Quadro Oreste<\/a>\r\n<\/span><\/pre>\n<\/li>\n<\/ul>\n<ul>\n<li>\n<pre><span style=\"font-family: terminal, monaco, monospace\"><a href=\"http:\/\/lattes.cnpq.br\/4798729063539741\">Jana\u00edna Garcia Timm<\/a>\r\n<\/span><\/pre>\n<\/li>\n<\/ul>\n<ul>\n<li>\n<pre><span style=\"font-family: terminal, monaco, monospace\"><a href=\"http:\/\/lattes.cnpq.br\/7606586424985118\">Marcelo M\u00f6ller Alves<\/a>\r\n<\/span><\/pre>\n<\/li>\n<\/ul>\n<ul>\n<li>\n<pre><span style=\"font-family: terminal, monaco, monospace\"><a href=\"http:\/\/lattes.cnpq.br\/2753203623827125\">S\u00e9rgio Eloir Teixeira Wotter<\/a>\r\n<\/span><\/pre>\n<\/li>\n<\/ul>\n<h3><strong>Mestrado<\/strong><\/h3>\n<ul>\n<li>\n<pre><span style=\"font-family: terminal, monaco, monospace\"><a href=\"http:\/\/lattes.cnpq.br\/9626481980409789\">Aline Colvara de Almeida Pinheiro<\/a>\r\n<\/span><\/pre>\n<\/li>\n<\/ul>\n<ul>\n<li>\n<pre><span style=\"font-family: terminal, monaco, monospace\"><a href=\"http:\/\/lattes.cnpq.br\/0470808365895324\">Caroline Santos da Silva<\/a>\r\n<\/span><\/pre>\n<\/li>\n<\/ul>\n<ul>\n<li>\n<pre><span style=\"font-family: terminal, monaco, monospace\"><a href=\"http:\/\/lattes.cnpq.br\/0727560630784188\">Daiane Leal Baldez<\/a>\r\n<\/span><\/pre>\n<\/li>\n<\/ul>\n<ul>\n<li>\n<pre><span style=\"font-family: terminal, monaco, monospace\"><a href=\"http:\/\/lattes.cnpq.br\/0014282848312979\">Eliane Freire Anthonisen<\/a>\r\n<\/span><\/pre>\n<\/li>\n<\/ul>\n<ul>\n<li>\n<pre><span style=\"font-family: terminal, monaco, monospace\"><a href=\"http:\/\/lattes.cnpq.br\/4027311949250834\">Leila Maria Neves Diniz<\/a>\r\n<\/span><\/pre>\n<\/li>\n<\/ul>\n<ul>\n<li>\n<pre><span style=\"font-family: terminal, monaco, monospace\"><a href=\"http:\/\/lattes.cnpq.br\/2592235266767828\">Liziane Oliveira de Avila<\/a>\r\n<\/span><\/pre>\n<\/li>\n<\/ul>\n<ul>\n<li>\n<pre><span style=\"font-family: terminal, monaco, monospace\"><a href=\"http:\/\/lattes.cnpq.br\/2113299633932476\">Mar\u00edlia Guidotti Corr\u00eaa<\/a>\r\n<\/span><\/pre>\n<\/li>\n<\/ul>\n<ul>\n<li>\n<pre><span style=\"font-family: terminal, monaco, monospace\"><a href=\"http:\/\/lattes.cnpq.br\/0743065803220565\">Marta de Oliveira Barbosa<\/a>\r\n<\/span><\/pre>\n<\/li>\n<\/ul>\n<ul>\n<li>\n<pre><span style=\"font-family: terminal, monaco, monospace\"><a href=\"http:\/\/lattes.cnpq.br\/5166705033485137\">Michele Barboza da Rosa<\/a>\r\n<\/span><\/pre>\n<\/li>\n<\/ul>\n<ul>\n<li>\n<pre><span style=\"font-family: terminal, monaco, monospace\"><a href=\"http:\/\/lattes.cnpq.br\/3720329794242419\">Natiele Kleemann<\/a>\r\n<\/span><\/pre>\n<\/li>\n<\/ul>\n<ul>\n<li>\n<pre><span style=\"font-family: terminal, monaco, monospace\"><a href=\"http:\/\/lattes.cnpq.br\/7019756803529305\">Paulo Roberto Pereira de Le\u00e3o<\/a>\r\n<\/span><\/pre>\n<\/li>\n<\/ul>\n<ul>\n<li>\n<pre><span style=\"font-family: terminal, monaco, monospace\"><a href=\"http:\/\/lattes.cnpq.br\/5263295507347136\">Richard Macedo de Oliveira<\/a>\r\n<\/span><\/pre>\n<\/li>\n<\/ul>\n<h3><strong>Inicia\u00e7\u00e3o Cient\u00edfica<\/strong><\/h3>\n<ul>\n<li>\n<pre><span style=\"font-family: terminal, monaco, monospace\"><a href=\"http:\/\/lattes.cnpq.br\/9818362264446791\">Ana Carla Specht Boeira<\/a>\r\n<\/span><\/pre>\n<\/li>\n<\/ul>\n<ul>\n<li>\n<pre><span style=\"font-family: terminal, monaco, monospace\"><a href=\"http:\/\/lattes.cnpq.br\/6845761619843941\">Ana Clara Nascimento Antunes<\/a>\r\n<\/span><\/pre>\n<\/li>\n<\/ul>\n<ul>\n<li>\n<pre><span style=\"font-family: terminal, monaco, monospace\"><a href=\"http:\/\/lattes.cnpq.br\/6773849806790040\">Ana Cl\u00e1udia Beduhn Luckow<\/a>\r\n<\/span><\/pre>\n<\/li>\n<\/ul>\n<ul>\n<li>\n<pre><span style=\"font-family: terminal, monaco, monospace\"><a href=\"http:\/\/lattes.cnpq.br\/3057236453507882\">Bruna Malaquias Jado<\/a>\r\n<\/span><\/pre>\n<\/li>\n<\/ul>\n<ul>\n<li>\n<pre><span style=\"font-family: terminal, monaco, monospace\"><a href=\"http:\/\/lattes.cnpq.br\/6425850069902565\">Camila Alves Pieper<\/a>\r\n<\/span><\/pre>\n<\/li>\n<\/ul>\n<ul>\n<li>\n<pre><span style=\"font-family: terminal, monaco, monospace\"><a href=\"http:\/\/lattes.cnpq.br\/4135472801309218\">Deborah Carvalho Cardoso<\/a>\r\n<\/span><\/pre>\n<\/li>\n<\/ul>\n<ul>\n<li>\n<pre><span style=\"font-family: terminal, monaco, monospace\"><a href=\"http:\/\/lattes.cnpq.br\/1695245775414365\">Deborah Katharina Martins Rodrigues<\/a>\r\n<\/span><\/pre>\n<\/li>\n<\/ul>\n<ul>\n<li>\n<pre><span style=\"font-family: terminal, monaco, monospace\"><a href=\"http:\/\/lattes.cnpq.br\/1066456251824705\">Iara Karnopp Bubolz<\/a>\r\n<\/span><\/pre>\n<\/li>\n<\/ul>\n<ul>\n<li>\n<pre><span style=\"font-family: terminal, monaco, monospace\"><a href=\"http:\/\/lattes.cnpq.br\/7338764947947291\">Laura Machado Neutzling<\/a>\r\n<\/span><\/pre>\n<\/li>\n<\/ul>\n<ul>\n<li>\n<pre><span style=\"font-family: terminal, monaco, monospace\"><a href=\"http:\/\/lattes.cnpq.br\/7452361302180516\">Mariana Dias Antunes<\/a>\r\n<\/span><\/pre>\n<\/li>\n<\/ul>\n<ul>\n<li>\n<pre><span style=\"font-family: terminal, monaco, monospace\"><a href=\"http:\/\/lattes.cnpq.br\/5410708628484971\">Patr\u00edcia da Rocha Costa<\/a>\r\n<\/span><\/pre>\n<\/li>\n<\/ul>\n<ul>\n<li>\n<pre><span style=\"font-family: terminal, monaco, monospace\"><a href=\"http:\/\/lattes.cnpq.br\/4666580427206011\">Thaiane Silveira Carrasco<\/a><\/span><\/pre>\n<\/li>\n<\/ul>\n","protected":false},"excerpt":{"rendered":"<p>Alunos que fizeram parte do Grupo LabMeQui &nbsp; &#8211; Para mais informa\u00e7\u00f5es clique no nome do aluno. P\u00f3s Doutorado Talal Suleiman Mahmoud Aline Lisboa Medina Doutorado Alexander Ossanes de Souza Ane Martiele Taborda Parodes Pinto Camila Corr\u00eaa Pereira Camila Mizette Oliz Eliete Westphal Alves Eli\u00e9zer Quadro Oreste Jana\u00edna Garcia Timm Marcelo M\u00f6ller Alves S\u00e9rgio Eloir [&hellip;]<\/p>\n","protected":false},"author":113,"featured_media":0,"parent":74,"menu_order":6,"comment_status":"closed","ping_status":"closed","template":"","meta":{"footnotes":""},"class_list":["post-497","page","type-page","status-publish","hentry"],"_links":{"self":[{"href":"https:\/\/wp.ufpel.edu.br\/labmequi\/wp-json\/wp\/v2\/pages\/497","targetHints":{"allow":["GET"]}}],"collection":[{"href":"https:\/\/wp.ufpel.edu.br\/labmequi\/wp-json\/wp\/v2\/pages"}],"about":[{"href":"https:\/\/wp.ufpel.edu.br\/labmequi\/wp-json\/wp\/v2\/types\/page"}],"author":[{"embeddable":true,"href":"https:\/\/wp.ufpel.edu.br\/labmequi\/wp-json\/wp\/v2\/users\/113"}],"replies":[{"embeddable":true,"href":"https:\/\/wp.ufpel.edu.br\/labmequi\/wp-json\/wp\/v2\/comments?post=497"}],"version-history":[{"count":20,"href":"https:\/\/wp.ufpel.edu.br\/labmequi\/wp-json\/wp\/v2\/pages\/497\/revisions"}],"predecessor-version":[{"id":1320,"href":"https:\/\/wp.ufpel.edu.br\/labmequi\/wp-json\/wp\/v2\/pages\/497\/revisions\/1320"}],"up":[{"embeddable":true,"href":"https:\/\/wp.ufpel.edu.br\/labmequi\/wp-json\/wp\/v2\/pages\/74"}],"wp:attachment":[{"href":"https:\/\/wp.ufpel.edu.br\/labmequi\/wp-json\/wp\/v2\/media?parent=497"}],"curies":[{"name":"wp","href":"https:\/\/api.w.org\/{rel}","templated":true}]}}