{"id":345,"date":"2011-10-28T18:41:00","date_gmt":"2011-10-28T20:41:00","guid":{"rendered":"https:\/\/wp.ufpel.edu.br\/labmequi\/"},"modified":"2021-07-23T01:01:57","modified_gmt":"2021-07-23T04:01:57","slug":"bem-vindo-ao-labmequi","status":"publish","type":"page","link":"https:\/\/wp.ufpel.edu.br\/labmequi\/bem-vindo-ao-labmequi\/","title":{"rendered":"In\u00edcio"},"content":{"rendered":"<p>O Laborat\u00f3rio de Metrologia Qu\u00edmica (LabMeQui) \u00e9 um laborat\u00f3rio que faz parte do Centro de Ci\u00eancias Qu\u00edmicas, Farmac\u00eauticas e de Alimentos (CCQFA) da Universidade Federal de Pelotas (UFPel). Desenvolve pesquisas na \u00e1rea da Qu\u00edmica Anal\u00edtica com enfoque no desenvolvimento de m\u00e9todos de preparo de amostras biol\u00f3gicas, ambientais, alimentos e fertilizantes para determina\u00e7\u00e3o da concentra\u00e7\u00e3o total de elementos essenciais e com riscos de toxicidade, utilizando t\u00e9cnicas espectrom\u00e9tricas. Al\u00e9m disso, realiza estudos de bioacessibilidade em amostras de alimentos. Tem como professores, o Prof. Dr. Anderson Schwingel Ribeiro, a Prof\u00aa. Dr\u00aa. Mariana Antunes Vieira e a Prof\u00aa. Dr\u00aa. Adriane Medeiros Nunes, os quais desenvolvem projetos relacionados com a linha de Estudos em Qu\u00edmica Anal\u00edtica e Ambiental do Programa de P\u00f3s-Gradua\u00e7\u00e3o em Qu\u00edmica (PPGQ).<\/p>\n<p style=\"text-align: justify\"><a href=\"https:\/\/wp.ufpel.edu.br\/labmequi\/files\/2011\/10\/Logotipo-Labmequi-35.jpg\"><img class=\"size-thumbnail wp-image-375 aligncenter\" src=\"https:\/\/wp.ufpel.edu.br\/labmequi\/files\/2011\/10\/Logotipo-Labmequi-35.jpg\" alt=\"\" width=\"267\" height=\"146\" \/><\/a><\/p>\n<p style=\"text-align: center\"><span style=\"color: #ff0000\">&#8220;O LabMeQui visa a forma\u00e7\u00e3o e qualifica\u00e7\u00e3o de recursos humanos para que a ci\u00eancia do pa\u00eds seja cada vez mais impulsionada.&#8221;<\/span><\/p>\n<h1><span style=\"text-decoration: underline\"><strong><span style=\"color: #0000ff\"><img class=\"size-thumbnail wp-image-971 aligncenter\" src=\"https:\/\/wp.ufpel.edu.br\/labmequi\/files\/2011\/10\/12721643_797649497006097_1459185880_n-2-150x150.jpg\" alt=\"12721643_797649497006097_1459185880_n (2)\" width=\"150\" height=\"150\" \/><\/span><\/strong><\/span><\/h1>\n","protected":false},"excerpt":{"rendered":"<p>O Laborat\u00f3rio de Metrologia Qu\u00edmica (LabMeQui) \u00e9 um laborat\u00f3rio que faz parte do Centro de Ci\u00eancias Qu\u00edmicas, Farmac\u00eauticas e de Alimentos (CCQFA) da Universidade Federal de Pelotas (UFPel). Desenvolve pesquisas na \u00e1rea da Qu\u00edmica Anal\u00edtica com enfoque no desenvolvimento de m\u00e9todos de preparo de amostras biol\u00f3gicas, ambientais, alimentos e fertilizantes para determina\u00e7\u00e3o da concentra\u00e7\u00e3o total [&hellip;]<\/p>\n","protected":false},"author":113,"featured_media":0,"parent":0,"menu_order":0,"comment_status":"closed","ping_status":"closed","template":"","meta":{"footnotes":""},"class_list":["post-345","page","type-page","status-publish","hentry"],"_links":{"self":[{"href":"https:\/\/wp.ufpel.edu.br\/labmequi\/wp-json\/wp\/v2\/pages\/345","targetHints":{"allow":["GET"]}}],"collection":[{"href":"https:\/\/wp.ufpel.edu.br\/labmequi\/wp-json\/wp\/v2\/pages"}],"about":[{"href":"https:\/\/wp.ufpel.edu.br\/labmequi\/wp-json\/wp\/v2\/types\/page"}],"author":[{"embeddable":true,"href":"https:\/\/wp.ufpel.edu.br\/labmequi\/wp-json\/wp\/v2\/users\/113"}],"replies":[{"embeddable":true,"href":"https:\/\/wp.ufpel.edu.br\/labmequi\/wp-json\/wp\/v2\/comments?post=345"}],"version-history":[{"count":32,"href":"https:\/\/wp.ufpel.edu.br\/labmequi\/wp-json\/wp\/v2\/pages\/345\/revisions"}],"predecessor-version":[{"id":1270,"href":"https:\/\/wp.ufpel.edu.br\/labmequi\/wp-json\/wp\/v2\/pages\/345\/revisions\/1270"}],"wp:attachment":[{"href":"https:\/\/wp.ufpel.edu.br\/labmequi\/wp-json\/wp\/v2\/media?parent=345"}],"curies":[{"name":"wp","href":"https:\/\/api.w.org\/{rel}","templated":true}]}}