{"id":1171,"date":"2021-07-22T16:48:31","date_gmt":"2021-07-22T19:48:31","guid":{"rendered":"https:\/\/wp.ufpel.edu.br\/labmequi\/?page_id=1171"},"modified":"2021-07-23T18:57:51","modified_gmt":"2021-07-23T21:57:51","slug":"iniciacao-cientifica","status":"publish","type":"page","link":"https:\/\/wp.ufpel.edu.br\/labmequi\/grupo-de-pesquisa\/iniciacao-cientifica\/","title":{"rendered":"Inicia\u00e7\u00e3o Cient\u00edfica"},"content":{"rendered":"<h1><strong>Alunos<\/strong><\/h1>\n<h3><strong>Inicia\u00e7\u00e3o Cient\u00edfica<\/strong><\/h3>\n<ul>\n<li>\n<pre><span style=\"font-family: terminal, monaco, monospace\"><a href=\"http:\/\/lattes.cnpq.br\/8768034449325748\">Eduardo Grill da Silva Carvalho<\/a>\r\n<\/span><\/pre>\n<\/li>\n<\/ul>\n<ul>\n<li>\n<pre><span style=\"font-family: terminal, monaco, monospace\"><a href=\"http:\/\/lattes.cnpq.br\/9142402298632655\">Kaiane de Quevedo Ribeiro<\/a>\r\n<\/span><\/pre>\n<\/li>\n<\/ul>\n<ul>\n<li>\n<pre><span style=\"font-family: terminal, monaco, monospace\"><a href=\"http:\/\/lattes.cnpq.br\/1934300215913740\">Miguel Pereira Soares<\/a>\r\n<\/span><\/pre>\n<\/li>\n<\/ul>\n<ul>\n<li>\n<pre><span style=\"font-family: terminal, monaco, monospace\"><a href=\"http:\/\/lattes.cnpq.br\/1076035140436440\">Yasmin Ribeiro Bloedorn<\/a>\r\n<\/span><\/pre>\n<\/li>\n<\/ul>\n","protected":false},"excerpt":{"rendered":"<p>Alunos Inicia\u00e7\u00e3o Cient\u00edfica Eduardo Grill da Silva Carvalho Kaiane de Quevedo Ribeiro Miguel Pereira Soares Yasmin Ribeiro Bloedorn<\/p>\n","protected":false},"author":113,"featured_media":0,"parent":74,"menu_order":4,"comment_status":"closed","ping_status":"closed","template":"","meta":{"footnotes":""},"class_list":["post-1171","page","type-page","status-publish","hentry"],"_links":{"self":[{"href":"https:\/\/wp.ufpel.edu.br\/labmequi\/wp-json\/wp\/v2\/pages\/1171","targetHints":{"allow":["GET"]}}],"collection":[{"href":"https:\/\/wp.ufpel.edu.br\/labmequi\/wp-json\/wp\/v2\/pages"}],"about":[{"href":"https:\/\/wp.ufpel.edu.br\/labmequi\/wp-json\/wp\/v2\/types\/page"}],"author":[{"embeddable":true,"href":"https:\/\/wp.ufpel.edu.br\/labmequi\/wp-json\/wp\/v2\/users\/113"}],"replies":[{"embeddable":true,"href":"https:\/\/wp.ufpel.edu.br\/labmequi\/wp-json\/wp\/v2\/comments?post=1171"}],"version-history":[{"count":4,"href":"https:\/\/wp.ufpel.edu.br\/labmequi\/wp-json\/wp\/v2\/pages\/1171\/revisions"}],"predecessor-version":[{"id":1319,"href":"https:\/\/wp.ufpel.edu.br\/labmequi\/wp-json\/wp\/v2\/pages\/1171\/revisions\/1319"}],"up":[{"embeddable":true,"href":"https:\/\/wp.ufpel.edu.br\/labmequi\/wp-json\/wp\/v2\/pages\/74"}],"wp:attachment":[{"href":"https:\/\/wp.ufpel.edu.br\/labmequi\/wp-json\/wp\/v2\/media?parent=1171"}],"curies":[{"name":"wp","href":"https:\/\/api.w.org\/{rel}","templated":true}]}}