{"id":25,"date":"2020-08-04T20:23:02","date_gmt":"2020-08-04T23:23:02","guid":{"rendered":"https:\/\/wp.ufpel.edu.br\/labioenergia\/?page_id=25"},"modified":"2020-08-26T10:43:16","modified_gmt":"2020-08-26T13:43:16","slug":"projetos","status":"publish","type":"page","link":"https:\/\/wp.ufpel.edu.br\/labioenergia\/projetos\/","title":{"rendered":"Projetos vigentes"},"content":{"rendered":"<p>Produ\u00e7\u00e3o de etanol de segunda gera\u00e7\u00e3o de variedades selecionadas de arroz.<\/p>\n<p>Produ\u00e7\u00e3o de etanol de segunda gera\u00e7\u00e3o a partir de Arundo donax L.<\/p>\n<p>Reaproveitamento de lignina proveniente do processo de produ\u00e7\u00e3o de etanol de segunda gera\u00e7\u00e3o visando a remo\u00e7\u00e3o de metais e corantes em efluentes.<\/p>\n","protected":false},"excerpt":{"rendered":"<p>Produ\u00e7\u00e3o de etanol de segunda gera\u00e7\u00e3o de variedades selecionadas de arroz. Produ\u00e7\u00e3o de etanol de segunda gera\u00e7\u00e3o a partir de Arundo donax L. Reaproveitamento de lignina proveniente do processo de produ\u00e7\u00e3o de etanol de segunda gera\u00e7\u00e3o visando a remo\u00e7\u00e3o de metais e corantes em efluentes.<\/p>\n","protected":false},"author":1052,"featured_media":0,"parent":0,"menu_order":0,"comment_status":"closed","ping_status":"closed","template":"","meta":{"footnotes":""},"class_list":["post-25","page","type-page","status-publish","hentry"],"_links":{"self":[{"href":"https:\/\/wp.ufpel.edu.br\/labioenergia\/wp-json\/wp\/v2\/pages\/25","targetHints":{"allow":["GET"]}}],"collection":[{"href":"https:\/\/wp.ufpel.edu.br\/labioenergia\/wp-json\/wp\/v2\/pages"}],"about":[{"href":"https:\/\/wp.ufpel.edu.br\/labioenergia\/wp-json\/wp\/v2\/types\/page"}],"author":[{"embeddable":true,"href":"https:\/\/wp.ufpel.edu.br\/labioenergia\/wp-json\/wp\/v2\/users\/1052"}],"replies":[{"embeddable":true,"href":"https:\/\/wp.ufpel.edu.br\/labioenergia\/wp-json\/wp\/v2\/comments?post=25"}],"version-history":[{"count":5,"href":"https:\/\/wp.ufpel.edu.br\/labioenergia\/wp-json\/wp\/v2\/pages\/25\/revisions"}],"predecessor-version":[{"id":76,"href":"https:\/\/wp.ufpel.edu.br\/labioenergia\/wp-json\/wp\/v2\/pages\/25\/revisions\/76"}],"wp:attachment":[{"href":"https:\/\/wp.ufpel.edu.br\/labioenergia\/wp-json\/wp\/v2\/media?parent=25"}],"curies":[{"name":"wp","href":"https:\/\/api.w.org\/{rel}","templated":true}]}}