{"id":21,"date":"2020-08-04T20:22:02","date_gmt":"2020-08-04T23:22:02","guid":{"rendered":"https:\/\/wp.ufpel.edu.br\/labioenergia\/?page_id=21"},"modified":"2020-09-04T13:44:00","modified_gmt":"2020-09-04T16:44:00","slug":"publicacoes","status":"publish","type":"page","link":"https:\/\/wp.ufpel.edu.br\/labioenergia\/publicacoes\/","title":{"rendered":"Publica\u00e7\u00f5es"},"content":{"rendered":"<p style=\"font-weight: 400\">B\u00e9s, et al. An\u00e1lise de diferentes m\u00e9todos de extra\u00e7\u00e3o de lignina residual do pr\u00e9-tratamento da biomassa lignocelul\u00f3sica. V SIMP\u00d3SIO INTERNACIONAL SOBRE GERENCIAMENTO DE RES\u00cdDUOS AGROPECU\u00c1RIOS E AGROINDUSTRIAIS. 2017.<\/p>\n<p>&nbsp;<\/p>\n<p style=\"font-weight: 400\">Avancini, A. et al. Avalia\u00e7\u00e3o da Capacidade de Adsor\u00e7\u00e3o de Corante pela Lignina em Diferentes Tempos de Contato. VI Reuni\u00e3o T\u00e9cnica de Agroenergia &#8211; Especial Cana-de-A\u00e7\u00facar e o IX Simp\u00f3sio de Energia e Meio Ambiente &#8211; Valoriza\u00e7\u00e3o Energ\u00e9tica de Res\u00edduos. 2017.<\/p>\n<p>&nbsp;<\/p>\n<p style=\"font-weight: 400\">Lem\u00f5es, J.S. et al.\u00a0 Efeito da carga enzim\u00e1tica na concentra\u00e7\u00e3o de a\u00e7\u00facares na hidr\u00f3lise de\u00a0<em>Arundo donax L<\/em>. VI Reuni\u00e3o T\u00e9cnica de Agroenergia &#8211; Especial Cana-de-A\u00e7\u00facar e o IX Simp\u00f3sio de Energia e Meio Ambiente &#8211; Valoriza\u00e7\u00e3o Energ\u00e9tica de Res\u00edduos. 2017.<\/p>\n<p>&nbsp;<\/p>\n<p style=\"font-weight: 400\">Lem\u00f5es, J.S. et al. Efeito da concentra\u00e7\u00e3o de NaOH no pr\u00e9-tratamento qu\u00edmico de arundo. VI Reuni\u00e3o T\u00e9cnica de Agroenergia &#8211; Especial Cana-de-A\u00e7\u00facar e o IX Simp\u00f3sio de Energia e Meio Ambiente &#8211; Valoriza\u00e7\u00e3o Energ\u00e9tica de Res\u00edduos. 2017.<\/p>\n<p>&nbsp;<\/p>\n<p style=\"font-weight: 400\">Farias, D. et al. Levantamento do uso de biomassa nas ind\u00fastrias a partir da casca de arroz. SIIEPE- Congresso de Inicia\u00e7\u00e3o Cient\u00edfica- UFPel. 2017.<\/p>\n<p>&nbsp;<\/p>\n<p style=\"font-weight: 400\">Hoffmann, L. P.M.; et al. Obten\u00e7\u00e3o e preparo de lignina a partir do licor negro residual da etapa de pr\u00e9-tratamento do etanol celul\u00f3sico. XXVI Congresso de Inicia\u00e7\u00e3o Cient\u00edfica UFPel. 2017<\/p>\n<p>&nbsp;<\/p>\n<p style=\"font-weight: 400\">Lem\u00f5es, J.S. et al. . Rendimento de etanol obtidos a partir de diferentes pr\u00e9-tratamentos de arundo. VI Reuni\u00e3o T\u00e9cnica de Agroenergia &#8211; Especial Cana-de-A\u00e7\u00facar e o IX Simp\u00f3sio de Energia e Meio Ambiente &#8211; Valoriza\u00e7\u00e3o Energ\u00e9tica de Res\u00edduos. 2017.<\/p>\n<p>&nbsp;<\/p>\n<p style=\"font-weight: 400\">Avancini, A. et al. Utiliza\u00e7\u00e3o de lignina residual do processo de produ\u00e7\u00e3o de etanol 2G como adsorvente de corante. XXVI Congresso de Inicia\u00e7\u00e3o Cient\u00edfica UFPel. 2017<\/p>\n","protected":false},"excerpt":{"rendered":"<p>B\u00e9s, et al. An\u00e1lise de diferentes m\u00e9todos de extra\u00e7\u00e3o de lignina residual do pr\u00e9-tratamento da biomassa lignocelul\u00f3sica. V SIMP\u00d3SIO INTERNACIONAL SOBRE GERENCIAMENTO DE RES\u00cdDUOS AGROPECU\u00c1RIOS E AGROINDUSTRIAIS. 2017. &nbsp; Avancini, A. et al. Avalia\u00e7\u00e3o da Capacidade de Adsor\u00e7\u00e3o de Corante pela Lignina em Diferentes Tempos de Contato. VI Reuni\u00e3o T\u00e9cnica de Agroenergia &#8211; Especial Cana-de-A\u00e7\u00facar [&hellip;]<\/p>\n","protected":false},"author":1052,"featured_media":0,"parent":0,"menu_order":0,"comment_status":"closed","ping_status":"closed","template":"","meta":{"footnotes":""},"class_list":["post-21","page","type-page","status-publish","hentry"],"_links":{"self":[{"href":"https:\/\/wp.ufpel.edu.br\/labioenergia\/wp-json\/wp\/v2\/pages\/21","targetHints":{"allow":["GET"]}}],"collection":[{"href":"https:\/\/wp.ufpel.edu.br\/labioenergia\/wp-json\/wp\/v2\/pages"}],"about":[{"href":"https:\/\/wp.ufpel.edu.br\/labioenergia\/wp-json\/wp\/v2\/types\/page"}],"author":[{"embeddable":true,"href":"https:\/\/wp.ufpel.edu.br\/labioenergia\/wp-json\/wp\/v2\/users\/1052"}],"replies":[{"embeddable":true,"href":"https:\/\/wp.ufpel.edu.br\/labioenergia\/wp-json\/wp\/v2\/comments?post=21"}],"version-history":[{"count":9,"href":"https:\/\/wp.ufpel.edu.br\/labioenergia\/wp-json\/wp\/v2\/pages\/21\/revisions"}],"predecessor-version":[{"id":141,"href":"https:\/\/wp.ufpel.edu.br\/labioenergia\/wp-json\/wp\/v2\/pages\/21\/revisions\/141"}],"wp:attachment":[{"href":"https:\/\/wp.ufpel.edu.br\/labioenergia\/wp-json\/wp\/v2\/media?parent=21"}],"curies":[{"name":"wp","href":"https:\/\/api.w.org\/{rel}","templated":true}]}}