{"id":1492,"date":"2023-08-18T21:24:28","date_gmt":"2023-08-19T00:24:28","guid":{"rendered":"https:\/\/wp.ufpel.edu.br\/labgrima\/?page_id=1492"},"modified":"2024-10-13T18:31:01","modified_gmt":"2024-10-13T21:31:01","slug":"policy-brief-editions","status":"publish","type":"page","link":"https:\/\/wp.ufpel.edu.br\/labgrima\/policy-brief-editions\/","title":{"rendered":"Policy Brief Editions"},"content":{"rendered":"<p><span class=\"OYPEnA text-decoration-none text-strikethrough-none\">Os Policy Briefs s\u00e3o elaborados em parceria com o International Institute for Geopolitics and Strategic Intelligence (IIGSI) de Utah (EUA) e o Centro de Estudos sobre Geopol\u00edtica e Rela\u00e7\u00f5es Interacionais (CENEGRI). O IIGSI e o CENEGRI s\u00e3o think tanks independentes e organiza\u00e7\u00f5es sem fins lucrativos dedicadas \u00e0 pesquisa da Geopol\u00edtica e das Rela\u00e7\u00f5es Internacionais .<\/span><\/p>\n<p><span class=\"OYPEnA text-decoration-none text-strikethrough-none\">Policy Briefs are produced in partneship with The International Institute for Geopolitics and Strategic Intelligence (IIGSI\/USA) and The Centre for Studies on Geopolitics and Foreign Affairs (CENEGRI\/Brazil) . The IIGSI and CENEGRI are independents think tanks non-profit organizations dedicated to geopolitics and international affairs research.<\/span><\/p>\n<p><a href=\"https:\/\/u.pcloud.link\/publink\/show?code=kZOthaVZDMnooX1U19u6hEphEIRyN80KCIn7\" target=\"_blank\" rel=\"noopener\">Last Edition Policy Brief Download<\/a><\/p>\n<p style=\"text-align: left;\"><img loading=\"lazy\" decoding=\"async\" class=\"aligncenter wp-image-1494 size-medium\" src=\"https:\/\/wp.ufpel.edu.br\/labgrima\/files\/2023\/08\/PORTUGUES5-1-283x400.jpg\" alt=\"\" width=\"283\" height=\"400\" srcset=\"https:\/\/wp.ufpel.edu.br\/labgrima\/files\/2023\/08\/PORTUGUES5-1-283x400.jpg 283w, https:\/\/wp.ufpel.edu.br\/labgrima\/files\/2023\/08\/PORTUGUES5-1-724x1024.jpg 724w, https:\/\/wp.ufpel.edu.br\/labgrima\/files\/2023\/08\/PORTUGUES5-1-768x1086.jpg 768w, https:\/\/wp.ufpel.edu.br\/labgrima\/files\/2023\/08\/PORTUGUES5-1-1086x1536.jpg 1086w, https:\/\/wp.ufpel.edu.br\/labgrima\/files\/2023\/08\/PORTUGUES5-1-555x785.jpg 555w, https:\/\/wp.ufpel.edu.br\/labgrima\/files\/2023\/08\/PORTUGUES5-1.jpg 1414w\" sizes=\"auto, (max-width: 283px) 100vw, 283px\" \/><img loading=\"lazy\" decoding=\"async\" class=\"wp-image-1313 size-medium aligncenter\" src=\"https:\/\/wp.ufpel.edu.br\/labgrima\/files\/2023\/05\/ENGLISH-2-283x400.jpg\" alt=\"\" width=\"283\" height=\"400\" srcset=\"https:\/\/wp.ufpel.edu.br\/labgrima\/files\/2023\/05\/ENGLISH-2-283x400.jpg 283w, https:\/\/wp.ufpel.edu.br\/labgrima\/files\/2023\/05\/ENGLISH-2-724x1024.jpg 724w, https:\/\/wp.ufpel.edu.br\/labgrima\/files\/2023\/05\/ENGLISH-2-768x1086.jpg 768w, https:\/\/wp.ufpel.edu.br\/labgrima\/files\/2023\/05\/ENGLISH-2-1086x1536.jpg 1086w, https:\/\/wp.ufpel.edu.br\/labgrima\/files\/2023\/05\/ENGLISH-2-555x785.jpg 555w, https:\/\/wp.ufpel.edu.br\/labgrima\/files\/2023\/05\/ENGLISH-2.jpg 1414w\" sizes=\"auto, (max-width: 283px) 100vw, 283px\" \/><\/p>\n<p><img loading=\"lazy\" decoding=\"async\" class=\"wp-image-1417 size-medium aligncenter\" src=\"https:\/\/wp.ufpel.edu.br\/labgrima\/files\/2023\/07\/ENGLISH4--e1688693730976-283x400.jpg\" alt=\"\" width=\"283\" height=\"400\" srcset=\"https:\/\/wp.ufpel.edu.br\/labgrima\/files\/2023\/07\/ENGLISH4--e1688693730976-283x400.jpg 283w, https:\/\/wp.ufpel.edu.br\/labgrima\/files\/2023\/07\/ENGLISH4--e1688693730976-724x1024.jpg 724w, https:\/\/wp.ufpel.edu.br\/labgrima\/files\/2023\/07\/ENGLISH4--e1688693730976-768x1086.jpg 768w, https:\/\/wp.ufpel.edu.br\/labgrima\/files\/2023\/07\/ENGLISH4--e1688693730976-555x785.jpg 555w, https:\/\/wp.ufpel.edu.br\/labgrima\/files\/2023\/07\/ENGLISH4--e1688693730976.jpg 914w\" sizes=\"auto, (max-width: 283px) 100vw, 283px\" \/><img loading=\"lazy\" decoding=\"async\" class=\"wp-image-1373 size-medium aligncenter\" src=\"https:\/\/wp.ufpel.edu.br\/labgrima\/files\/2023\/06\/ENGLISH3--283x400.jpg\" alt=\"\" width=\"283\" height=\"400\" srcset=\"https:\/\/wp.ufpel.edu.br\/labgrima\/files\/2023\/06\/ENGLISH3--283x400.jpg 283w, https:\/\/wp.ufpel.edu.br\/labgrima\/files\/2023\/06\/ENGLISH3--724x1024.jpg 724w, https:\/\/wp.ufpel.edu.br\/labgrima\/files\/2023\/06\/ENGLISH3--768x1086.jpg 768w, https:\/\/wp.ufpel.edu.br\/labgrima\/files\/2023\/06\/ENGLISH3--1086x1536.jpg 1086w, https:\/\/wp.ufpel.edu.br\/labgrima\/files\/2023\/06\/ENGLISH3--555x785.jpg 555w, https:\/\/wp.ufpel.edu.br\/labgrima\/files\/2023\/06\/ENGLISH3-.jpg 1414w\" sizes=\"auto, (max-width: 283px) 100vw, 283px\" \/><\/p>\n","protected":false},"excerpt":{"rendered":"<p>Os Policy Briefs s\u00e3o elaborados em parceria com o International Institute for Geopolitics and Strategic Intelligence (IIGSI) de Utah (EUA) e o Centro de Estudos sobre Geopol\u00edtica e Rela\u00e7\u00f5es Interacionais (CENEGRI). O IIGSI e o CENEGRI s\u00e3o think tanks independentes e organiza\u00e7\u00f5es sem fins lucrativos dedicadas \u00e0 pesquisa da Geopol\u00edtica e das Rela\u00e7\u00f5es Internacionais . &hellip; <\/p>\n<p><a class=\"more-link btn\" href=\"https:\/\/wp.ufpel.edu.br\/labgrima\/policy-brief-editions\/\">Continue lendo<\/a><\/p>\n","protected":false},"author":636,"featured_media":0,"parent":0,"menu_order":0,"comment_status":"closed","ping_status":"closed","template":"","meta":{"footnotes":""},"class_list":["post-1492","page","type-page","status-publish","hentry","nodate","item-wrap"],"_links":{"self":[{"href":"https:\/\/wp.ufpel.edu.br\/labgrima\/wp-json\/wp\/v2\/pages\/1492","targetHints":{"allow":["GET"]}}],"collection":[{"href":"https:\/\/wp.ufpel.edu.br\/labgrima\/wp-json\/wp\/v2\/pages"}],"about":[{"href":"https:\/\/wp.ufpel.edu.br\/labgrima\/wp-json\/wp\/v2\/types\/page"}],"author":[{"embeddable":true,"href":"https:\/\/wp.ufpel.edu.br\/labgrima\/wp-json\/wp\/v2\/users\/636"}],"replies":[{"embeddable":true,"href":"https:\/\/wp.ufpel.edu.br\/labgrima\/wp-json\/wp\/v2\/comments?post=1492"}],"version-history":[{"count":9,"href":"https:\/\/wp.ufpel.edu.br\/labgrima\/wp-json\/wp\/v2\/pages\/1492\/revisions"}],"predecessor-version":[{"id":1988,"href":"https:\/\/wp.ufpel.edu.br\/labgrima\/wp-json\/wp\/v2\/pages\/1492\/revisions\/1988"}],"wp:attachment":[{"href":"https:\/\/wp.ufpel.edu.br\/labgrima\/wp-json\/wp\/v2\/media?parent=1492"}],"curies":[{"name":"wp","href":"https:\/\/api.w.org\/{rel}","templated":true}]}}