{"id":1154,"date":"2022-10-23T16:10:13","date_gmt":"2022-10-23T19:10:13","guid":{"rendered":"https:\/\/wp.ufpel.edu.br\/labgrima\/?page_id=1154"},"modified":"2022-10-23T16:10:13","modified_gmt":"2022-10-23T19:10:13","slug":"book-mercosul-25-anos-avancos-impasses-e-perspectivas-2016","status":"publish","type":"page","link":"https:\/\/wp.ufpel.edu.br\/labgrima\/book-mercosul-25-anos-avancos-impasses-e-perspectivas-2016\/","title":{"rendered":"Book: Mercosul 25 anos: avan\u00e7os, impasses e perspectivas&#8221; (2016)"},"content":{"rendered":"<h3><strong>Mercosul 25 anos: avan\u00e7os, impasses e perspectivas (2016)<\/strong><\/h3>\n<p>Editors: Charles Pennaforte and Maria de F\u00e1tima Bento Ribeiro<\/p>\n<p>Autors: Alejandro Simonoff, C\u00e1ssia Camila C. Fernandes, Charles Pennaforte, Crisitna Soreanu Pecequilo, Dami\u00e1n Paikin. Ign\u00e1cio Bartesaghi,Jos\u00e9 Alexandre Althayde Hage, Laura Luc\u00eda Bogado Bordazar, Laura Maira Bono, Leonardo Granato, Maria de F\u00e1tima Bento Ribeiro and Roberto Miranda.<\/p>\n<p>Publishers: CENEGRI\/CIM-UFPEL.<\/p>\n<div id=\"attachment_1145\" style=\"width: 206px\" class=\"wp-caption aligncenter\"><a href=\"http:\/\/guaiaca.ufpel.edu.br:8080\/handle\/prefix\/7365\" target=\"_blank\" rel=\"noopener\"><img loading=\"lazy\" decoding=\"async\" aria-describedby=\"caption-attachment-1145\" class=\"wp-image-1145\" src=\"https:\/\/wp.ufpel.edu.br\/labgrima\/files\/2022\/10\/Capa-final-PRONTA-scaled-e1666545131707.jpg\" alt=\"Click on the cover to download (Portugueses Edition)\" width=\"206\" height=\"309\" srcset=\"https:\/\/wp.ufpel.edu.br\/labgrima\/files\/2022\/10\/Capa-final-PRONTA-scaled-e1666545131707.jpg 510w, https:\/\/wp.ufpel.edu.br\/labgrima\/files\/2022\/10\/Capa-final-PRONTA-scaled-e1666545131707-267x400.jpg 267w\" sizes=\"auto, (max-width: 206px) 100vw, 206px\" \/><\/a><p id=\"caption-attachment-1145\" class=\"wp-caption-text\">Click on the cover to download (Portugueses Edition)<\/p><\/div>\n","protected":false},"excerpt":{"rendered":"<p>Mercosul 25 anos: avan\u00e7os, impasses e perspectivas (2016) Editors: Charles Pennaforte and Maria de F\u00e1tima Bento Ribeiro Autors: Alejandro Simonoff, C\u00e1ssia Camila C. Fernandes, Charles Pennaforte, Crisitna Soreanu Pecequilo, Dami\u00e1n Paikin. Ign\u00e1cio Bartesaghi,Jos\u00e9 Alexandre Althayde Hage, Laura Luc\u00eda Bogado Bordazar, Laura Maira Bono, Leonardo Granato, Maria de F\u00e1tima Bento Ribeiro and Roberto Miranda. Publishers: CENEGRI\/CIM-UFPEL.<\/p>\n","protected":false},"author":636,"featured_media":0,"parent":0,"menu_order":0,"comment_status":"closed","ping_status":"closed","template":"","meta":{"footnotes":""},"class_list":["post-1154","page","type-page","status-publish","hentry","nodate","item-wrap"],"_links":{"self":[{"href":"https:\/\/wp.ufpel.edu.br\/labgrima\/wp-json\/wp\/v2\/pages\/1154","targetHints":{"allow":["GET"]}}],"collection":[{"href":"https:\/\/wp.ufpel.edu.br\/labgrima\/wp-json\/wp\/v2\/pages"}],"about":[{"href":"https:\/\/wp.ufpel.edu.br\/labgrima\/wp-json\/wp\/v2\/types\/page"}],"author":[{"embeddable":true,"href":"https:\/\/wp.ufpel.edu.br\/labgrima\/wp-json\/wp\/v2\/users\/636"}],"replies":[{"embeddable":true,"href":"https:\/\/wp.ufpel.edu.br\/labgrima\/wp-json\/wp\/v2\/comments?post=1154"}],"version-history":[{"count":1,"href":"https:\/\/wp.ufpel.edu.br\/labgrima\/wp-json\/wp\/v2\/pages\/1154\/revisions"}],"predecessor-version":[{"id":1156,"href":"https:\/\/wp.ufpel.edu.br\/labgrima\/wp-json\/wp\/v2\/pages\/1154\/revisions\/1156"}],"wp:attachment":[{"href":"https:\/\/wp.ufpel.edu.br\/labgrima\/wp-json\/wp\/v2\/media?parent=1154"}],"curies":[{"name":"wp","href":"https:\/\/api.w.org\/{rel}","templated":true}]}}