{"id":182,"date":"2019-10-10T19:51:10","date_gmt":"2019-10-10T22:51:10","guid":{"rendered":"https:\/\/wp.ufpel.edu.br\/labgeotec\/?page_id=182"},"modified":"2019-10-14T15:39:42","modified_gmt":"2019-10-14T18:39:42","slug":"projetos-2016","status":"publish","type":"page","link":"https:\/\/wp.ufpel.edu.br\/labgeotec\/ensino\/projetos\/projetos-2016\/","title":{"rendered":"Projetos de Ensino 2016"},"content":{"rendered":"<div class=\"layout-cell layout-cell-3 text-align-right\">\n<div class=\"layout-cell-pad-5 text-align-right\" style=\"text-align: justify\">\n<p><strong>GEOPROCESSAMENTO COMO SUPORTE PARA AN\u00c1LISE DA DADOS ESPACIAIS E N\u00c3O ESPACIAIS<\/strong><\/p>\n<\/div>\n<\/div>\n<div class=\"layout-cell layout-cell-9\">\n<div class=\"layout-cell-pad-5\" style=\"text-align: justify\">\n<p><strong>Descri\u00e7\u00e3o:<\/strong> O Projeto de ensino &#8220;Geoprocessamento como suporte para an\u00e1lise de dados espaciais e n\u00e3o espaciais&#8221; busca realizar aperfei\u00e7oamento dos alunos de Geografia da UFPel e \u00e1reas afins na manipula\u00e7\u00e3o de dados espaciais e n\u00e3o espacias em Sistema de Informa\u00e7\u00f5es Geogr\u00e1ficas. Esta tem\u00e1tica faz parte das atividades realizadas no Laborat\u00f3rio de Geotecnologias Aplicadas \u00e0 Geografia, em que s\u00e3o ministradas disciplinas de Introdu\u00e7\u00e3o ao Sistema de Informa\u00e7\u00f5es Geogr\u00e1ficas (SIG), Sensoriamento Remoto e Geoprocessamento.<\/p>\n<p><strong>Coordenador:<\/strong> Allan de Oliveira de Oliveira<\/p>\n<hr \/>\n<p>&nbsp;<\/p>\n<\/div>\n<\/div>\n","protected":false},"excerpt":{"rendered":"<p>GEOPROCESSAMENTO COMO SUPORTE PARA AN\u00c1LISE DA DADOS ESPACIAIS E N\u00c3O ESPACIAIS Descri\u00e7\u00e3o: O Projeto de ensino &#8220;Geoprocessamento como suporte para an\u00e1lise de dados espaciais e n\u00e3o espaciais&#8221; busca realizar aperfei\u00e7oamento dos alunos de Geografia da UFPel e \u00e1reas afins na manipula\u00e7\u00e3o de dados espaciais e n\u00e3o espacias em Sistema de Informa\u00e7\u00f5es Geogr\u00e1ficas. Esta tem\u00e1tica faz [&hellip;]<\/p>\n","protected":false},"author":969,"featured_media":0,"parent":25,"menu_order":4,"comment_status":"closed","ping_status":"closed","template":"","meta":{"footnotes":""},"class_list":["post-182","page","type-page","status-publish","hentry"],"jetpack_sharing_enabled":true,"publishpress_future_action":{"enabled":false,"date":"2026-04-15 16:05:46","action":"change-status","newStatus":"draft","terms":[],"taxonomy":"","extraData":[]},"publishpress_future_workflow_manual_trigger":{"enabledWorkflows":[]},"_links":{"self":[{"href":"https:\/\/wp.ufpel.edu.br\/labgeotec\/wp-json\/wp\/v2\/pages\/182","targetHints":{"allow":["GET"]}}],"collection":[{"href":"https:\/\/wp.ufpel.edu.br\/labgeotec\/wp-json\/wp\/v2\/pages"}],"about":[{"href":"https:\/\/wp.ufpel.edu.br\/labgeotec\/wp-json\/wp\/v2\/types\/page"}],"author":[{"embeddable":true,"href":"https:\/\/wp.ufpel.edu.br\/labgeotec\/wp-json\/wp\/v2\/users\/969"}],"replies":[{"embeddable":true,"href":"https:\/\/wp.ufpel.edu.br\/labgeotec\/wp-json\/wp\/v2\/comments?post=182"}],"version-history":[{"count":7,"href":"https:\/\/wp.ufpel.edu.br\/labgeotec\/wp-json\/wp\/v2\/pages\/182\/revisions"}],"predecessor-version":[{"id":232,"href":"https:\/\/wp.ufpel.edu.br\/labgeotec\/wp-json\/wp\/v2\/pages\/182\/revisions\/232"}],"up":[{"embeddable":true,"href":"https:\/\/wp.ufpel.edu.br\/labgeotec\/wp-json\/wp\/v2\/pages\/25"}],"wp:attachment":[{"href":"https:\/\/wp.ufpel.edu.br\/labgeotec\/wp-json\/wp\/v2\/media?parent=182"}],"curies":[{"name":"wp","href":"https:\/\/api.w.org\/{rel}","templated":true}]}}