{"id":130,"date":"2019-10-10T16:28:23","date_gmt":"2019-10-10T19:28:23","guid":{"rendered":"https:\/\/wp.ufpel.edu.br\/labgeotec\/?page_id=130"},"modified":"2019-10-14T15:40:49","modified_gmt":"2019-10-14T18:40:49","slug":"projetos-concluidos","status":"publish","type":"page","link":"https:\/\/wp.ufpel.edu.br\/labgeotec\/pesquisa\/projetos-concluidos\/","title":{"rendered":"Projetos Conclu\u00eddos"},"content":{"rendered":"<div class=\"layout-cell layout-cell-9\">\n<div class=\"layout-cell-pad-5\">\n<p><strong>2011<\/strong><\/p>\n<p style=\"text-align: justify\"><strong>MAPEAMENTO GEOMORFOL\u00d3GICO APLICADO NA AN\u00c1LISE DE IMPACTOS AMBIENTAIS URBANOS: CONTRIBUI\u00c7\u00d5ES AO RECONHECIMENTO DE MOFOG\u00caNESES, MORFOLOGIAS E MORFODIN\u00c2MICAS DO RELEVO DA BACIA HIDROGR\u00c1FICA DO ARROIO FEIJ\u00d3\/RS<\/strong><\/p>\n<\/div>\n<\/div>\n<div class=\"layout-cell layout-cell-9\">\n<div class=\"layout-cell-pad-5\" style=\"text-align: justify\">\n<p><strong>Descri\u00e7\u00e3o:<\/strong> Impactos ambientais urbanos geram transtornos sociais diversos. Em muitos casos, a an\u00e1lise de impactos ambientais deveria ser pauta de reflex\u00e3o cotidiana, inclusa nas pol\u00edticas de planejamento urbano. Como suporte a essas pol\u00edticas de planejamento urbano, numa perspectiva de aplicabilidade do conhecimento geomorfol\u00f3gico, destacam-se os mapeamentos tem\u00e1ticos em geomorfologia. Objetiva-se nesta pesquisa, de um modo geral, an\u00e1lises de impactos ambientais urbanos na bacia hidrogr\u00e1fica do arroio Feij\u00f3, utilizando-se do mapeamento geomorfol\u00f3gico de detalhe enquanto instrumento de refer\u00eancia, balizador e de s\u00edntese dessas an\u00e1lises. Apresentam-se AbSaber (1969), Ross (1992) e Fujimoto (2001), enquanto fundamentos te\u00f3rico-metodol\u00f3gicos da pesquisa concretizada. Enquanto modos operacionais se destacam as atividades de levantamentos bibliogr\u00e1ficos, de elabora\u00e7\u00e3o de documentos cartogr\u00e1ficos, de trabalhos de campo e, embasadas nestas atividades, as an\u00e1lises. Compreender impactos ambientais urbanos requer o reconhecimento dos processos que os geraram e que, no seu pr\u00f3prio movimento, transformam-se. Impactos ambientais urbanos constituem-se ao longo do processo hist\u00f3rico, por julgamentos de valores de signific\u00e2ncias de efeitos perturbadores, de g\u00eaneses ou conseq\u00fc\u00eancias antr\u00f3picas, no urbano ou para al\u00e9m, no ambiente, que, na promo\u00e7\u00e3o de mudan\u00e7as ecol\u00f3gicas e\/ ou sociais, coloquem em quest\u00e3o estados de auto-organiza\u00e7\u00e3o e\/ ou de relativa estabilidade ambiental. A apreens\u00e3o de impactos ambientais urbanos prima pela compreens\u00e3o de processos ambientais atrav\u00e9s de an\u00e1lises multidimensionais as mais articuladas poss\u00edveis. As diretrizes para estrutura\u00e7\u00e3o de mapeamentos geomorfol\u00f3gicos de detalhe, destacando-se os elementos de abordagem acordados pela Comiss\u00e3o de Pesquisa em Mapeamento Geomorfol\u00f3gico da Uni\u00e3o Geogr\u00e1fica Internacional (UGI), dados morfogr\u00e1ficos, morfom\u00e9tricos e morfocronogen\u00e9ticos do relevo, quando acrescidas das leituras morfodin\u00e2micas do relevo, acredita-se, para o caso da bacia hidrogr\u00e1fica do arroio Feij\u00f3, bem embasam an\u00e1lises de impactos ambientais urbanos. Abordagens de dados hidrogr\u00e1ficos, geol\u00f3gicos, pedol\u00f3gicos, pluviom\u00e9tricos, s\u00f3cio-hist\u00f3ricos e socioecon\u00f4micos contribuem na estrutura\u00e7\u00e3o do mapeamento geomorfol\u00f3gico da bacia hidrogr\u00e1fica do arroio Feij\u00f3 e, a partir deste, ao reconhecimento de proeminentes impactos ambientais urbanos na bacia hidrogr\u00e1fica em quest\u00e3o. No contexto do mapeamento geomorfol\u00f3gico, reconhecem-se padr\u00f5es, unidades e geometrias de vertentes do relevo da bacia do Feij\u00f3, assim como, formas de processos atuais; tamb\u00e9m, reconhecem-se aspectos pedol\u00f3gicos e das vertentes de indica\u00e7\u00f5es morfogen\u00e9ticas relativamente recentes do relevo, as quais, sensivelmente alteradas no processo de ocupa\u00e7\u00e3o antr\u00f3pica da bacia hidrogr\u00e1fica: h\u00e1 aumento do fluxo por terra e conseq\u00fcente redu\u00e7\u00e3o da infiltra\u00e7\u00e3o. Verifica-se altera\u00e7\u00e3o do sistema hidrol\u00f3gico da vertente e conseq\u00fcentemente do curso fluvial. Com a intensa altera\u00e7\u00e3o dos processos morfogen\u00e9ticos, marcados pelo acr\u00e9scimo dos fluxos superficiais, h\u00e1 um colapso na funcionalidade dos canais, com os solapamentos de margens, assoreamentos e transbordamentos dos mesmos. Visando-se atenuar os problemas decorrentes destas situa\u00e7\u00f5es, entre outras pr\u00e1ticas, utiliza-se do processo de retifica\u00e7\u00e3o dos cursos fluviais, que se torna permanente. Desse modo, imp\u00f5e-se a busca das g\u00eaneses, das fun\u00e7\u00f5es e das rela\u00e7\u00f5es, numa melhor compreens\u00e3o de impactos ambientais. H\u00e1 de se considerar essa busca uma constante entre as vari\u00e1veis das din\u00e2micas ambientais, dentre elas, indica-se, das morfodin\u00e2micas do relevo da bacia hidrogr\u00e1fica do arroio Feij\u00f3.<\/p>\n<p><strong>Coordenador:<\/strong> Mois\u00e9s Ortemar Rehbein<\/p>\n<hr \/>\n<\/div>\n<\/div>\n","protected":false},"excerpt":{"rendered":"<p>2011 MAPEAMENTO GEOMORFOL\u00d3GICO APLICADO NA AN\u00c1LISE DE IMPACTOS AMBIENTAIS URBANOS: CONTRIBUI\u00c7\u00d5ES AO RECONHECIMENTO DE MOFOG\u00caNESES, MORFOLOGIAS E MORFODIN\u00c2MICAS DO RELEVO DA BACIA HIDROGR\u00c1FICA DO ARROIO FEIJ\u00d3\/RS Descri\u00e7\u00e3o: Impactos ambientais urbanos geram transtornos sociais diversos. Em muitos casos, a an\u00e1lise de impactos ambientais deveria ser pauta de reflex\u00e3o cotidiana, inclusa nas pol\u00edticas de planejamento urbano. Como [&hellip;]<\/p>\n","protected":false},"author":969,"featured_media":0,"parent":27,"menu_order":2,"comment_status":"closed","ping_status":"closed","template":"","meta":{"footnotes":""},"class_list":["post-130","page","type-page","status-publish","hentry"],"jetpack_sharing_enabled":true,"publishpress_future_action":{"enabled":false,"date":"2026-04-15 23:01:02","action":"change-status","newStatus":"draft","terms":[],"taxonomy":"","extraData":[]},"publishpress_future_workflow_manual_trigger":{"enabledWorkflows":[]},"_links":{"self":[{"href":"https:\/\/wp.ufpel.edu.br\/labgeotec\/wp-json\/wp\/v2\/pages\/130","targetHints":{"allow":["GET"]}}],"collection":[{"href":"https:\/\/wp.ufpel.edu.br\/labgeotec\/wp-json\/wp\/v2\/pages"}],"about":[{"href":"https:\/\/wp.ufpel.edu.br\/labgeotec\/wp-json\/wp\/v2\/types\/page"}],"author":[{"embeddable":true,"href":"https:\/\/wp.ufpel.edu.br\/labgeotec\/wp-json\/wp\/v2\/users\/969"}],"replies":[{"embeddable":true,"href":"https:\/\/wp.ufpel.edu.br\/labgeotec\/wp-json\/wp\/v2\/comments?post=130"}],"version-history":[{"count":4,"href":"https:\/\/wp.ufpel.edu.br\/labgeotec\/wp-json\/wp\/v2\/pages\/130\/revisions"}],"predecessor-version":[{"id":234,"href":"https:\/\/wp.ufpel.edu.br\/labgeotec\/wp-json\/wp\/v2\/pages\/130\/revisions\/234"}],"up":[{"embeddable":true,"href":"https:\/\/wp.ufpel.edu.br\/labgeotec\/wp-json\/wp\/v2\/pages\/27"}],"wp:attachment":[{"href":"https:\/\/wp.ufpel.edu.br\/labgeotec\/wp-json\/wp\/v2\/media?parent=130"}],"curies":[{"name":"wp","href":"https:\/\/api.w.org\/{rel}","templated":true}]}}