{"id":13,"date":"2019-10-04T11:58:58","date_gmt":"2019-10-04T14:58:58","guid":{"rendered":"https:\/\/wp.ufpel.edu.br\/labgeotec\/?page_id=13"},"modified":"2025-05-23T10:20:42","modified_gmt":"2025-05-23T13:20:42","slug":"equipe","status":"publish","type":"page","link":"https:\/\/wp.ufpel.edu.br\/labgeotec\/apresentacao\/equipe\/","title":{"rendered":"Equipe"},"content":{"rendered":"<p><strong>Coordenadores:<\/strong><\/p>\n<p><a href=\"http:\/\/lattes.cnpq.br\/9410223282785441\" target=\"_blank\" rel=\"noopener noreferrer\">Prof. Dr. Mois\u00e9s Ortemar Rehbein<\/a><\/p>\n<p><img data-attachment-id=\"253\" data-permalink=\"https:\/\/wp.ufpel.edu.br\/labgeotec\/apresentacao\/equipe\/moises\/\" data-orig-file=\"https:\/\/wp.ufpel.edu.br\/labgeotec\/files\/2019\/10\/Moises.jpg\" data-orig-size=\"240,318\" data-comments-opened=\"0\" data-image-meta=\"{&quot;aperture&quot;:&quot;0&quot;,&quot;credit&quot;:&quot;&quot;,&quot;camera&quot;:&quot;&quot;,&quot;caption&quot;:&quot;&quot;,&quot;created_timestamp&quot;:&quot;0&quot;,&quot;copyright&quot;:&quot;&quot;,&quot;focal_length&quot;:&quot;0&quot;,&quot;iso&quot;:&quot;0&quot;,&quot;shutter_speed&quot;:&quot;0&quot;,&quot;title&quot;:&quot;&quot;,&quot;orientation&quot;:&quot;0&quot;}\" data-image-title=\"Moises\" data-image-description=\"\" data-image-caption=\"\" data-medium-file=\"https:\/\/wp.ufpel.edu.br\/labgeotec\/files\/2019\/10\/Moises.jpg\" data-large-file=\"https:\/\/wp.ufpel.edu.br\/labgeotec\/files\/2019\/10\/Moises.jpg\" class=\"wp-image-253 alignleft\" src=\"https:\/\/wp.ufpel.edu.br\/labgeotec\/files\/2019\/10\/Moises.jpg\" alt=\"\" width=\"130\" height=\"172\" \/><\/p>\n<p>Possui Gradua\u00e7\u00e3o em Estudos Sociais\/ Licenciatura Plena em Geografia (2001) pela Universidade de Santa Cruz do Sul\/ UNISC; Gradua\u00e7\u00e3o em Geografia\/ Bacharelado (2006) pela Universidade Federal do Rio Grande do Sul\/ UFRGS; Mestrado em Geografia\/ An\u00e1lise Ambiental (2005) pela UFRGS e Doutorado em Geografia F\u00edsica (2011) pela Universidade de S\u00e3o Paulo\/ USP. Atualmente \u00e9 professor Adjunto do Departamento de Geografia do Instituto de Ci\u00eancias Humanas da Universidade Federal de Pelotas (UFPel), onde se dedica ao ensino de Hidrogeografia, Sensoriamento Remoto e Geomorfologia. Faz parte do corpo docente do Programa de P\u00f3s-Gradua\u00e7\u00e3o em Geografia da UFPel. \u00c9 colaborador no Laborat\u00f3rio de Estudos Aplicados em Geografia F\u00edsica\/LEAGEF e coodenador do N\u00facleo de Estudos em Geotecnologias Aplicadas\/NUGEOTEC, trabalhando com temas de pesquisas em cartografia geomorfol\u00f3gica, geomorfologia urbana e morfodin\u00e2micas do relevo. No CNPq, est\u00e1 vinculado ao Grupo de Pesquisa Geomorfologia e Meio Ambiente.<\/p>\n<p>&nbsp;<\/p>\n<p><a href=\"http:\/\/lattes.cnpq.br\/9149982511285040\" target=\"_blank\" rel=\"noopener noreferrer\">Prof\u00aa. Dr\u00aa. Erika Collischonn<\/a><\/p>\n<p style=\"text-align: justify;\"><img data-attachment-id=\"245\" data-permalink=\"https:\/\/wp.ufpel.edu.br\/labgeotec\/apresentacao\/equipe\/erika\/\" data-orig-file=\"https:\/\/wp.ufpel.edu.br\/labgeotec\/files\/2019\/10\/Erika.jpg\" data-orig-size=\"240,318\" data-comments-opened=\"0\" data-image-meta=\"{&quot;aperture&quot;:&quot;0&quot;,&quot;credit&quot;:&quot;&quot;,&quot;camera&quot;:&quot;&quot;,&quot;caption&quot;:&quot;&quot;,&quot;created_timestamp&quot;:&quot;0&quot;,&quot;copyright&quot;:&quot;&quot;,&quot;focal_length&quot;:&quot;0&quot;,&quot;iso&quot;:&quot;0&quot;,&quot;shutter_speed&quot;:&quot;0&quot;,&quot;title&quot;:&quot;&quot;,&quot;orientation&quot;:&quot;0&quot;}\" data-image-title=\"Erika\" data-image-description=\"\" data-image-caption=\"\" data-medium-file=\"https:\/\/wp.ufpel.edu.br\/labgeotec\/files\/2019\/10\/Erika.jpg\" data-large-file=\"https:\/\/wp.ufpel.edu.br\/labgeotec\/files\/2019\/10\/Erika.jpg\" class=\"wp-image-245 alignleft\" src=\"https:\/\/wp.ufpel.edu.br\/labgeotec\/files\/2019\/10\/Erika.jpg\" alt=\"\" width=\"130\" height=\"173\" \/><\/p>\n<p style=\"text-align: justify;\">Possui gradua\u00e7\u00e3o em Geografia pela Universidade Federal do Rio Grande do Sul (1987), mestrado (1998) e doutorado (2009) em Geografia pela Universidade Federal de Santa Catarina (1998). Atualmente \u00e9 professora Adjunto IV da Universidade Federal de Pelotas. Tem experi\u00eancia na \u00e1rea de Geoci\u00eancias, com \u00eanfase em Climatologia Geogr\u00e1fica e Geoprocessamento, atuando principalmente nos seguintes temas: climatologia geogr\u00e1fica, ensino de climatologia, geocartografia nas \u00e1reas de sa\u00fade e seguran\u00e7a p\u00fablica. Pesquisadora vinculada ao Grupo de Pesquisa &#8220;Espa\u00e7o e Sa\u00fade&#8221; (UFPR\/Curitiba). Integra a equipe de professores do Laborat\u00f3rio de Estudos Aplicados em Geografia F\u00edsica &#8211; LEAGEF\/UFPEL.<\/p>\n<p>&nbsp;<\/p>\n<p><strong>Professores Colaboradores:<\/strong><\/p>\n<p>&nbsp;<\/p>\n<p><a href=\"http:\/\/lattes.cnpq.br\/4190381543138987\" target=\"_blank\" rel=\"noopener noreferrer\">Prof\u00aa. Dr\u00aa. Edvania Aparecida Corr\u00eaa Alves<\/a><\/p>\n<p><img data-attachment-id=\"252\" data-permalink=\"https:\/\/wp.ufpel.edu.br\/labgeotec\/apresentacao\/equipe\/edvania\/\" data-orig-file=\"https:\/\/wp.ufpel.edu.br\/labgeotec\/files\/2019\/10\/edvania.png\" data-orig-size=\"464,586\" data-comments-opened=\"0\" data-image-meta=\"{&quot;aperture&quot;:&quot;0&quot;,&quot;credit&quot;:&quot;&quot;,&quot;camera&quot;:&quot;&quot;,&quot;caption&quot;:&quot;&quot;,&quot;created_timestamp&quot;:&quot;0&quot;,&quot;copyright&quot;:&quot;&quot;,&quot;focal_length&quot;:&quot;0&quot;,&quot;iso&quot;:&quot;0&quot;,&quot;shutter_speed&quot;:&quot;0&quot;,&quot;title&quot;:&quot;&quot;,&quot;orientation&quot;:&quot;0&quot;}\" data-image-title=\"edvania\" data-image-description=\"\" data-image-caption=\"\" data-medium-file=\"https:\/\/wp.ufpel.edu.br\/labgeotec\/files\/2019\/10\/edvania-317x400.png\" data-large-file=\"https:\/\/wp.ufpel.edu.br\/labgeotec\/files\/2019\/10\/edvania.png\" class=\"wp-image-252 alignleft\" src=\"https:\/\/wp.ufpel.edu.br\/labgeotec\/files\/2019\/10\/edvania-317x400.png\" alt=\"\" width=\"130\" height=\"164\" srcset=\"https:\/\/wp.ufpel.edu.br\/labgeotec\/files\/2019\/10\/edvania-317x400.png 317w, https:\/\/wp.ufpel.edu.br\/labgeotec\/files\/2019\/10\/edvania.png 464w\" sizes=\"(max-width: 130px) 100vw, 130px\" \/> Graduada, Mestre e Doutora em Geog<\/p>\n<p><span style=\"color: var(--cor-texto); font-family: var(--fonte-corpo);\">rafia pela Universidade Estadual Paulista J\u00falio de Mesquita Filho na linha de pesquisa &#8220;An\u00e1lise Ambiental e Sistemas de Informa\u00e7\u00e3o Geogr\u00e1fica&#8221;. Atualmente \u00e9 professora Adjunta junto ao Instituto de Ci\u00eancias Humanas da Universidade Federal de Pelotas (UFPel). Desenvolve pesquisas na \u00e1rea de Geoci\u00eancias, com \u00eanfase em Conserva\u00e7\u00e3o do solo, Manejo de Bacias Hidrogr\u00e1ficas, Cartografia e Geotecnologias.<\/span><\/p>\n<hr \/>\n<p>&nbsp;<\/p>\n<p><strong>T\u00e9cnica de Laborat\u00f3rio:<\/strong><\/p>\n<p><img data-attachment-id=\"281\" data-permalink=\"https:\/\/wp.ufpel.edu.br\/labgeotec\/apresentacao\/equipe\/foto\/\" data-orig-file=\"https:\/\/wp.ufpel.edu.br\/labgeotec\/files\/2024\/09\/foto-scaled.jpg\" data-orig-size=\"1920,2560\" data-comments-opened=\"0\" data-image-meta=\"{&quot;aperture&quot;:&quot;2.2&quot;,&quot;credit&quot;:&quot;&quot;,&quot;camera&quot;:&quot;SM-G780G&quot;,&quot;caption&quot;:&quot;&quot;,&quot;created_timestamp&quot;:&quot;1658138986&quot;,&quot;copyright&quot;:&quot;&quot;,&quot;focal_length&quot;:&quot;3.72&quot;,&quot;iso&quot;:&quot;320&quot;,&quot;shutter_speed&quot;:&quot;0.0083333333333333&quot;,&quot;title&quot;:&quot;&quot;,&quot;orientation&quot;:&quot;1&quot;}\" data-image-title=\"foto\" data-image-description=\"\" data-image-caption=\"\" data-medium-file=\"https:\/\/wp.ufpel.edu.br\/labgeotec\/files\/2024\/09\/foto-300x400.jpg\" data-large-file=\"https:\/\/wp.ufpel.edu.br\/labgeotec\/files\/2024\/09\/foto-768x1024.jpg\" class=\" wp-image-281 alignleft\" src=\"https:\/\/wp.ufpel.edu.br\/labgeotec\/files\/2024\/09\/foto-300x400.jpg\" alt=\"\" width=\"145\" height=\"194\" srcset=\"https:\/\/wp.ufpel.edu.br\/labgeotec\/files\/2024\/09\/foto-300x400.jpg 300w, https:\/\/wp.ufpel.edu.br\/labgeotec\/files\/2024\/09\/foto-768x1024.jpg 768w, https:\/\/wp.ufpel.edu.br\/labgeotec\/files\/2024\/09\/foto-1152x1536.jpg 1152w, https:\/\/wp.ufpel.edu.br\/labgeotec\/files\/2024\/09\/foto-1536x2048.jpg 1536w, https:\/\/wp.ufpel.edu.br\/labgeotec\/files\/2024\/09\/foto-scaled.jpg 1920w\" sizes=\"(max-width: 145px) 100vw, 145px\" \/>Roberta Manke de Lima Vellar<\/p>\n<p>Formada em Agronomia pela Universidade Federal de Pelotas, no ano de 2007 e possuo mestrado em Agronomia pela Universidade Federal de Pelotas, com \u00canfase em ci\u00eancias do solo (2012). Atualmente sou t\u00e9cnico de n\u00edvel superior da Universidade Federal de Pelotas, atuando no departamento do curso de Geografia. Tenho experi\u00eancia na \u00e1rea de Agronomia, com \u00eanfase em Fertilidade e F\u00edsica dos Solos.<\/p>\n<p>No departamento do curso de Geografia atuo como servidor t\u00e9cnico no Laborat\u00f3rio de Geotecnologias, atuando principalmente na manuten\u00e7\u00e3o e preparo do laborat\u00f3rio para as aulas de diferentes disciplinas ministradas no Laborat\u00f3rio.<\/p>\n<hr \/>\n<p>&nbsp;<\/p>\n<p>&nbsp;<\/p>\n<p>&nbsp;<\/p>\n<p>&nbsp;<\/p>\n<p style=\"text-align: justify;\">\n","protected":false},"excerpt":{"rendered":"<p>Coordenadores: Prof. Dr. Mois\u00e9s Ortemar Rehbein Possui Gradua\u00e7\u00e3o em Estudos Sociais\/ Licenciatura Plena em Geografia (2001) pela Universidade de Santa Cruz do Sul\/ UNISC; Gradua\u00e7\u00e3o em Geografia\/ Bacharelado (2006) pela Universidade Federal do Rio Grande do Sul\/ UFRGS; Mestrado em Geografia\/ An\u00e1lise Ambiental (2005) pela UFRGS e Doutorado em Geografia F\u00edsica (2011) pela Universidade de [&hellip;]<\/p>\n","protected":false},"author":969,"featured_media":0,"parent":11,"menu_order":3,"comment_status":"closed","ping_status":"closed","template":"","meta":{"footnotes":""},"class_list":["post-13","page","type-page","status-publish","hentry"],"jetpack_sharing_enabled":true,"publishpress_future_action":{"enabled":false,"date":"2026-05-06 21:36:17","action":"change-status","newStatus":"draft","terms":[],"taxonomy":"","extraData":[]},"publishpress_future_workflow_manual_trigger":{"enabledWorkflows":[]},"_links":{"self":[{"href":"https:\/\/wp.ufpel.edu.br\/labgeotec\/wp-json\/wp\/v2\/pages\/13","targetHints":{"allow":["GET"]}}],"collection":[{"href":"https:\/\/wp.ufpel.edu.br\/labgeotec\/wp-json\/wp\/v2\/pages"}],"about":[{"href":"https:\/\/wp.ufpel.edu.br\/labgeotec\/wp-json\/wp\/v2\/types\/page"}],"author":[{"embeddable":true,"href":"https:\/\/wp.ufpel.edu.br\/labgeotec\/wp-json\/wp\/v2\/users\/969"}],"replies":[{"embeddable":true,"href":"https:\/\/wp.ufpel.edu.br\/labgeotec\/wp-json\/wp\/v2\/comments?post=13"}],"version-history":[{"count":19,"href":"https:\/\/wp.ufpel.edu.br\/labgeotec\/wp-json\/wp\/v2\/pages\/13\/revisions"}],"predecessor-version":[{"id":283,"href":"https:\/\/wp.ufpel.edu.br\/labgeotec\/wp-json\/wp\/v2\/pages\/13\/revisions\/283"}],"up":[{"embeddable":true,"href":"https:\/\/wp.ufpel.edu.br\/labgeotec\/wp-json\/wp\/v2\/pages\/11"}],"wp:attachment":[{"href":"https:\/\/wp.ufpel.edu.br\/labgeotec\/wp-json\/wp\/v2\/media?parent=13"}],"curies":[{"name":"wp","href":"https:\/\/api.w.org\/{rel}","templated":true}]}}

<p><strong>Coordenadores:</strong></p>
<p><a href="http://lattes.cnpq.br/9410223282785441" target="_blank" rel="noopener noreferrer">Prof. Dr. Moisés Ortemar Rehbein</a></p>
<p><img data-attachment-id="253" data-permalink="https://wp.ufpel.edu.br/labgeotec/apresentacao/equipe/moises/" data-orig-file="https://wp.ufpel.edu.br/labgeotec/files/2019/10/Moises.jpg" data-orig-size="240,318" data-comments-opened="0" data-image-meta="{&quot;aperture&quot;:&quot;0&quot;,&quot;credit&quot;:&quot;&quot;,&quot;camera&quot;:&quot;&quot;,&quot;caption&quot;:&quot;&quot;,&quot;created_timestamp&quot;:&quot;0&quot;,&quot;copyright&quot;:&quot;&quot;,&quot;focal_length&quot;:&quot;0&quot;,&quot;iso&quot;:&quot;0&quot;,&quot;shutter_speed&quot;:&quot;0&quot;,&quot;title&quot;:&quot;&quot;,&quot;orientation&quot;:&quot;0&quot;}" data-image-title="Moises" data-image-description="" data-image-caption="" data-medium-file="https://wp.ufpel.edu.br/labgeotec/files/2019/10/Moises.jpg" data-large-file="https://wp.ufpel.edu.br/labgeotec/files/2019/10/Moises.jpg" class="wp-image-253 alignleft" src="https://wp.ufpel.edu.br/labgeotec/files/2019/10/Moises.jpg" alt="" width="130" height="172" /></p>
<p>Possui Graduação em Estudos Sociais/ Licenciatura Plena em Geografia (2001) pela Universidade de Santa Cruz do Sul/ UNISC; Graduação em Geografia/ Bacharelado (2006) pela Universidade Federal do Rio Grande do Sul/ UFRGS; Mestrado em Geografia/ Análise Ambiental (2005) pela UFRGS e Doutorado em Geografia Física (2011) pela Universidade de São Paulo/ USP. Atualmente é professor Adjunto do Departamento de Geografia do Instituto de Ciências Humanas da Universidade Federal de Pelotas (UFPel), onde se dedica ao ensino de Hidrogeografia, Sensoriamento Remoto e Geomorfologia. Faz parte do corpo docente do Programa de Pós-Graduação em Geografia da UFPel. É colaborador no Laboratório de Estudos Aplicados em Geografia Física/LEAGEF e coodenador do Núcleo de Estudos em Geotecnologias Aplicadas/NUGEOTEC, trabalhando com temas de pesquisas em cartografia geomorfológica, geomorfologia urbana e morfodinâmicas do relevo. No CNPq, está vinculado ao Grupo de Pesquisa Geomorfologia e Meio Ambiente.</p>
<p>&nbsp;</p>
<p><a href="http://lattes.cnpq.br/9149982511285040" target="_blank" rel="noopener noreferrer">Profª. Drª. Erika Collischonn</a></p>
<p style="text-align: justify;"><img data-attachment-id="245" data-permalink="https://wp.ufpel.edu.br/labgeotec/apresentacao/equipe/erika/" data-orig-file="https://wp.ufpel.edu.br/labgeotec/files/2019/10/Erika.jpg" data-orig-size="240,318" data-comments-opened="0" data-image-meta="{&quot;aperture&quot;:&quot;0&quot;,&quot;credit&quot;:&quot;&quot;,&quot;camera&quot;:&quot;&quot;,&quot;caption&quot;:&quot;&quot;,&quot;created_timestamp&quot;:&quot;0&quot;,&quot;copyright&quot;:&quot;&quot;,&quot;focal_length&quot;:&quot;0&quot;,&quot;iso&quot;:&quot;0&quot;,&quot;shutter_speed&quot;:&quot;0&quot;,&quot;title&quot;:&quot;&quot;,&quot;orientation&quot;:&quot;0&quot;}" data-image-title="Erika" data-image-description="" data-image-caption="" data-medium-file="https://wp.ufpel.edu.br/labgeotec/files/2019/10/Erika.jpg" data-large-file="https://wp.ufpel.edu.br/labgeotec/files/2019/10/Erika.jpg" class="wp-image-245 alignleft" src="https://wp.ufpel.edu.br/labgeotec/files/2019/10/Erika.jpg" alt="" width="130" height="173" /></p>
<p style="text-align: justify;">Possui graduação em Geografia pela Universidade Federal do Rio Grande do Sul (1987), mestrado (1998) e doutorado (2009) em Geografia pela Universidade Federal de Santa Catarina (1998). Atualmente é professora Adjunto IV da Universidade Federal de Pelotas. Tem experiência na área de Geociências, com ênfase em Climatologia Geográfica e Geoprocessamento, atuando principalmente nos seguintes temas: climatologia geográfica, ensino de climatologia, geocartografia nas áreas de saúde e segurança pública. Pesquisadora vinculada ao Grupo de Pesquisa &#8220;Espaço e Saúde&#8221; (UFPR/Curitiba). Integra a equipe de professores do Laboratório de Estudos Aplicados em Geografia Física &#8211; LEAGEF/UFPEL.</p>
<p>&nbsp;</p>
<p><strong>Professores Colaboradores:</strong></p>
<p>&nbsp;</p>
<p><a href="http://lattes.cnpq.br/4190381543138987" target="_blank" rel="noopener noreferrer">Profª. Drª. Edvania Aparecida Corrêa Alves</a></p>
<p><img data-attachment-id="252" data-permalink="https://wp.ufpel.edu.br/labgeotec/apresentacao/equipe/edvania/" data-orig-file="https://wp.ufpel.edu.br/labgeotec/files/2019/10/edvania.png" data-orig-size="464,586" data-comments-opened="0" data-image-meta="{&quot;aperture&quot;:&quot;0&quot;,&quot;credit&quot;:&quot;&quot;,&quot;camera&quot;:&quot;&quot;,&quot;caption&quot;:&quot;&quot;,&quot;created_timestamp&quot;:&quot;0&quot;,&quot;copyright&quot;:&quot;&quot;,&quot;focal_length&quot;:&quot;0&quot;,&quot;iso&quot;:&quot;0&quot;,&quot;shutter_speed&quot;:&quot;0&quot;,&quot;title&quot;:&quot;&quot;,&quot;orientation&quot;:&quot;0&quot;}" data-image-title="edvania" data-image-description="" data-image-caption="" data-medium-file="https://wp.ufpel.edu.br/labgeotec/files/2019/10/edvania-317x400.png" data-large-file="https://wp.ufpel.edu.br/labgeotec/files/2019/10/edvania.png" class="wp-image-252 alignleft" src="https://wp.ufpel.edu.br/labgeotec/files/2019/10/edvania-317x400.png" alt="" width="130" height="164" srcset="https://wp.ufpel.edu.br/labgeotec/files/2019/10/edvania-317x400.png 317w, https://wp.ufpel.edu.br/labgeotec/files/2019/10/edvania.png 464w" sizes="(max-width: 130px) 100vw, 130px" /> Graduada, Mestre e Doutora em Geog</p>
<p><span style="color: var(--cor-texto); font-family: var(--fonte-corpo);">rafia pela Universidade Estadual Paulista Júlio de Mesquita Filho na linha de pesquisa &#8220;Análise Ambiental e Sistemas de Informação Geográfica&#8221;. Atualmente é professora Adjunta junto ao Instituto de Ciências Humanas da Universidade Federal de Pelotas (UFPel). Desenvolve pesquisas na área de Geociências, com ênfase em Conservação do solo, Manejo de Bacias Hidrográficas, Cartografia e Geotecnologias.</span></p>
<hr />
<p>&nbsp;</p>
<p><strong>Técnica de Laboratório:</strong></p>
<p><img data-attachment-id="281" data-permalink="https://wp.ufpel.edu.br/labgeotec/apresentacao/equipe/foto/" data-orig-file="https://wp.ufpel.edu.br/labgeotec/files/2024/09/foto-scaled.jpg" data-orig-size="1920,2560" data-comments-opened="0" data-image-meta="{&quot;aperture&quot;:&quot;2.2&quot;,&quot;credit&quot;:&quot;&quot;,&quot;camera&quot;:&quot;SM-G780G&quot;,&quot;caption&quot;:&quot;&quot;,&quot;created_timestamp&quot;:&quot;1658138986&quot;,&quot;copyright&quot;:&quot;&quot;,&quot;focal_length&quot;:&quot;3.72&quot;,&quot;iso&quot;:&quot;320&quot;,&quot;shutter_speed&quot;:&quot;0.0083333333333333&quot;,&quot;title&quot;:&quot;&quot;,&quot;orientation&quot;:&quot;1&quot;}" data-image-title="foto" data-image-description="" data-image-caption="" data-medium-file="https://wp.ufpel.edu.br/labgeotec/files/2024/09/foto-300x400.jpg" data-large-file="https://wp.ufpel.edu.br/labgeotec/files/2024/09/foto-768x1024.jpg" class=" wp-image-281 alignleft" src="https://wp.ufpel.edu.br/labgeotec/files/2024/09/foto-300x400.jpg" alt="" width="145" height="194" srcset="https://wp.ufpel.edu.br/labgeotec/files/2024/09/foto-300x400.jpg 300w, https://wp.ufpel.edu.br/labgeotec/files/2024/09/foto-768x1024.jpg 768w, https://wp.ufpel.edu.br/labgeotec/files/2024/09/foto-1152x1536.jpg 1152w, https://wp.ufpel.edu.br/labgeotec/files/2024/09/foto-1536x2048.jpg 1536w, https://wp.ufpel.edu.br/labgeotec/files/2024/09/foto-scaled.jpg 1920w" sizes="(max-width: 145px) 100vw, 145px" />Roberta Manke de Lima Vellar</p>
<p>Formada em Agronomia pela Universidade Federal de Pelotas, no ano de 2007 e possuo mestrado em Agronomia pela Universidade Federal de Pelotas, com Ênfase em ciências do solo (2012). Atualmente sou técnico de nível superior da Universidade Federal de Pelotas, atuando no departamento do curso de Geografia. Tenho experiência na área de Agronomia, com ênfase em Fertilidade e Física dos Solos.</p>
<p>No departamento do curso de Geografia atuo como servidor técnico no Laboratório de Geotecnologias, atuando principalmente na manutenção e preparo do laboratório para as aulas de diferentes disciplinas ministradas no Laboratório.</p>
<hr />
<p>&nbsp;</p>
<p>&nbsp;</p>
<p>&nbsp;</p>
<p>&nbsp;</p>
<p style="text-align: justify;">

<p>Coordenadores: Prof. Dr. Moisés Ortemar Rehbein Possui Graduação em Estudos Sociais/ Licenciatura Plena em Geografia (2001) pela Universidade de Santa Cruz do Sul/ UNISC; Graduação em Geografia/ Bacharelado (2006) pela Universidade Federal do Rio Grande do Sul/ UFRGS; Mestrado em Geografia/ Análise Ambiental (2005) pela UFRGS e Doutorado em Geografia Física (2011) pela Universidade de [&hellip;]</p>
