{"id":23,"date":"2010-06-07T17:34:03","date_gmt":"2010-06-07T20:34:03","guid":{"rendered":"https:\/\/wp.ufpel.edu.br\/labeventos\/?page_id=23"},"modified":"2010-09-16T08:34:46","modified_gmt":"2010-09-16T11:34:46","slug":"links-de-eventos-academicos-do-turismo","status":"publish","type":"page","link":"https:\/\/wp.ufpel.edu.br\/labeventos\/links-de-eventos-academicos-do-turismo\/","title":{"rendered":"Links de Eventos Acad\u00eamicos do Turismo"},"content":{"rendered":"<p><span style=\"line-height: normal;font-size: small\">\u00a0<\/span><\/p>\n<p><strong>MAR\u00c7O<\/strong><\/p>\n<p>INVTUR \u2013 Investiga\u00e7\u00e3o em Turismo \u2013 de 10 a 13 de mar\u00e7o de 2010.<\/p>\n<p>Portugal<\/p>\n<p><a href=\"http:\/\/www.ua.pt\/event\/invtur2010\/\">www.ua.pt\/event\/invtur2010\/<\/a><\/p>\n<p>5\u00ba<strong> <\/strong>Sal\u00e3o Ga\u00facho de Turismo \u2013 de 18 a 21 de mar\u00e7o de 2010.<\/p>\n<p>Caxias do Sul<\/p>\n<p><a href=\"http:\/\/www.salaodoturismo.rs.gov.br\/\">www.salaodoturismo.rs.gov.br\/<\/a><\/p>\n<p>1\u00ba SANTUR \u2013 Sal\u00e3o Catarinense do Turismo \u2013 de 22 a 27 de mar\u00e7o de 2010.<\/p>\n<p>Florian\u00f3polis<\/p>\n<p><a href=\"http:\/\/www.santur.sc.gov.br\/\">www.santur.sc.gov.br<\/a><\/p>\n<p>26\u00ba REPONTE \u2013 de 11 a 14 de mar\u00e7o de 2010.<\/p>\n<p>S\u00e3o Louren\u00e7o do Sul<\/p>\n<p><a href=\"http:\/\/www.saolourencodosul.rs.gov.br\/\">www.saolourencodosul.rs.gov.br<\/a><\/p>\n<p><strong>ABRIL<\/strong><\/p>\n<p>ENTBL 2010 \u2013 Encontro Nacional de Turismo com Base Local \u2013 de 12 a 13 de abril de 2010.<\/p>\n<p>Rio de Janeiro<\/p>\n<p><a href=\"http:\/\/eventos.uff.br\/entbl2010\/apresenta%C3%A7%C3%A3o\">www.eventos.uff.br\/entbl2010\/apresenta%C3%A7%C3%A3o<\/a><\/p>\n<p><strong>MAIO<\/strong><\/p>\n<p>IV CONGRESO SOCIETUR \u2013 Sociedad de Investigadores en Turismo de Chile &#8211; de 19 a 20 de maio de 2010.<\/p>\n<p>Chile<\/p>\n<p><a href=\"http:\/\/agrotur.ning.com\/events\/4-congreso-sociedad-de\">www.agrotur.ning.com\/events\/4-congreso-sociedad-de<\/a><\/p>\n<p>VII CITURDES<strong> <\/strong>\u2013 Congresso Internacional sobre Turismo Rural e Desenvolvimento Sustent\u00e1vel &#8211; de 12 a 15 de maio de 2010.<\/p>\n<p>Porto Alegre<\/p>\n<p><a href=\"http:\/\/www.ufrgs.br\/citurdes\">www.ufrgs.br\/citurdes<\/a><\/p>\n<p><strong>JUNHO<\/strong><\/p>\n<p>Festival de Turismo das Cataratas do Igua\u00e7u<strong> \u2013 <\/strong>de 16 a 18 de junho de 2010.<\/p>\n<p>Foz do Igua\u00e7u \u2013 Paran\u00e1<\/p>\n<p><a href=\"http:\/\/www.festivaldeturismodascataratas.com\/\">www.festivaldeturismodascataratas.com\/<\/a><\/p>\n<p><strong>JULHO<\/strong><\/p>\n<p>SEMINTUR 2010 \u2013 Semin\u00e1rio de Pesquisa em Turismo do Mercosul &#8211; de 9 a 10 de julho de 2010.<\/p>\n<p>Caxias do Sul\/RS<\/p>\n<p><a href=\"http:\/\/www.ucs.br\/\">www.ucs.br<\/a><\/p>\n<p><strong>AGOSTO<\/strong><\/p>\n<p>52\u00ba CONOTEL e FISPAL HOTEL \u2013 Congresso Nacional de Hotelaria &#8211; de 17 a 19 de agosto de 2010.<\/p>\n<p>Rio de Janeiro<\/p>\n<p><a href=\"http:\/\/www.conotel.com.br\/\">www.conotel.com.br<\/a><\/p>\n<p><strong>SETEMBRO<\/strong><\/p>\n<p>Congreso de Investigaci\u00f3n Cient\u00edfica \u2013 de 22 a 24 de setembro de 2010.<\/p>\n<p>Montevideo \u2013 Uruguay<\/p>\n<p><a href=\"http:\/\/www.investigacionturistica.com\/\">www.investigacionturistica.com<\/a><\/p>\n<p>FRONTUR &#8211; Semin\u00e1rio Internacional de Turismo de Fronteiras \u2013 de 13 a 15 de setembro de 2010.<\/p>\n<p>Assun\u00e7\u00e3o \u2013 Paraguai<\/p>\n<p><a href=\"http:\/\/www.unifra.br\/\">www.unifra.br<\/a><\/p>\n<p>XXXIII INTERCOM &#8211; Congresso Brasileiro de Ci\u00eancias da Comunica\u00e7\u00e3o \u2013 de 02 a 06 de setembro de 2010.<\/p>\n<p>Caxias do Sul\/RS<\/p>\n<p><a href=\"http:\/\/www.intercom.org.br\/\">www.intercom.org.br<\/a><\/p>\n<p>VII ANPTUR &#8211; Semin\u00e1rio da Associa\u00e7\u00e3o Brasileira de Pesquisa e P\u00f3s-Gradua\u00e7\u00e3o em Turismo &#8211; de 20 a 21 de setembro de 2010.<\/p>\n<p>S\u00e3o Paulo<\/p>\n<p><a href=\"http:\/\/www.eventos.univerciencia.org\/turismo\/index.php\/seminANPTUR\/2010\">www.eventos.univerciencia.org\/turismo\/index.php\/seminANPTUR\/2010<\/a><\/p>\n<p>I Semin\u00e1rio Catarinense de Turismo Acess\u00edvel \u2013 de 13 a 14 de setembro de 2010.<\/p>\n<p>Florian\u00f3polis \u2013 SC<\/p>\n<p><a href=\"http:\/\/www.turismoacessivelsc.com.br\/\">www.turismoacessivelsc.com.br<\/a><\/p>\n<p>Congresso Latino-Americano de Enoturismo \u2013 De 22 a 24 de setembro de 2010.<\/p>\n<p>Bento Gon\u00e7alves \u2013 RS<\/p>\n<p><a href=\"http:\/\/www.serragaucha.com\/congressoenoturismo\">www.serragaucha.com\/congressoenoturismo<\/a><\/p>\n<p><strong>OUTUBRO<\/strong><\/p>\n<p>CBTUR 2010 \u2013 Congresso Brasileiro de Turismo \u2013 de 06 a 08 de outubro de 2010.<\/p>\n<p>Balne\u00e1rio Cambori\u00fa<\/p>\n<p>38\u00ba ABAV 2010 \u2013 Feira das Am\u00e9ricas \u2013 de 20 a 22 de outubro de 2010.<\/p>\n<p>Rio de Janeiro<\/p>\n<p><a href=\"http:\/\/www.feiradasamericas.com.br\/\">www.feiradasamericas.com.br<\/a><\/p>\n<p>I Congresso Internacional de Turismo do Extremo Sul \u2013 de 25 a 29 de outubro de 2010.<\/p>\n<p>Santa Vit\u00f3ria do Palmar<\/p>\n<p><a href=\"http:\/\/www.cites.furg.br\/\"><span style=\"color: #0000ff\">www.cites.furg.br<\/span><\/a><\/p>\n<p><strong>NOVEMBRO<\/strong><\/p>\n<p>22\u00ba Festival de Turismo de Gramado \u2013 de 18 a 21 de novembro de 2010.<\/p>\n<p>Gramado<\/p>\n<p><a href=\"http:\/\/www.festivalturismogramado.com.br\/\">www.festivalturismogramado.com.br<\/a><\/p>\n<p>Congresso Brasileiro de Turism\u00f3logos \u2013 de 12 a 15 de novembro de 2010.<\/p>\n<p>Belo Horizonte \u2013 MG<\/p>\n<p><a href=\"http:\/\/www.turismologos.org.br\/congresso\">www.turismologos.org.br\/congresso<\/a><\/p>\n","protected":false},"excerpt":{"rendered":"<p>\u00a0 MAR\u00c7O INVTUR \u2013 Investiga\u00e7\u00e3o em Turismo \u2013 de 10 a 13 de mar\u00e7o de 2010. Portugal www.ua.pt\/event\/invtur2010\/ 5\u00ba Sal\u00e3o Ga\u00facho de Turismo \u2013 de 18 a 21 de mar\u00e7o de 2010. Caxias do Sul www.salaodoturismo.rs.gov.br\/ 1\u00ba SANTUR \u2013 Sal\u00e3o Catarinense do Turismo \u2013 de 22 a 27 de mar\u00e7o de 2010. Florian\u00f3polis www.santur.sc.gov.br 26\u00ba [&hellip;]<\/p>\n","protected":false},"author":63,"featured_media":0,"parent":0,"menu_order":6,"comment_status":"closed","ping_status":"open","template":"","meta":{"footnotes":""},"class_list":["post-23","page","type-page","status-publish","hentry"],"_links":{"self":[{"href":"https:\/\/wp.ufpel.edu.br\/labeventos\/wp-json\/wp\/v2\/pages\/23","targetHints":{"allow":["GET"]}}],"collection":[{"href":"https:\/\/wp.ufpel.edu.br\/labeventos\/wp-json\/wp\/v2\/pages"}],"about":[{"href":"https:\/\/wp.ufpel.edu.br\/labeventos\/wp-json\/wp\/v2\/types\/page"}],"author":[{"embeddable":true,"href":"https:\/\/wp.ufpel.edu.br\/labeventos\/wp-json\/wp\/v2\/users\/63"}],"replies":[{"embeddable":true,"href":"https:\/\/wp.ufpel.edu.br\/labeventos\/wp-json\/wp\/v2\/comments?post=23"}],"version-history":[{"count":11,"href":"https:\/\/wp.ufpel.edu.br\/labeventos\/wp-json\/wp\/v2\/pages\/23\/revisions"}],"predecessor-version":[{"id":45,"href":"https:\/\/wp.ufpel.edu.br\/labeventos\/wp-json\/wp\/v2\/pages\/23\/revisions\/45"}],"wp:attachment":[{"href":"https:\/\/wp.ufpel.edu.br\/labeventos\/wp-json\/wp\/v2\/media?parent=23"}],"curies":[{"name":"wp","href":"https:\/\/api.w.org\/{rel}","templated":true}]}}