{"id":18,"date":"2010-06-07T17:35:12","date_gmt":"2010-06-07T20:35:12","guid":{"rendered":"https:\/\/wp.ufpel.edu.br\/labeventos\/?page_id=18"},"modified":"2010-10-18T08:01:47","modified_gmt":"2010-10-18T11:01:47","slug":"participacao-em-eventos","status":"publish","type":"page","link":"https:\/\/wp.ufpel.edu.br\/labeventos\/participacao-em-eventos\/","title":{"rendered":"Participa\u00e7\u00e3o em Eventos\/2010"},"content":{"rendered":"<ul>\n<li>Participa\u00e7\u00e3o de recepcionistas e cerimonialista na formatura interna da Faculdade de Administra\u00e7\u00e3o e de Turismo; (Setembro\/2010)<\/li>\n<\/ul>\n<p>\u00a0<\/p>\n<ul>\n<li>Participa\u00e7\u00e3o de recepcionistas do laborat\u00f3rio no Ciclo de Palestras Cosmos 30 anos: o legado de Carl Sagan; (Setembro\/2010)<\/li>\n<\/ul>\n<p>\u00a0<\/p>\n<ul>\n<li>Organiza\u00e7\u00e3o do VIII Ciclo de Palestras do Curso de Bacharelado em Turismo; (Agosto, setembro\/2010)<\/li>\n<\/ul>\n<p>\u00a0<\/p>\n<ul>\n<li>Auxilio na formata\u00e7\u00e3o do evento Congresso sobre Diamante, Carbono Amorfo, Nanotubos e Materiais Relacionados; (Julho\/2010)<\/li>\n<\/ul>\n<p>\u00a0<\/p>\n<ul>\n<li>Realiza\u00e7\u00e3o da Festa Julina do Curso com o intuito de promover a confraterniza\u00e7\u00e3o dos alunos, professores e funcion\u00e1rio; (Julho\/2010)<\/li>\n<\/ul>\n<p>\u00a0<\/p>\n<ul>\n<li>Participa\u00e7\u00e3o da equipe do laborat\u00f3rio no evento Semin\u00e1rios Eventos do Sul, com o intuito de qualifica\u00e7\u00e3o e capacita\u00e7\u00e3o do pessoal; (Junho\/2010)<\/li>\n<\/ul>\n<p>\u00a0<\/p>\n<ul>\n<li>Organiza\u00e7\u00e3o de cerimonial para palestra com o senhor Dorival Pinotti (especialista em interc\u00e2mbio), tema \u201cCarreira e Futuro Profissional \u2013 Qual Caminho Seguir?\u201d; (Junho\/2010)<\/li>\n<\/ul>\n<p>\u00a0<\/p>\n<ul>\n<li>Auxilio na organiza\u00e7\u00e3o de cerimonial para o evento II Semin\u00e1rio de Mobilidade Acad\u00eamica da UFPel; (Junho\/2010)<\/li>\n<\/ul>\n<p>\u00a0<\/p>\n<ul>\n<li>Aux\u00edlio na organiza\u00e7\u00e3o de aula pr\u00e1tica para a turma de Alimentos e Bebidas; (Maio\/2010)<\/li>\n<\/ul>\n<p>\u00a0<\/p>\n<ul>\n<li>Organiza\u00e7\u00e3o de coffee-break para reuni\u00e3o de projeto de pesquisa; (Maio\/2010)<\/li>\n<\/ul>\n<p>\u00a0<\/p>\n<ul>\n<li>Participa\u00e7\u00e3o de recepcionistas no Semin\u00e1rio Internacional Permanente sobre Universidade e Integra\u00e7\u00e3o Fronteiri\u00e7a; (Abril\/2010)<\/li>\n<\/ul>\n<p>\u00a0<\/p>\n<ul>\n<li>Participa\u00e7\u00e3o de recepcionistas na Formatura do Curso de Turismo, cola\u00e7\u00e3o interna; (Abril\/2010)<\/li>\n<\/ul>\n<p>\u00a0<\/p>\n<ul>\n<li>Participa\u00e7\u00e3o das recepcionistas do Laborat\u00f3rio de Eventos na formatura dos Cursos de Administra\u00e7\u00e3o, Turismo, Qu\u00edmica de Alimentos e Gest\u00e3o P\u00fablica; (Abril\/2010)<\/li>\n<\/ul>\n<p>\u00a0<\/p>\n<ul>\n<li>Realiza\u00e7\u00e3o de um mini-curso de Recepcionistas para as volunt\u00e1rias do laborat\u00f3rio; (Mar\u00e7o\/2010)<\/li>\n<\/ul>\n","protected":false},"excerpt":{"rendered":"<p>Participa\u00e7\u00e3o de recepcionistas e cerimonialista na formatura interna da Faculdade de Administra\u00e7\u00e3o e de Turismo; (Setembro\/2010) \u00a0 Participa\u00e7\u00e3o de recepcionistas do laborat\u00f3rio no Ciclo de Palestras Cosmos 30 anos: o legado de Carl Sagan; (Setembro\/2010) \u00a0 Organiza\u00e7\u00e3o do VIII Ciclo de Palestras do Curso de Bacharelado em Turismo; (Agosto, setembro\/2010) \u00a0 Auxilio na formata\u00e7\u00e3o do [&hellip;]<\/p>\n","protected":false},"author":63,"featured_media":0,"parent":0,"menu_order":4,"comment_status":"closed","ping_status":"closed","template":"","meta":{"footnotes":""},"class_list":["post-18","page","type-page","status-publish","hentry"],"_links":{"self":[{"href":"https:\/\/wp.ufpel.edu.br\/labeventos\/wp-json\/wp\/v2\/pages\/18","targetHints":{"allow":["GET"]}}],"collection":[{"href":"https:\/\/wp.ufpel.edu.br\/labeventos\/wp-json\/wp\/v2\/pages"}],"about":[{"href":"https:\/\/wp.ufpel.edu.br\/labeventos\/wp-json\/wp\/v2\/types\/page"}],"author":[{"embeddable":true,"href":"https:\/\/wp.ufpel.edu.br\/labeventos\/wp-json\/wp\/v2\/users\/63"}],"replies":[{"embeddable":true,"href":"https:\/\/wp.ufpel.edu.br\/labeventos\/wp-json\/wp\/v2\/comments?post=18"}],"version-history":[{"count":24,"href":"https:\/\/wp.ufpel.edu.br\/labeventos\/wp-json\/wp\/v2\/pages\/18\/revisions"}],"predecessor-version":[{"id":277,"href":"https:\/\/wp.ufpel.edu.br\/labeventos\/wp-json\/wp\/v2\/pages\/18\/revisions\/277"}],"wp:attachment":[{"href":"https:\/\/wp.ufpel.edu.br\/labeventos\/wp-json\/wp\/v2\/media?parent=18"}],"curies":[{"name":"wp","href":"https:\/\/api.w.org\/{rel}","templated":true}]}}