{"id":106,"date":"2010-08-19T23:19:19","date_gmt":"2010-08-20T02:19:19","guid":{"rendered":"https:\/\/wp.ufpel.edu.br\/labeventos\/"},"modified":"2010-10-18T07:45:56","modified_gmt":"2010-10-18T10:45:56","slug":"grupo-de-estudos-em-turismo-getur","status":"publish","type":"page","link":"https:\/\/wp.ufpel.edu.br\/labeventos\/grupo-de-estudos-em-turismo-getur\/","title":{"rendered":"Grupo de Estudos em Turismo &#8211; GETUR"},"content":{"rendered":"<p style=\"text-align: justify\"><a href=\"https:\/\/wp.ufpel.edu.br\/labeventos\/files\/2010\/08\/GETUR-color1.jpg\"><img loading=\"lazy\" decoding=\"async\" class=\"aligncenter size-medium wp-image-149\" src=\"https:\/\/wp.ufpel.edu.br\/labeventos\/files\/2010\/08\/GETUR-color1-300x154.jpg\" alt=\"\" width=\"300\" height=\"154\" srcset=\"https:\/\/wp.ufpel.edu.br\/labeventos\/files\/2010\/08\/GETUR-color1-300x154.jpg 300w, https:\/\/wp.ufpel.edu.br\/labeventos\/files\/2010\/08\/GETUR-color1.jpg 448w\" sizes=\"auto, (max-width: 300px) 100vw, 300px\" \/><\/a>O Grupo de Estudo em Turismo da Universidade Federal de Pelotas \u2013 RS\u00a0(GETUR) \u00e9 uma oportunidade acad\u00eamica de reunir docentes e discentes para discutir, refletir e atualizar-se sobre as multifacetas do Turismo que por ora, se manifestam nos mais diversos campos do saber, nos diferentes setores da economia e principalmente, na sociedade dos destinos onde se desenvolve.<\/p>\n<p style=\"text-align: justify\">Este grupo \u00e9 composto por docentes e discentes do Curso de Turismo que se disp\u00f5em a compartilhar experi\u00eancias e saberes, como forma de pensar a atividade tur\u00edstica enquanto fator socioecon\u00f4mico capaz de justificar-se como uma alternativa de resgate cultural, hist\u00f3rico, econ\u00f4mico, ambiental e de todas as \u00e1reas de sua inevit\u00e1vel inser\u00e7\u00e3o.<\/p>\n<p style=\"text-align: justify\">As tem\u00e1ticas abordadas resultam de t\u00f3picos e assuntos emergentes da atividade tur\u00edstica em todos os \u00e2mbitos, bem como, teorias e pr\u00e1ticas que servem de investiga\u00e7\u00e3o e interesse do grupo. \u00a0Al\u00e9m disso, \u00e9 intencional a troca de experi\u00eancias e informa\u00e7\u00f5es com docentes e discentes de outros cursos de Turismo do Brasil e do Exterior.<\/p>\n<p style=\"text-align: justify\">Assim, o GETUR\u00a0 destina-se a colaborar com os estudos e as investiga\u00e7\u00f5es em Turismo, incentivando docentes e discentes a compartilhar e conceber o conhecimento.<\/p>\n<p style=\"text-align: justify\"><strong>Contato:<\/strong> <a href=\"mailto:getur@ufpel.edu.br\">getur@ufpel.edu.br<\/a><\/p>\n","protected":false},"excerpt":{"rendered":"<p>O Grupo de Estudo em Turismo da Universidade Federal de Pelotas \u2013 RS\u00a0(GETUR) \u00e9 uma oportunidade acad\u00eamica de reunir docentes e discentes para discutir, refletir e atualizar-se sobre as multifacetas do Turismo que por ora, se manifestam nos mais diversos campos do saber, nos diferentes setores da economia e principalmente, na sociedade dos destinos onde [&hellip;]<\/p>\n","protected":false},"author":63,"featured_media":0,"parent":0,"menu_order":7,"comment_status":"closed","ping_status":"open","template":"","meta":{"footnotes":""},"class_list":["post-106","page","type-page","status-publish","hentry"],"_links":{"self":[{"href":"https:\/\/wp.ufpel.edu.br\/labeventos\/wp-json\/wp\/v2\/pages\/106","targetHints":{"allow":["GET"]}}],"collection":[{"href":"https:\/\/wp.ufpel.edu.br\/labeventos\/wp-json\/wp\/v2\/pages"}],"about":[{"href":"https:\/\/wp.ufpel.edu.br\/labeventos\/wp-json\/wp\/v2\/types\/page"}],"author":[{"embeddable":true,"href":"https:\/\/wp.ufpel.edu.br\/labeventos\/wp-json\/wp\/v2\/users\/63"}],"replies":[{"embeddable":true,"href":"https:\/\/wp.ufpel.edu.br\/labeventos\/wp-json\/wp\/v2\/comments?post=106"}],"version-history":[{"count":11,"href":"https:\/\/wp.ufpel.edu.br\/labeventos\/wp-json\/wp\/v2\/pages\/106\/revisions"}],"predecessor-version":[{"id":267,"href":"https:\/\/wp.ufpel.edu.br\/labeventos\/wp-json\/wp\/v2\/pages\/106\/revisions\/267"}],"wp:attachment":[{"href":"https:\/\/wp.ufpel.edu.br\/labeventos\/wp-json\/wp\/v2\/media?parent=106"}],"curies":[{"name":"wp","href":"https:\/\/api.w.org\/{rel}","templated":true}]}}