{"id":813,"date":"2024-07-26T20:34:06","date_gmt":"2024-07-26T23:34:06","guid":{"rendered":"https:\/\/wp.ufpel.edu.br\/labeq\/?page_id=813"},"modified":"2024-07-26T20:34:06","modified_gmt":"2024-07-26T23:34:06","slug":"contato","status":"publish","type":"page","link":"https:\/\/wp.ufpel.edu.br\/labeq\/contato\/","title":{"rendered":"Contato"},"content":{"rendered":"<p>O LABEQ pode ser contatado por meio de suas redes ou via e-mail institucional<\/p>\n<p>&nbsp;<\/p>\n<p>Instagram &#8211; <span style=\"color: #ff6600;\"><a style=\"color: #ff6600;\" href=\"http:\/\/instagram.com\/lablabeq\">@lablabeq<\/a><\/span><\/p>\n<p>&nbsp;<\/p>\n<p>E-mail: <span style=\"color: #ff6600;\">labeq@ufpel.edu.br<\/span><\/p>\n","protected":false},"excerpt":{"rendered":"<p>O LABEQ pode ser contatado por meio de suas redes ou via e-mail institucional &nbsp; Instagram &#8211; @lablabeq &nbsp; E-mail: labeq@ufpel.edu.br<\/p>\n","protected":false},"author":590,"featured_media":0,"parent":0,"menu_order":0,"comment_status":"closed","ping_status":"closed","template":"","meta":{"footnotes":""},"class_list":["post-813","page","type-page","status-publish","hentry"],"jetpack-related-posts":[{"id":180,"url":"https:\/\/wp.ufpel.edu.br\/labeq\/producoes\/","url_meta":{"origin":813,"position":0},"title":"Produ\u00e7\u00f5es e Acervo","author":"labeq","date":"11\/08\/2022","format":false,"excerpt":"O grupo de pesquisa LABEQ realiza produ\u00e7\u00f5es muito variadas: de artigos, livros e cap\u00edtulos de livros a materiais did\u00e1ticos, instrumentos e ferramentas. Nesta p\u00e1gina voc\u00ea poder\u00e1 ter acesso \u00e0s refer\u00eancias dos materiais publicados em revistas, livros e cap\u00edtulos de livros, assim como a disponibiliza\u00e7\u00e3o dos arquivos dos demais materiais ainda\u2026","rel":"","context":"Post similar","block_context":{"text":"Post similar","link":""},"img":{"alt_text":"","src":"","width":0,"height":0},"classes":[]},{"id":183,"url":"https:\/\/wp.ufpel.edu.br\/labeq\/integrantes\/","url_meta":{"origin":813,"position":1},"title":"Integrantes","author":"labeq","date":"11\/08\/2022","format":false,"excerpt":"","rel":"","context":"Post similar","block_context":{"text":"Post similar","link":""},"img":{"alt_text":"","src":"https:\/\/i0.wp.com\/wp.ufpel.edu.br\/labeq\/files\/2023\/02\/Integrantes-do-Labeq.png?resize=350%2C200&ssl=1","width":350,"height":200,"srcset":"https:\/\/i0.wp.com\/wp.ufpel.edu.br\/labeq\/files\/2023\/02\/Integrantes-do-Labeq.png?resize=350%2C200&ssl=1 1x, https:\/\/i0.wp.com\/wp.ufpel.edu.br\/labeq\/files\/2023\/02\/Integrantes-do-Labeq.png?resize=525%2C300&ssl=1 1.5x, https:\/\/i0.wp.com\/wp.ufpel.edu.br\/labeq\/files\/2023\/02\/Integrantes-do-Labeq.png?resize=700%2C400&ssl=1 2x, https:\/\/i0.wp.com\/wp.ufpel.edu.br\/labeq\/files\/2023\/02\/Integrantes-do-Labeq.png?resize=1050%2C600&ssl=1 3x, https:\/\/i0.wp.com\/wp.ufpel.edu.br\/labeq\/files\/2023\/02\/Integrantes-do-Labeq.png?resize=1400%2C800&ssl=1 4x"},"classes":[]},{"id":446,"url":"https:\/\/wp.ufpel.edu.br\/labeq\/cadastros\/","url_meta":{"origin":813,"position":2},"title":"Cadastros","author":"labeq","date":"08\/02\/2023","format":false,"excerpt":"","rel":"","context":"Post similar","block_context":{"text":"Post similar","link":""},"img":{"alt_text":"","src":"","width":0,"height":0},"classes":[]},{"id":825,"url":"https:\/\/wp.ufpel.edu.br\/labeq\/producoes\/artigos\/","url_meta":{"origin":813,"position":3},"title":"Artigos","author":"labeq","date":"26\/07\/2024","format":false,"excerpt":"P\u00e1gina em atualiza\u00e7\u00e3o","rel":"","context":"Post similar","block_context":{"text":"Post similar","link":""},"img":{"alt_text":"","src":"","width":0,"height":0},"classes":[]},{"id":828,"url":"https:\/\/wp.ufpel.edu.br\/labeq\/producoes\/livros\/","url_meta":{"origin":813,"position":4},"title":"Livros","author":"labeq","date":"26\/07\/2024","format":false,"excerpt":"P\u00e1gina em atualiza\u00e7\u00e3o","rel":"","context":"Post similar","block_context":{"text":"Post similar","link":""},"img":{"alt_text":"","src":"","width":0,"height":0},"classes":[]},{"id":46,"url":"https:\/\/wp.ufpel.edu.br\/labeq\/inicio\/","url_meta":{"origin":813,"position":5},"title":"Inicio","author":"labeq","date":"12\/10\/2021","format":false,"excerpt":"Bem vindo 2023 2022\/2","rel":"","context":"Post similar","block_context":{"text":"Post similar","link":""},"img":{"alt_text":"","src":"","width":0,"height":0},"classes":[]}],"jetpack_sharing_enabled":true,"_links":{"self":[{"href":"https:\/\/wp.ufpel.edu.br\/labeq\/wp-json\/wp\/v2\/pages\/813","targetHints":{"allow":["GET"]}}],"collection":[{"href":"https:\/\/wp.ufpel.edu.br\/labeq\/wp-json\/wp\/v2\/pages"}],"about":[{"href":"https:\/\/wp.ufpel.edu.br\/labeq\/wp-json\/wp\/v2\/types\/page"}],"author":[{"embeddable":true,"href":"https:\/\/wp.ufpel.edu.br\/labeq\/wp-json\/wp\/v2\/users\/590"}],"replies":[{"embeddable":true,"href":"https:\/\/wp.ufpel.edu.br\/labeq\/wp-json\/wp\/v2\/comments?post=813"}],"version-history":[{"count":1,"href":"https:\/\/wp.ufpel.edu.br\/labeq\/wp-json\/wp\/v2\/pages\/813\/revisions"}],"predecessor-version":[{"id":815,"href":"https:\/\/wp.ufpel.edu.br\/labeq\/wp-json\/wp\/v2\/pages\/813\/revisions\/815"}],"wp:attachment":[{"href":"https:\/\/wp.ufpel.edu.br\/labeq\/wp-json\/wp\/v2\/media?parent=813"}],"curies":[{"name":"wp","href":"https:\/\/api.w.org\/{rel}","templated":true}]}}