{"id":46,"date":"2021-10-12T12:17:09","date_gmt":"2021-10-12T15:17:09","guid":{"rendered":"https:\/\/wp.ufpel.edu.br\/labeq\/?page_id=46"},"modified":"2023-02-01T07:29:41","modified_gmt":"2023-02-01T10:29:41","slug":"inicio","status":"publish","type":"page","link":"https:\/\/wp.ufpel.edu.br\/labeq\/inicio\/","title":{"rendered":"Inicio"},"content":{"rendered":"<h1 style=\"text-align: center;\"><span style=\"color: #000080; font-size: 36pt;\"><strong>Bem vindo 2023<\/strong><\/span><\/h1>\n<h1 style=\"text-align: center;\"><span style=\"color: #000080;\"><span style=\"font-size: 24px;\">2022\/2<\/span><\/span><\/h1>\n<p style=\"text-align: center;\"><!--more--><!--nextpage--><\/p>\n","protected":false},"excerpt":{"rendered":"<p>Bem vindo 2023 2022\/2<\/p>\n","protected":false},"author":590,"featured_media":0,"parent":0,"menu_order":0,"comment_status":"closed","ping_status":"closed","template":"","meta":{"footnotes":""},"class_list":["post-46","page","type-page","status-publish","hentry"],"jetpack-related-posts":[{"id":821,"url":"https:\/\/wp.ufpel.edu.br\/labeq\/lattes\/","url_meta":{"origin":46,"position":0},"title":"lattes","author":"labeq","date":"26\/07\/2024","format":false,"excerpt":"Trabalhos Publicados em Peri\u00f3dicos \u00a0 Frozza, E. ; PASTORIZA, B. S. . 'A Qu\u00edmica \u00e9 uma \u00e1rea experimental!?: discursos sobre a experimenta\u00e7\u00e3o em um curso de forma\u00e7\u00e3o de professores de Qu\u00edmica. CI\u00caNCIA E NATURA, v. 43, p. 1-26, 2021. https:\/\/doi.org\/10.5902\/2179460X43465 \u00a0 PORCIUNCULA, L. A. B. ; PINHEIRO, A. C. ;\u2026","rel":"","context":"Post similar","block_context":{"text":"Post similar","link":""},"img":{"alt_text":"","src":"","width":0,"height":0},"classes":[]},{"id":157,"url":"https:\/\/wp.ufpel.edu.br\/labeq\/projetos\/","url_meta":{"origin":46,"position":1},"title":"Projetos","author":"labeq","date":"11\/08\/2022","format":false,"excerpt":"Os Projetos de Extens\u00e3o, Pesquisa e Ensino s\u00e3o fundamentais para o desenvolvimento e aprimoramento do ensino superior. Cada um desses projetos tem suas particularidades e import\u00e2ncia para o processo educacional. Os Projetos de Extens\u00e3o s\u00e3o aqueles que buscam levar o conhecimento produzido na universidade para a comunidade externa, por meio\u2026","rel":"","context":"Post similar","block_context":{"text":"Post similar","link":""},"img":{"alt_text":"","src":"","width":0,"height":0},"classes":[]}],"jetpack_sharing_enabled":true,"_links":{"self":[{"href":"https:\/\/wp.ufpel.edu.br\/labeq\/wp-json\/wp\/v2\/pages\/46","targetHints":{"allow":["GET"]}}],"collection":[{"href":"https:\/\/wp.ufpel.edu.br\/labeq\/wp-json\/wp\/v2\/pages"}],"about":[{"href":"https:\/\/wp.ufpel.edu.br\/labeq\/wp-json\/wp\/v2\/types\/page"}],"author":[{"embeddable":true,"href":"https:\/\/wp.ufpel.edu.br\/labeq\/wp-json\/wp\/v2\/users\/590"}],"replies":[{"embeddable":true,"href":"https:\/\/wp.ufpel.edu.br\/labeq\/wp-json\/wp\/v2\/comments?post=46"}],"version-history":[{"count":23,"href":"https:\/\/wp.ufpel.edu.br\/labeq\/wp-json\/wp\/v2\/pages\/46\/revisions"}],"predecessor-version":[{"id":394,"href":"https:\/\/wp.ufpel.edu.br\/labeq\/wp-json\/wp\/v2\/pages\/46\/revisions\/394"}],"wp:attachment":[{"href":"https:\/\/wp.ufpel.edu.br\/labeq\/wp-json\/wp\/v2\/media?parent=46"}],"curies":[{"name":"wp","href":"https:\/\/api.w.org\/{rel}","templated":true}]}}