{"id":180,"date":"2022-08-11T17:33:43","date_gmt":"2022-08-11T20:33:43","guid":{"rendered":"https:\/\/wp.ufpel.edu.br\/labeq\/?page_id=180"},"modified":"2024-07-26T21:00:45","modified_gmt":"2024-07-27T00:00:45","slug":"producoes","status":"publish","type":"page","link":"https:\/\/wp.ufpel.edu.br\/labeq\/producoes\/","title":{"rendered":"Produ\u00e7\u00f5es e Acervo"},"content":{"rendered":"<p>O grupo de pesquisa LABEQ realiza produ\u00e7\u00f5es muito variadas: de artigos, livros e cap\u00edtulos de livros a materiais did\u00e1ticos, instrumentos e ferramentas.<\/p>\n<p>Nesta p\u00e1gina voc\u00ea poder\u00e1 ter acesso \u00e0s refer\u00eancias dos materiais publicados em revistas, livros e cap\u00edtulos de livros, assim como a disponibiliza\u00e7\u00e3o dos arquivos dos demais materiais ainda n\u00e3o publicados.<\/p>\n<p>Para todos os casos, ser\u00e1 um prazer compartilhar gratuitamente com a comunidade os arquivos originais, caso solicitado.<\/p>\n<table style=\"border-collapse: collapse; width: 100%;\" border=\"1\">\n<tbody>\n<tr>\n<td style=\"width: 50%; text-align: center;\"><a href=\"https:\/\/wp.ufpel.edu.br\/labeq\/producoes\/artigos\/\"><span style=\"color: #ff6600;\"><strong>Artigos<\/strong><\/span><\/a><\/td>\n<td style=\"width: 50%; text-align: center;\"><a href=\"https:\/\/wp.ufpel.edu.br\/labeq\/producoes\/livros\/\"><span style=\"color: #ff6600;\"><strong>Livros<\/strong><\/span><\/a><\/td>\n<\/tr>\n<tr>\n<td style=\"width: 50%; text-align: center;\"><a href=\"https:\/\/wp.ufpel.edu.br\/labeq\/producoes\/capitulos-de-livros\/\"><span style=\"color: #ff6600;\"><strong>Cap\u00edtulos de Livros<\/strong><\/span><\/a><\/td>\n<td style=\"width: 50%; text-align: center;\"><a href=\"https:\/\/wp.ufpel.edu.br\/labeq\/producoes\/materiais-didaticos-e-produtos-educacionais\/\"><span style=\"color: #ff6600;\"><strong>Materiais Did\u00e1ticos e Produtos Educacionais<\/strong><\/span><\/a><\/td>\n<\/tr>\n<tr>\n<td style=\"width: 50%; text-align: center;\"><a href=\"https:\/\/wp.ufpel.edu.br\/labeq\/producoes\/videos-fotos-e-posts\/\"><span style=\"color: #ff6600;\"><strong>V\u00eddeos, fotos e posts<\/strong><\/span><\/a><\/td>\n<td style=\"width: 50%; text-align: center;\"><a href=\"https:\/\/wp.ufpel.edu.br\/labeq\/producoes\/outros-materiais\/\"><span style=\"color: #ff6600;\"><strong>Outros Materiais<\/strong><\/span><\/a><\/td>\n<\/tr>\n<\/tbody>\n<\/table>\n<p style=\"text-align: center;\">\n","protected":false},"excerpt":{"rendered":"<p>O grupo de pesquisa LABEQ realiza produ\u00e7\u00f5es muito variadas: de artigos, livros e cap\u00edtulos de livros a materiais did\u00e1ticos, instrumentos e ferramentas. Nesta p\u00e1gina voc\u00ea poder\u00e1 ter acesso \u00e0s refer\u00eancias dos materiais publicados em revistas, livros e cap\u00edtulos de livros, assim como a disponibiliza\u00e7\u00e3o dos arquivos dos demais materiais ainda n\u00e3o publicados. Para todos os [&hellip;]<\/p>\n","protected":false},"author":590,"featured_media":0,"parent":0,"menu_order":2,"comment_status":"closed","ping_status":"closed","template":"","meta":{"footnotes":""},"class_list":["post-180","page","type-page","status-publish","hentry"],"jetpack-related-posts":[{"id":831,"url":"https:\/\/wp.ufpel.edu.br\/labeq\/producoes\/capitulos-de-livros\/","url_meta":{"origin":180,"position":0},"title":"Cap\u00edtulos de Livros","author":"labeq","date":"26\/07\/2024","format":false,"excerpt":"P\u00e1gina em atualiza\u00e7\u00e3o","rel":"","context":"Post similar","block_context":{"text":"Post similar","link":""},"img":{"alt_text":"","src":"","width":0,"height":0},"classes":[]},{"id":828,"url":"https:\/\/wp.ufpel.edu.br\/labeq\/producoes\/livros\/","url_meta":{"origin":180,"position":1},"title":"Livros","author":"labeq","date":"26\/07\/2024","format":false,"excerpt":"P\u00e1gina em atualiza\u00e7\u00e3o","rel":"","context":"Post similar","block_context":{"text":"Post similar","link":""},"img":{"alt_text":"","src":"","width":0,"height":0},"classes":[]},{"id":825,"url":"https:\/\/wp.ufpel.edu.br\/labeq\/producoes\/artigos\/","url_meta":{"origin":180,"position":2},"title":"Artigos","author":"labeq","date":"26\/07\/2024","format":false,"excerpt":"P\u00e1gina em atualiza\u00e7\u00e3o","rel":"","context":"Post similar","block_context":{"text":"Post similar","link":""},"img":{"alt_text":"","src":"","width":0,"height":0},"classes":[]},{"id":840,"url":"https:\/\/wp.ufpel.edu.br\/labeq\/producoes\/outros-materiais\/","url_meta":{"origin":180,"position":3},"title":"Outros Materiais","author":"labeq","date":"26\/07\/2024","format":false,"excerpt":"P\u00e1gina em atualiza\u00e7\u00e3o","rel":"","context":"Post similar","block_context":{"text":"Post similar","link":""},"img":{"alt_text":"","src":"","width":0,"height":0},"classes":[]},{"id":834,"url":"https:\/\/wp.ufpel.edu.br\/labeq\/producoes\/materiais-didaticos-e-produtos-educacionais\/","url_meta":{"origin":180,"position":4},"title":"Materiais Did\u00e1ticos e Produtos Educacionais","author":"labeq","date":"26\/07\/2024","format":false,"excerpt":"P\u00e1gina em atualiza\u00e7\u00e3o","rel":"","context":"Post similar","block_context":{"text":"Post similar","link":""},"img":{"alt_text":"","src":"","width":0,"height":0},"classes":[]},{"id":837,"url":"https:\/\/wp.ufpel.edu.br\/labeq\/producoes\/videos-fotos-e-posts\/","url_meta":{"origin":180,"position":5},"title":"V\u00eddeos, fotos e posts","author":"labeq","date":"26\/07\/2024","format":false,"excerpt":"P\u00e1gina em atualiza\u00e7\u00e3o","rel":"","context":"Post similar","block_context":{"text":"Post similar","link":""},"img":{"alt_text":"","src":"","width":0,"height":0},"classes":[]}],"jetpack_sharing_enabled":true,"_links":{"self":[{"href":"https:\/\/wp.ufpel.edu.br\/labeq\/wp-json\/wp\/v2\/pages\/180","targetHints":{"allow":["GET"]}}],"collection":[{"href":"https:\/\/wp.ufpel.edu.br\/labeq\/wp-json\/wp\/v2\/pages"}],"about":[{"href":"https:\/\/wp.ufpel.edu.br\/labeq\/wp-json\/wp\/v2\/types\/page"}],"author":[{"embeddable":true,"href":"https:\/\/wp.ufpel.edu.br\/labeq\/wp-json\/wp\/v2\/users\/590"}],"replies":[{"embeddable":true,"href":"https:\/\/wp.ufpel.edu.br\/labeq\/wp-json\/wp\/v2\/comments?post=180"}],"version-history":[{"count":6,"href":"https:\/\/wp.ufpel.edu.br\/labeq\/wp-json\/wp\/v2\/pages\/180\/revisions"}],"predecessor-version":[{"id":843,"href":"https:\/\/wp.ufpel.edu.br\/labeq\/wp-json\/wp\/v2\/pages\/180\/revisions\/843"}],"wp:attachment":[{"href":"https:\/\/wp.ufpel.edu.br\/labeq\/wp-json\/wp\/v2\/media?parent=180"}],"curies":[{"name":"wp","href":"https:\/\/api.w.org\/{rel}","templated":true}]}}