{"id":6,"date":"2022-10-31T12:22:40","date_gmt":"2022-10-31T15:22:40","guid":{"rendered":"https:\/\/wp.ufpel.edu.br\/labdar\/?page_id=6"},"modified":"2022-10-31T12:22:43","modified_gmt":"2022-10-31T15:22:43","slug":"o-laboratorio","status":"publish","type":"page","link":"https:\/\/wp.ufpel.edu.br\/labdar\/o-laboratorio\/","title":{"rendered":"O laborat\u00f3rio"},"content":{"rendered":"<h1><b>Laborat\u00f3rio de Drenagem e \u00c1guas Residu\u00e1rias \u2013 LABDAR\u00a0<\/b><\/h1>\n<p style=\"text-align: justify;\"><span style=\"font-weight: 400;\">O laborat\u00f3rio foi criado em 2014 e pertence ao Centro de Engenharias das UFPel. O referido laborat\u00f3rio realiza pesquisas relacionadas ao monitoramento e manejo de \u00e1guas pluviais, uso e ocupa\u00e7\u00e3o do solo, bem como tratamento f\u00edsico e qu\u00edmico de efluentes (adsor\u00e7\u00e3o e processo oxidativos avan\u00e7ados, cat\u00e1lise heterog\u00eanea) e reuso de \u00e1gua residu\u00e1ria utilizando cianobact\u00e9rias e coagulantes. aproveitamento de efluentes l\u00edquidos.\u00a0 Al\u00e9m disso, o laborat\u00f3rio tem pesquisas voltadas simula\u00e7\u00e3o estoc\u00e1stica, geoestat\u00edstica, simula\u00e7\u00f5es \u00e1gua-solo, avalia\u00e7\u00e3o de impactos ambientais, avalia\u00e7\u00e3o de risco \u00e0 sa\u00fade humana. As pesquisas no LABDAR s\u00e3o realizadas pelos alunos de gradua\u00e7\u00e3o bolsistas de inicia\u00e7\u00e3o cient\u00edfica, alunos do programa de p\u00f3s-gradua\u00e7\u00e3o em Ci\u00eancias Ambientais e professores do curso de Engenharia Ambiental e Sanit\u00e1ria.<\/span><\/p>\n","protected":false},"excerpt":{"rendered":"<p>Laborat\u00f3rio de Drenagem e \u00c1guas Residu\u00e1rias \u2013 LABDAR\u00a0 O laborat\u00f3rio foi criado em 2014 e pertence ao Centro de Engenharias das UFPel. O referido laborat\u00f3rio realiza pesquisas relacionadas ao monitoramento e manejo de \u00e1guas pluviais, uso e ocupa\u00e7\u00e3o do solo, bem como tratamento f\u00edsico e qu\u00edmico de efluentes (adsor\u00e7\u00e3o e processo oxidativos avan\u00e7ados, cat\u00e1lise heterog\u00eanea) [&hellip;]<\/p>\n","protected":false},"author":1272,"featured_media":0,"parent":0,"menu_order":0,"comment_status":"closed","ping_status":"closed","template":"","meta":{"footnotes":""},"class_list":["post-6","page","type-page","status-publish","hentry"],"_links":{"self":[{"href":"https:\/\/wp.ufpel.edu.br\/labdar\/wp-json\/wp\/v2\/pages\/6","targetHints":{"allow":["GET"]}}],"collection":[{"href":"https:\/\/wp.ufpel.edu.br\/labdar\/wp-json\/wp\/v2\/pages"}],"about":[{"href":"https:\/\/wp.ufpel.edu.br\/labdar\/wp-json\/wp\/v2\/types\/page"}],"author":[{"embeddable":true,"href":"https:\/\/wp.ufpel.edu.br\/labdar\/wp-json\/wp\/v2\/users\/1272"}],"replies":[{"embeddable":true,"href":"https:\/\/wp.ufpel.edu.br\/labdar\/wp-json\/wp\/v2\/comments?post=6"}],"version-history":[{"count":1,"href":"https:\/\/wp.ufpel.edu.br\/labdar\/wp-json\/wp\/v2\/pages\/6\/revisions"}],"predecessor-version":[{"id":8,"href":"https:\/\/wp.ufpel.edu.br\/labdar\/wp-json\/wp\/v2\/pages\/6\/revisions\/8"}],"wp:attachment":[{"href":"https:\/\/wp.ufpel.edu.br\/labdar\/wp-json\/wp\/v2\/media?parent=6"}],"curies":[{"name":"wp","href":"https:\/\/api.w.org\/{rel}","templated":true}]}}