{"id":15,"date":"2022-11-04T18:10:09","date_gmt":"2022-11-04T21:10:09","guid":{"rendered":"https:\/\/wp.ufpel.edu.br\/labdar\/?page_id=15"},"modified":"2022-11-04T18:10:09","modified_gmt":"2022-11-04T21:10:09","slug":"docentes","status":"publish","type":"page","link":"https:\/\/wp.ufpel.edu.br\/labdar\/docentes\/","title":{"rendered":"Docentes"},"content":{"rendered":"<p><img class=\"wp-image-202 alignleft\" src=\"https:\/\/wp.ufpel.edu.br\/ppgcamb\/files\/2016\/11\/andrea-283x318.png\" sizes=\"(max-width: 136px) 100vw, 136px\" srcset=\"https:\/\/wp.ufpel.edu.br\/ppgcamb\/files\/2016\/11\/andrea-283x318.png 283w, https:\/\/wp.ufpel.edu.br\/ppgcamb\/files\/2016\/11\/andrea-141x159.png 141w, https:\/\/wp.ufpel.edu.br\/ppgcamb\/files\/2016\/11\/andrea.png 298w\" alt=\"andrea\" width=\"136\" height=\"153\" \/><strong>Andr\u00e9a Souza Castro<\/strong><\/p>\n<p>andreascastro@gmail.com<\/p>\n<p><a href=\"http:\/\/buscatextual.cnpq.br\/buscatextual\/visualizacv.do?id=K4770495Z1\" target=\"_blank\" rel=\"noopener noreferrer\">Curr\u00edculo<\/a><\/p>\n<p>Professora<\/p>\n<p>&nbsp;<\/p>\n<p><strong><img class=\"wp-image-2235 alignleft\" src=\"https:\/\/wp.ufpel.edu.br\/ppgcamb\/files\/2021\/01\/132321_288585867909175_1547861179_o-e1609800762518.jpg\" sizes=\"(max-width: 136px) 100vw, 136px\" srcset=\"https:\/\/wp.ufpel.edu.br\/ppgcamb\/files\/2021\/01\/132321_288585867909175_1547861179_o-e1609800762518.jpg 1254w, https:\/\/wp.ufpel.edu.br\/ppgcamb\/files\/2021\/01\/132321_288585867909175_1547861179_o-e1609800762518-327x400.jpg 327w, https:\/\/wp.ufpel.edu.br\/ppgcamb\/files\/2021\/01\/132321_288585867909175_1547861179_o-e1609800762518-836x1024.jpg 836w, https:\/\/wp.ufpel.edu.br\/ppgcamb\/files\/2021\/01\/132321_288585867909175_1547861179_o-e1609800762518-768x941.jpg 768w\" alt=\"\" width=\"136\" height=\"167\" \/>Rubia Flores Romani<\/strong><\/p>\n<p>fgrubia@yahoo.com.br<\/p>\n<p><a href=\"http:\/\/buscatextual.cnpq.br\/buscatextual\/visualizacv.do?id=K4137071P4\" target=\"_blank\" rel=\"noopener noreferrer\">Curr\u00edculo<\/a><\/p>\n<p>Professora<\/p>\n<p>&nbsp;<\/p>\n<p>&nbsp;<\/p>\n","protected":false},"excerpt":{"rendered":"<p>Andr\u00e9a Souza Castro andreascastro@gmail.com Curr\u00edculo Professora &nbsp; Rubia Flores Romani fgrubia@yahoo.com.br Curr\u00edculo Professora &nbsp; &nbsp;<\/p>\n","protected":false},"author":1272,"featured_media":0,"parent":0,"menu_order":0,"comment_status":"closed","ping_status":"closed","template":"","meta":{"footnotes":""},"class_list":["post-15","page","type-page","status-publish","hentry"],"_links":{"self":[{"href":"https:\/\/wp.ufpel.edu.br\/labdar\/wp-json\/wp\/v2\/pages\/15","targetHints":{"allow":["GET"]}}],"collection":[{"href":"https:\/\/wp.ufpel.edu.br\/labdar\/wp-json\/wp\/v2\/pages"}],"about":[{"href":"https:\/\/wp.ufpel.edu.br\/labdar\/wp-json\/wp\/v2\/types\/page"}],"author":[{"embeddable":true,"href":"https:\/\/wp.ufpel.edu.br\/labdar\/wp-json\/wp\/v2\/users\/1272"}],"replies":[{"embeddable":true,"href":"https:\/\/wp.ufpel.edu.br\/labdar\/wp-json\/wp\/v2\/comments?post=15"}],"version-history":[{"count":1,"href":"https:\/\/wp.ufpel.edu.br\/labdar\/wp-json\/wp\/v2\/pages\/15\/revisions"}],"predecessor-version":[{"id":17,"href":"https:\/\/wp.ufpel.edu.br\/labdar\/wp-json\/wp\/v2\/pages\/15\/revisions\/17"}],"wp:attachment":[{"href":"https:\/\/wp.ufpel.edu.br\/labdar\/wp-json\/wp\/v2\/media?parent=15"}],"curies":[{"name":"wp","href":"https:\/\/api.w.org\/{rel}","templated":true}]}}