{"id":82,"date":"2017-08-06T20:33:57","date_gmt":"2017-08-06T23:33:57","guid":{"rendered":"https:\/\/wp.ufpel.edu.br\/labcomp\/?page_id=82"},"modified":"2017-08-06T20:33:57","modified_gmt":"2017-08-06T23:33:57","slug":"labcomp-tools","status":"publish","type":"page","link":"https:\/\/wp.ufpel.edu.br\/labcomp\/labcomp-tools\/","title":{"rendered":"LabComp Tools"},"content":{"rendered":"<p><a href=\"https:\/\/i0.wp.com\/wp.ufpel.edu.br\/labcomp\/files\/2017\/08\/labcomp_tools_banner.png?ssl=1\"><img data-recalc-dims=\"1\" loading=\"lazy\" decoding=\"async\" class=\"size-medium wp-image-83 aligncenter\" src=\"https:\/\/i0.wp.com\/wp.ufpel.edu.br\/labcomp\/files\/2017\/08\/labcomp_tools_banner.png?resize=424%2C251&#038;ssl=1\" alt=\"\" width=\"424\" height=\"251\" srcset=\"https:\/\/i0.wp.com\/wp.ufpel.edu.br\/labcomp\/files\/2017\/08\/labcomp_tools_banner.png?resize=424%2C251&amp;ssl=1 424w, https:\/\/i0.wp.com\/wp.ufpel.edu.br\/labcomp\/files\/2017\/08\/labcomp_tools_banner.png?resize=212%2C125&amp;ssl=1 212w, https:\/\/i0.wp.com\/wp.ufpel.edu.br\/labcomp\/files\/2017\/08\/labcomp_tools_banner.png?resize=768%2C454&amp;ssl=1 768w, https:\/\/i0.wp.com\/wp.ufpel.edu.br\/labcomp\/files\/2017\/08\/labcomp_tools_banner.png?resize=500%2C296&amp;ssl=1 500w, https:\/\/i0.wp.com\/wp.ufpel.edu.br\/labcomp\/files\/2017\/08\/labcomp_tools_banner.png?w=830&amp;ssl=1 830w\" sizes=\"auto, (max-width: 424px) 100vw, 424px\" \/><\/a>Aqui voc\u00ea vai encontrar para baixar os softwares desenvolvidos no LabComp nos nossos projetos art\u00edsticos, pedag\u00f3gicos e de pesquisa.<\/p>\n<p><strong>Max\/Pd:<\/strong><\/p>\n<p><strong>OpenMusic:<\/strong><\/p>\n","protected":false},"excerpt":{"rendered":"<p>Aqui voc\u00ea vai encontrar para baixar os softwares desenvolvidos no LabComp nos nossos projetos art\u00edsticos, pedag\u00f3gicos e de pesquisa. Max\/Pd: OpenMusic:<\/p>\n","protected":false},"author":308,"featured_media":0,"parent":0,"menu_order":0,"comment_status":"closed","ping_status":"closed","template":"","meta":{"footnotes":""},"class_list":["post-82","page","type-page","status-publish","hentry"],"jetpack_sharing_enabled":true,"_links":{"self":[{"href":"https:\/\/wp.ufpel.edu.br\/labcomp\/wp-json\/wp\/v2\/pages\/82","targetHints":{"allow":["GET"]}}],"collection":[{"href":"https:\/\/wp.ufpel.edu.br\/labcomp\/wp-json\/wp\/v2\/pages"}],"about":[{"href":"https:\/\/wp.ufpel.edu.br\/labcomp\/wp-json\/wp\/v2\/types\/page"}],"author":[{"embeddable":true,"href":"https:\/\/wp.ufpel.edu.br\/labcomp\/wp-json\/wp\/v2\/users\/308"}],"replies":[{"embeddable":true,"href":"https:\/\/wp.ufpel.edu.br\/labcomp\/wp-json\/wp\/v2\/comments?post=82"}],"version-history":[{"count":2,"href":"https:\/\/wp.ufpel.edu.br\/labcomp\/wp-json\/wp\/v2\/pages\/82\/revisions"}],"predecessor-version":[{"id":85,"href":"https:\/\/wp.ufpel.edu.br\/labcomp\/wp-json\/wp\/v2\/pages\/82\/revisions\/85"}],"wp:attachment":[{"href":"https:\/\/wp.ufpel.edu.br\/labcomp\/wp-json\/wp\/v2\/media?parent=82"}],"curies":[{"name":"wp","href":"https:\/\/api.w.org\/{rel}","templated":true}]}}