{"id":13,"date":"2014-02-07T07:52:53","date_gmt":"2014-02-07T09:52:53","guid":{"rendered":"https:\/\/wp.ufpel.edu.br\/labanatoin\/?page_id=13"},"modified":"2021-03-22T05:14:13","modified_gmt":"2021-03-22T08:14:13","slug":"anatomoclinicos","status":"publish","type":"page","link":"https:\/\/wp.ufpel.edu.br\/labanatoin\/anatomoclinicos\/","title":{"rendered":"Design of educational experiences"},"content":{"rendered":"<p><a style=\"font-weight: bold;background-color: #ffffff\" href=\"https:\/\/wp.ufpel.edu.br\/labanatoin\/files\/2021\/03\/dm10.jpg\"><img loading=\"lazy\" decoding=\"async\" data-attachment-id=\"1066\" data-permalink=\"https:\/\/wp.ufpel.edu.br\/labanatoin\/anatomoclinicos\/dm10\/\" data-orig-file=\"https:\/\/wp.ufpel.edu.br\/labanatoin\/files\/2021\/03\/dm10.jpg\" data-orig-size=\"414,98\" data-comments-opened=\"0\" data-image-meta=\"{&quot;aperture&quot;:&quot;0&quot;,&quot;credit&quot;:&quot;&quot;,&quot;camera&quot;:&quot;&quot;,&quot;caption&quot;:&quot;&quot;,&quot;created_timestamp&quot;:&quot;0&quot;,&quot;copyright&quot;:&quot;&quot;,&quot;focal_length&quot;:&quot;0&quot;,&quot;iso&quot;:&quot;0&quot;,&quot;shutter_speed&quot;:&quot;0&quot;,&quot;title&quot;:&quot;&quot;,&quot;orientation&quot;:&quot;0&quot;}\" data-image-title=\"dm10\" data-image-description=\"\" data-image-caption=\"&lt;p&gt;Interactive e-learning anatomy&lt;\/p&gt;\n\" data-medium-file=\"https:\/\/wp.ufpel.edu.br\/labanatoin\/files\/2021\/03\/dm10.jpg\" data-large-file=\"https:\/\/wp.ufpel.edu.br\/labanatoin\/files\/2021\/03\/dm10.jpg\" class=\"size-full wp-image-1066\" src=\"https:\/\/wp.ufpel.edu.br\/labanatoin\/files\/2021\/03\/dm10.jpg\" alt=\"\" width=\"414\" height=\"98\" srcset=\"https:\/\/wp.ufpel.edu.br\/labanatoin\/files\/2021\/03\/dm10.jpg 414w, https:\/\/wp.ufpel.edu.br\/labanatoin\/files\/2021\/03\/dm10-212x50.jpg 212w\" sizes=\"auto, (max-width: 414px) 100vw, 414px\" \/><\/a><\/p>\n<p>Interactive e-learning anatomy\n<!-- iframe plugin v.6.0 wordpress.org\/plugins\/iframe\/ -->\n<iframe loading=\"lazy\" src=\"https:\/\/sway.office.com\/s\/TyvqL3Adr7tUh8aC\/embed\" frameborder=\"0\" marginheight=\"0\" marginwidth=\"0\" max-width=\"100%\" sandbox=\"allow-forms allow-modals allow-orientation-lock allow-popups allow-same-origin allow-scripts\" scrolling=\"no\" style=\"border: none; max-width: 100%; max-height: 100vh\" 0=\"allowfullscreen\" 1=\"mozallowfullscreen\" 2=\"msallowfullscreen\" 3=\"webkitallowfullscreen&gt;&lt;\/iframe&gt;\" width=\"100%\" height=\"500\" class=\"iframe-class\"><\/iframe>\n<\/p>\n<p style=\"text-align: center\"><strong><em>Mapas conceituais e infogr\u00e1ficos anatomocl\u00ednicos<\/em><\/strong><\/p>\n<p style=\"text-align: center\"><a href=\"https:\/\/wp.ufpel.edu.br\/labanatoin\/mapanatoclin\/\"><img loading=\"lazy\" decoding=\"async\" data-attachment-id=\"300\" data-permalink=\"https:\/\/wp.ufpel.edu.br\/labanatoin\/anatomoclinicos\/sem-titulo-2\/\" data-orig-file=\"https:\/\/wp.ufpel.edu.br\/labanatoin\/files\/2014\/02\/Sem-t\u00edtulo1.jpg\" data-orig-size=\"228,70\" data-comments-opened=\"0\" data-image-meta=\"{&quot;aperture&quot;:&quot;0&quot;,&quot;credit&quot;:&quot;&quot;,&quot;camera&quot;:&quot;&quot;,&quot;caption&quot;:&quot;&quot;,&quot;created_timestamp&quot;:&quot;0&quot;,&quot;copyright&quot;:&quot;&quot;,&quot;focal_length&quot;:&quot;0&quot;,&quot;iso&quot;:&quot;0&quot;,&quot;shutter_speed&quot;:&quot;0&quot;,&quot;title&quot;:&quot;&quot;}\" data-image-title=\"Mapanatoclin\" data-image-description=\"\" data-image-caption=\"\" data-medium-file=\"https:\/\/wp.ufpel.edu.br\/labanatoin\/files\/2014\/02\/Sem-t\u00edtulo1.jpg\" data-large-file=\"https:\/\/wp.ufpel.edu.br\/labanatoin\/files\/2014\/02\/Sem-t\u00edtulo1.jpg\" class=\"alignnone size-full wp-image-300\" src=\"https:\/\/wp.ufpel.edu.br\/labanatoin\/files\/2014\/02\/Sem-t\u00edtulo1.jpg\" alt=\"Mapanatoclin\" width=\"228\" height=\"70\" srcset=\"https:\/\/wp.ufpel.edu.br\/labanatoin\/files\/2014\/02\/Sem-t\u00edtulo1.jpg 228w, https:\/\/wp.ufpel.edu.br\/labanatoin\/files\/2014\/02\/Sem-t\u00edtulo1-212x65.jpg 212w\" sizes=\"auto, (max-width: 228px) 100vw, 228px\" \/><\/a><\/p>\n<div class=\"embed-container\"><iframe loading=\"lazy\" title=\"Fossas infratemporal e pterigopalatina\" src=\"https:\/\/www.slideshare.net\/slideshow\/embed_code\/key\/ovfuiJlh3JqDas\" width=\"427\" height=\"356\" frameborder=\"0\" marginwidth=\"0\" marginheight=\"0\" scrolling=\"no\" style=\"border:1px solid #CCC; border-width:1px; margin-bottom:5px; max-width: 100%;\" allowfullscreen> <\/iframe> <\/p>\n<div style=\"margin-bottom:5px\"> <strong> <a href=\"https:\/\/www.slideshare.net\/MateusCasanova\/fossas-infratemporal-e-pterigopalatina\" title=\"Fossas infratemporal e pterigopalatina\" target=\"_blank\">Fossas infratemporal e pterigopalatina<\/a> <\/strong> from <strong><a href=\"https:\/\/www.slideshare.net\/MateusCasanova\" target=\"_blank\">Mateus Casanova<\/a><\/strong> <\/div>\n<\/div>\n<div class=\"embed-container\"><iframe loading=\"lazy\" title=\"Art\u00e9ria Maxilar\" src=\"https:\/\/www.slideshare.net\/slideshow\/embed_code\/key\/rEMhRteKl35z57\" width=\"427\" height=\"356\" frameborder=\"0\" marginwidth=\"0\" marginheight=\"0\" scrolling=\"no\" style=\"border:1px solid #CCC; border-width:1px; margin-bottom:5px; max-width: 100%;\" allowfullscreen> <\/iframe> <\/p>\n<div style=\"margin-bottom:5px\"> <strong> <a href=\"https:\/\/www.slideshare.net\/MateusCasanova\/artria-maxilar\" title=\"Art\u00e9ria Maxilar\" target=\"_blank\">Art\u00e9ria Maxilar<\/a> <\/strong> from <strong><a href=\"https:\/\/www.slideshare.net\/MateusCasanova\" target=\"_blank\">Mateus Casanova<\/a><\/strong> <\/div>\n<\/div>\n<p><a href=\"http:\/\/ref.scielo.org\/39yfvf\">Mapas conceituais na educa\u00e7\u00e3o m\u00e9dica<\/a><\/p>\n<p><a href=\"http:\/\/labanatoin.ufpel.edu.br\/Plexo_braquial\/Plexo_Braquial.html\"><img loading=\"lazy\" decoding=\"async\" data-attachment-id=\"109\" data-permalink=\"https:\/\/wp.ufpel.edu.br\/labanatoin\/anatomoclinicos\/plexo-braquial\/\" data-orig-file=\"https:\/\/wp.ufpel.edu.br\/labanatoin\/files\/2014\/02\/Plexo-Braquial.jpg\" data-orig-size=\"1144,623\" data-comments-opened=\"0\" data-image-meta=\"{&quot;aperture&quot;:&quot;0&quot;,&quot;credit&quot;:&quot;&quot;,&quot;camera&quot;:&quot;&quot;,&quot;caption&quot;:&quot;&quot;,&quot;created_timestamp&quot;:&quot;0&quot;,&quot;copyright&quot;:&quot;&quot;,&quot;focal_length&quot;:&quot;0&quot;,&quot;iso&quot;:&quot;0&quot;,&quot;shutter_speed&quot;:&quot;0&quot;,&quot;title&quot;:&quot;&quot;}\" data-image-title=\"Plexo Braquial\" data-image-description=\"\" data-image-caption=\"\" data-medium-file=\"https:\/\/wp.ufpel.edu.br\/labanatoin\/files\/2014\/02\/Plexo-Braquial-424x230.jpg\" data-large-file=\"https:\/\/wp.ufpel.edu.br\/labanatoin\/files\/2014\/02\/Plexo-Braquial-984x220.jpg\" class=\"alignnone size-medium wp-image-109\" src=\"https:\/\/wp.ufpel.edu.br\/labanatoin\/files\/2014\/02\/Plexo-Braquial-424x230.jpg\" alt=\"Plexo Braquial\" width=\"424\" height=\"230\" srcset=\"https:\/\/wp.ufpel.edu.br\/labanatoin\/files\/2014\/02\/Plexo-Braquial-424x230.jpg 424w, https:\/\/wp.ufpel.edu.br\/labanatoin\/files\/2014\/02\/Plexo-Braquial-212x115.jpg 212w, https:\/\/wp.ufpel.edu.br\/labanatoin\/files\/2014\/02\/Plexo-Braquial.jpg 1144w\" sizes=\"auto, (max-width: 424px) 100vw, 424px\" \/><\/a><\/p>\n<p>&nbsp;<\/p>\n<p><a href=\"http:\/\/labanatoin.ufpel.edu.br\/Plexo_lombossacro\/Plexo_lombossacral.html\"><img loading=\"lazy\" decoding=\"async\" data-attachment-id=\"117\" data-permalink=\"https:\/\/wp.ufpel.edu.br\/labanatoin\/anatomoclinicos\/plexo-lombossacral-1\/\" data-orig-file=\"https:\/\/wp.ufpel.edu.br\/labanatoin\/files\/2014\/02\/Plexo-lombossacral-1.jpg\" data-orig-size=\"3635,1932\" data-comments-opened=\"0\" data-image-meta=\"{&quot;aperture&quot;:&quot;0&quot;,&quot;credit&quot;:&quot;&quot;,&quot;camera&quot;:&quot;&quot;,&quot;caption&quot;:&quot;&quot;,&quot;created_timestamp&quot;:&quot;0&quot;,&quot;copyright&quot;:&quot;&quot;,&quot;focal_length&quot;:&quot;0&quot;,&quot;iso&quot;:&quot;0&quot;,&quot;shutter_speed&quot;:&quot;0&quot;,&quot;title&quot;:&quot;&quot;}\" data-image-title=\"Plexo lombossacral 1\" data-image-description=\"\" data-image-caption=\"\" data-medium-file=\"https:\/\/wp.ufpel.edu.br\/labanatoin\/files\/2014\/02\/Plexo-lombossacral-1-424x225.jpg\" data-large-file=\"https:\/\/wp.ufpel.edu.br\/labanatoin\/files\/2014\/02\/Plexo-lombossacral-1-984x220.jpg\" class=\"alignnone size-medium wp-image-117\" src=\"https:\/\/wp.ufpel.edu.br\/labanatoin\/files\/2014\/02\/Plexo-lombossacral-1-424x225.jpg\" alt=\"Plexo lombossacral 1\" width=\"424\" height=\"225\" srcset=\"https:\/\/wp.ufpel.edu.br\/labanatoin\/files\/2014\/02\/Plexo-lombossacral-1-424x225.jpg 424w, https:\/\/wp.ufpel.edu.br\/labanatoin\/files\/2014\/02\/Plexo-lombossacral-1-212x112.jpg 212w\" sizes=\"auto, (max-width: 424px) 100vw, 424px\" \/><\/a><\/p>\n<p><a href=\"http:\/\/labanatoin.ufpel.edu.br\/Pelve\/pelve_perineo_prof.mateus_morfologia.html\"><img loading=\"lazy\" decoding=\"async\" data-attachment-id=\"695\" data-permalink=\"https:\/\/wp.ufpel.edu.br\/labanatoin\/anatomoclinicos\/pelveperineomateus\/\" data-orig-file=\"https:\/\/wp.ufpel.edu.br\/labanatoin\/files\/2014\/02\/pelveperineomateus.jpg\" data-orig-size=\"1000,693\" data-comments-opened=\"0\" data-image-meta=\"{&quot;aperture&quot;:&quot;0&quot;,&quot;credit&quot;:&quot;&quot;,&quot;camera&quot;:&quot;&quot;,&quot;caption&quot;:&quot;&quot;,&quot;created_timestamp&quot;:&quot;0&quot;,&quot;copyright&quot;:&quot;&quot;,&quot;focal_length&quot;:&quot;0&quot;,&quot;iso&quot;:&quot;0&quot;,&quot;shutter_speed&quot;:&quot;0&quot;,&quot;title&quot;:&quot;&quot;,&quot;orientation&quot;:&quot;0&quot;}\" data-image-title=\"pelveperineomateus\" data-image-description=\"\" data-image-caption=\"\" data-medium-file=\"https:\/\/wp.ufpel.edu.br\/labanatoin\/files\/2014\/02\/pelveperineomateus-424x294.jpg\" data-large-file=\"https:\/\/wp.ufpel.edu.br\/labanatoin\/files\/2014\/02\/pelveperineomateus-984x220.jpg\" class=\"alignnone size-medium wp-image-695\" src=\"https:\/\/wp.ufpel.edu.br\/labanatoin\/files\/2014\/02\/pelveperineomateus-424x294.jpg\" alt=\"pelveperineomateus\" width=\"424\" height=\"294\" srcset=\"https:\/\/wp.ufpel.edu.br\/labanatoin\/files\/2014\/02\/pelveperineomateus-424x294.jpg 424w, https:\/\/wp.ufpel.edu.br\/labanatoin\/files\/2014\/02\/pelveperineomateus-212x147.jpg 212w, https:\/\/wp.ufpel.edu.br\/labanatoin\/files\/2014\/02\/pelveperineomateus-768x532.jpg 768w, https:\/\/wp.ufpel.edu.br\/labanatoin\/files\/2014\/02\/pelveperineomateus.jpg 1000w\" sizes=\"auto, (max-width: 424px) 100vw, 424px\" \/><\/a><\/p>\n<p><a style=\"font-weight: bold;background-color: #ffffff\" href=\"https:\/\/wp.ufpel.edu.br\/labanatoin\/files\/2021\/03\/dm10.jpg\"><img loading=\"lazy\" decoding=\"async\" data-attachment-id=\"1066\" data-permalink=\"https:\/\/wp.ufpel.edu.br\/labanatoin\/anatomoclinicos\/dm10\/\" data-orig-file=\"https:\/\/wp.ufpel.edu.br\/labanatoin\/files\/2021\/03\/dm10.jpg\" data-orig-size=\"414,98\" data-comments-opened=\"0\" data-image-meta=\"{&quot;aperture&quot;:&quot;0&quot;,&quot;credit&quot;:&quot;&quot;,&quot;camera&quot;:&quot;&quot;,&quot;caption&quot;:&quot;&quot;,&quot;created_timestamp&quot;:&quot;0&quot;,&quot;copyright&quot;:&quot;&quot;,&quot;focal_length&quot;:&quot;0&quot;,&quot;iso&quot;:&quot;0&quot;,&quot;shutter_speed&quot;:&quot;0&quot;,&quot;title&quot;:&quot;&quot;,&quot;orientation&quot;:&quot;0&quot;}\" data-image-title=\"dm10\" data-image-description=\"\" data-image-caption=\"&lt;p&gt;Interactive e-learning anatomy&lt;\/p&gt;\n\" data-medium-file=\"https:\/\/wp.ufpel.edu.br\/labanatoin\/files\/2021\/03\/dm10.jpg\" data-large-file=\"https:\/\/wp.ufpel.edu.br\/labanatoin\/files\/2021\/03\/dm10.jpg\" class=\"size-full wp-image-1066\" src=\"https:\/\/wp.ufpel.edu.br\/labanatoin\/files\/2021\/03\/dm10.jpg\" alt=\"\" width=\"414\" height=\"98\" srcset=\"https:\/\/wp.ufpel.edu.br\/labanatoin\/files\/2021\/03\/dm10.jpg 414w, https:\/\/wp.ufpel.edu.br\/labanatoin\/files\/2021\/03\/dm10-212x50.jpg 212w\" sizes=\"auto, (max-width: 414px) 100vw, 414px\" \/><\/a><\/p>\n<p>Interactive e-learning anatomy<\/p>\n","protected":false},"excerpt":{"rendered":"<p>Interactive e-learning anatomy Mapas conceituais e infogr\u00e1ficos anatomocl\u00ednicos Fossas infratemporal e pterigopalatina from Mateus Casanova Art\u00e9ria Maxilar from Mateus Casanova Mapas conceituais na educa\u00e7\u00e3o m\u00e9dica &nbsp; Interactive e-learning anatomy<\/p>\n","protected":false},"author":350,"featured_media":0,"parent":0,"menu_order":0,"comment_status":"closed","ping_status":"closed","template":"","meta":{"jetpack_post_was_ever_published":false,"footnotes":""},"class_list":["post-13","page","type-page","status-publish","hentry","nodate","item-wrap"],"jetpack_sharing_enabled":true,"_links":{"self":[{"href":"https:\/\/wp.ufpel.edu.br\/labanatoin\/wp-json\/wp\/v2\/pages\/13","targetHints":{"allow":["GET"]}}],"collection":[{"href":"https:\/\/wp.ufpel.edu.br\/labanatoin\/wp-json\/wp\/v2\/pages"}],"about":[{"href":"https:\/\/wp.ufpel.edu.br\/labanatoin\/wp-json\/wp\/v2\/types\/page"}],"author":[{"embeddable":true,"href":"https:\/\/wp.ufpel.edu.br\/labanatoin\/wp-json\/wp\/v2\/users\/350"}],"replies":[{"embeddable":true,"href":"https:\/\/wp.ufpel.edu.br\/labanatoin\/wp-json\/wp\/v2\/comments?post=13"}],"version-history":[{"count":111,"href":"https:\/\/wp.ufpel.edu.br\/labanatoin\/wp-json\/wp\/v2\/pages\/13\/revisions"}],"predecessor-version":[{"id":1150,"href":"https:\/\/wp.ufpel.edu.br\/labanatoin\/wp-json\/wp\/v2\/pages\/13\/revisions\/1150"}],"wp:attachment":[{"href":"https:\/\/wp.ufpel.edu.br\/labanatoin\/wp-json\/wp\/v2\/media?parent=13"}],"curies":[{"name":"wp","href":"https:\/\/api.w.org\/{rel}","templated":true}]}}