{"id":1135,"date":"2021-03-21T21:37:05","date_gmt":"2021-03-22T00:37:05","guid":{"rendered":"https:\/\/wp.ufpel.edu.br\/labanatoin\/?page_id=1135"},"modified":"2021-08-26T16:35:40","modified_gmt":"2021-08-26T19:35:40","slug":"cirurgia-go","status":"publish","type":"page","link":"https:\/\/wp.ufpel.edu.br\/labanatoin\/anatomoclinicos\/cirurgia-go\/","title":{"rendered":"Cirurgia GO"},"content":{"rendered":"<p>Disciplina Cirurgia Gineco-obst\u00e9trica<\/p>\n<p>Mapanatomocl\u00ednico Anatomia da pelve &#8211; material complementar Prof. Mateus<\/p>\n<p>Caso anatomocl\u00ednico 1 &#8211; Dor P\u00e9lvica<\/p>\n","protected":false},"excerpt":{"rendered":"<p>Disciplina Cirurgia Gineco-obst\u00e9trica Mapanatomocl\u00ednico Anatomia da pelve &#8211; material complementar Prof. Mateus Caso anatomocl\u00ednico 1 &#8211; Dor P\u00e9lvica<\/p>\n","protected":false},"author":350,"featured_media":0,"parent":13,"menu_order":0,"comment_status":"closed","ping_status":"closed","template":"","meta":{"jetpack_post_was_ever_published":false,"footnotes":""},"class_list":["post-1135","page","type-page","status-publish","hentry","nodate","item-wrap"],"jetpack_sharing_enabled":true,"_links":{"self":[{"href":"https:\/\/wp.ufpel.edu.br\/labanatoin\/wp-json\/wp\/v2\/pages\/1135","targetHints":{"allow":["GET"]}}],"collection":[{"href":"https:\/\/wp.ufpel.edu.br\/labanatoin\/wp-json\/wp\/v2\/pages"}],"about":[{"href":"https:\/\/wp.ufpel.edu.br\/labanatoin\/wp-json\/wp\/v2\/types\/page"}],"author":[{"embeddable":true,"href":"https:\/\/wp.ufpel.edu.br\/labanatoin\/wp-json\/wp\/v2\/users\/350"}],"replies":[{"embeddable":true,"href":"https:\/\/wp.ufpel.edu.br\/labanatoin\/wp-json\/wp\/v2\/comments?post=1135"}],"version-history":[{"count":3,"href":"https:\/\/wp.ufpel.edu.br\/labanatoin\/wp-json\/wp\/v2\/pages\/1135\/revisions"}],"predecessor-version":[{"id":1208,"href":"https:\/\/wp.ufpel.edu.br\/labanatoin\/wp-json\/wp\/v2\/pages\/1135\/revisions\/1208"}],"up":[{"embeddable":true,"href":"https:\/\/wp.ufpel.edu.br\/labanatoin\/wp-json\/wp\/v2\/pages\/13"}],"wp:attachment":[{"href":"https:\/\/wp.ufpel.edu.br\/labanatoin\/wp-json\/wp\/v2\/media?parent=1135"}],"curies":[{"name":"wp","href":"https:\/\/api.w.org\/{rel}","templated":true}]}}