{"id":249,"date":"2017-09-26T09:39:24","date_gmt":"2017-09-26T12:39:24","guid":{"rendered":"https:\/\/wp.ufpel.edu.br\/karinsimonato\/?page_id=249"},"modified":"2017-11-27T17:20:09","modified_gmt":"2017-11-27T19:20:09","slug":"apresentacoes","status":"publish","type":"page","link":"https:\/\/wp.ufpel.edu.br\/karinsimonato\/estatistica\/material-de-apoio\/apresentacoes\/","title":{"rendered":"Apresenta\u00e7\u00f5es"},"content":{"rendered":"<p><a href=\"https:\/\/www.dropbox.com\/s\/kp3nehmupec706p\/Aula%201.pdf?dl=0\">Aula 1<\/a><\/p>\n<p><a href=\"https:\/\/www.dropbox.com\/s\/dajfhirhk0jt8ua\/Aula%201.1.pdf?dl=0\">Aula 1.1\u00a0<\/a>(Estat\u00edstica)<\/p>\n<p><a href=\"https:\/\/www.dropbox.com\/s\/bpowb40no6x82wb\/Aula%202.pdf?dl=0\">Aula 2<\/a>\u00a0(Estat\u00edstica descritiva)<\/p>\n<p><a href=\"https:\/\/www.dropbox.com\/s\/xtb7n6g1zldpikv\/Aula%204.pdf?dl=0\">Aula 4<\/a>\u00a0(Medidas de dispers\u00e3o e variabilidade)<\/p>\n<p><a href=\"https:\/\/www.dropbox.com\/s\/j3tz74x6cc8b0p2\/Aula%205%20probabilidade.pdf?dl=0\">Aula 5<\/a> (Probabilidade)<\/p>\n<p><a href=\"https:\/\/www.dropbox.com\/s\/meoqhqhbe7kbsrj\/Aula%206.pdf?dl=0\">Aula 6<\/a> (Vari\u00e1veis aleat\u00f3rias discretas)<\/p>\n","protected":false},"excerpt":{"rendered":"<p>Aula 1 Aula 1.1\u00a0(Estat\u00edstica) Aula 2\u00a0(Estat\u00edstica descritiva) Aula 4\u00a0(Medidas de dispers\u00e3o e variabilidade) Aula 5 (Probabilidade) Aula 6 (Vari\u00e1veis aleat\u00f3rias discretas)<\/p>\n","protected":false},"author":317,"featured_media":0,"parent":241,"menu_order":0,"comment_status":"closed","ping_status":"closed","template":"","meta":{"footnotes":""},"class_list":["post-249","page","type-page","status-publish","hentry"],"_links":{"self":[{"href":"https:\/\/wp.ufpel.edu.br\/karinsimonato\/wp-json\/wp\/v2\/pages\/249","targetHints":{"allow":["GET"]}}],"collection":[{"href":"https:\/\/wp.ufpel.edu.br\/karinsimonato\/wp-json\/wp\/v2\/pages"}],"about":[{"href":"https:\/\/wp.ufpel.edu.br\/karinsimonato\/wp-json\/wp\/v2\/types\/page"}],"author":[{"embeddable":true,"href":"https:\/\/wp.ufpel.edu.br\/karinsimonato\/wp-json\/wp\/v2\/users\/317"}],"replies":[{"embeddable":true,"href":"https:\/\/wp.ufpel.edu.br\/karinsimonato\/wp-json\/wp\/v2\/comments?post=249"}],"version-history":[{"count":6,"href":"https:\/\/wp.ufpel.edu.br\/karinsimonato\/wp-json\/wp\/v2\/pages\/249\/revisions"}],"predecessor-version":[{"id":299,"href":"https:\/\/wp.ufpel.edu.br\/karinsimonato\/wp-json\/wp\/v2\/pages\/249\/revisions\/299"}],"up":[{"embeddable":true,"href":"https:\/\/wp.ufpel.edu.br\/karinsimonato\/wp-json\/wp\/v2\/pages\/241"}],"wp:attachment":[{"href":"https:\/\/wp.ufpel.edu.br\/karinsimonato\/wp-json\/wp\/v2\/media?parent=249"}],"curies":[{"name":"wp","href":"https:\/\/api.w.org\/{rel}","templated":true}]}}