{"id":236,"date":"2017-09-24T12:31:34","date_gmt":"2017-09-24T15:31:34","guid":{"rendered":"https:\/\/wp.ufpel.edu.br\/karinsimonato\/?page_id=236"},"modified":"2018-03-26T11:51:14","modified_gmt":"2018-03-26T14:51:14","slug":"livros","status":"publish","type":"page","link":"https:\/\/wp.ufpel.edu.br\/karinsimonato\/calculo-2\/material-de-apoio\/livros\/","title":{"rendered":"Livros"},"content":{"rendered":"<p><a href=\"https:\/\/www.dropbox.com\/s\/u73bu0cei7hkm8z\/C%C3%A1lculo%20Volume%201%20-%208a%20Edi%C3%A7%C3%A3o.pdf?dl=0\">C\u00e1lculo &#8211; Volume 1 &#8211; Howard Anton<\/a>\u00a0(livro completo)<\/p>\n<p>Livro separado por cap\u00edtulos:<\/p>\n<p><a href=\"https:\/\/www.dropbox.com\/s\/nremi0e3bgz1amg\/C%C3%A1lculo%20Vol%201%20Cap%201.pdf?dl=0\">C\u00e1lculo A &#8211; Volume 1 &#8211; Howard Anton &#8211; Cap\u00edtulo 1<\/a><\/p>\n<p><a href=\"https:\/\/www.dropbox.com\/s\/b398ntumet1tz2g\/C%C3%A1lculo%20Vol%201%20Cap%202.pdf?dl=0\">C\u00e1lculo A &#8211; Volume 1 &#8211; Howard Anton &#8211; Cap\u00edtulo\u00a02\u00a0<\/a><\/p>\n<p><a href=\"https:\/\/www.dropbox.com\/s\/yquj1a6ox8l9emv\/C%C3%A1lculo%20Vol%201%20Cap%203.pdf?dl=0\">C\u00e1lculo A &#8211; Volume 1 &#8211; Howard Anton &#8211; Cap\u00edtulo 3<\/a><\/p>\n<p><a href=\"https:\/\/www.dropbox.com\/s\/1qania7twdwj7pl\/C%C3%A1lculo%20Vol%201%20Cap%204.pdf?dl=0\">C\u00e1lculo A &#8211; Volume 1 &#8211; Howard Anton &#8211; Cap\u00edtulo 4<\/a><\/p>\n<p><a href=\"https:\/\/www.dropbox.com\/s\/18m08ezy5zu51dm\/C%C3%A1lculo%20Vol%201%20Cap%205.pdf?dl=0\">C\u00e1lculo A &#8211; Volume 1 &#8211; Howard Anton &#8211; Cap\u00edtulo 5<\/a><\/p>\n<p><a href=\"https:\/\/www.dropbox.com\/s\/itv44vcx9ka7vr1\/C%C3%A1lculo%20Vol%201%20Cap%206.pdf?dl=0\">C\u00e1lculo A &#8211; Volume 1 &#8211; Howard Anton &#8211; Cap\u00edtulo 6<\/a><\/p>\n<p><a href=\"https:\/\/www.dropbox.com\/s\/lmex6qy9aa2vekx\/C%C3%A1lculo%20Vol%201%20Cap%207.pdf?dl=0\">C\u00e1lculo A &#8211; Volume 1 &#8211; Howard Anton &#8211; Cap\u00edtulo 7<\/a><\/p>\n<p><a href=\"https:\/\/www.dropbox.com\/s\/p56ncs572ck4btv\/C%C3%A1lculo%20Vol%201%20Cap%208.pdf?dl=0\">C\u00e1lculo A &#8211; Volume 1 &#8211; Howard Anton &#8211; Cap\u00edtulo 8<\/a><\/p>\n","protected":false},"excerpt":{"rendered":"<p>C\u00e1lculo &#8211; Volume 1 &#8211; Howard Anton\u00a0(livro completo) Livro separado por cap\u00edtulos: C\u00e1lculo A &#8211; Volume 1 &#8211; Howard Anton &#8211; Cap\u00edtulo 1 C\u00e1lculo A &#8211; Volume 1 &#8211; Howard Anton &#8211; Cap\u00edtulo\u00a02\u00a0 C\u00e1lculo A &#8211; Volume 1 &#8211; Howard Anton &#8211; Cap\u00edtulo 3 C\u00e1lculo A &#8211; Volume 1 &#8211; Howard Anton &#8211; Cap\u00edtulo 4 &hellip; <a href=\"https:\/\/wp.ufpel.edu.br\/karinsimonato\/calculo-2\/material-de-apoio\/livros\/\" class=\"more-link\">Continue lendo <span class=\"screen-reader-text\">Livros<\/span> <span class=\"meta-nav\">&rarr;<\/span><\/a><\/p>\n","protected":false},"author":317,"featured_media":0,"parent":107,"menu_order":0,"comment_status":"closed","ping_status":"closed","template":"","meta":{"footnotes":""},"class_list":["post-236","page","type-page","status-publish","hentry"],"_links":{"self":[{"href":"https:\/\/wp.ufpel.edu.br\/karinsimonato\/wp-json\/wp\/v2\/pages\/236","targetHints":{"allow":["GET"]}}],"collection":[{"href":"https:\/\/wp.ufpel.edu.br\/karinsimonato\/wp-json\/wp\/v2\/pages"}],"about":[{"href":"https:\/\/wp.ufpel.edu.br\/karinsimonato\/wp-json\/wp\/v2\/types\/page"}],"author":[{"embeddable":true,"href":"https:\/\/wp.ufpel.edu.br\/karinsimonato\/wp-json\/wp\/v2\/users\/317"}],"replies":[{"embeddable":true,"href":"https:\/\/wp.ufpel.edu.br\/karinsimonato\/wp-json\/wp\/v2\/comments?post=236"}],"version-history":[{"count":3,"href":"https:\/\/wp.ufpel.edu.br\/karinsimonato\/wp-json\/wp\/v2\/pages\/236\/revisions"}],"predecessor-version":[{"id":310,"href":"https:\/\/wp.ufpel.edu.br\/karinsimonato\/wp-json\/wp\/v2\/pages\/236\/revisions\/310"}],"up":[{"embeddable":true,"href":"https:\/\/wp.ufpel.edu.br\/karinsimonato\/wp-json\/wp\/v2\/pages\/107"}],"wp:attachment":[{"href":"https:\/\/wp.ufpel.edu.br\/karinsimonato\/wp-json\/wp\/v2\/media?parent=236"}],"curies":[{"name":"wp","href":"https:\/\/api.w.org\/{rel}","templated":true}]}}