{"id":187,"date":"2017-06-17T19:07:35","date_gmt":"2017-06-17T22:07:35","guid":{"rendered":"https:\/\/wp.ufpel.edu.br\/karinsimonato\/?page_id=187"},"modified":"2017-09-24T12:30:31","modified_gmt":"2017-09-24T15:30:31","slug":"videos-de-apoio","status":"publish","type":"page","link":"https:\/\/wp.ufpel.edu.br\/karinsimonato\/calculo-2\/material-de-apoio\/videos-de-apoio\/","title":{"rendered":"V\u00eddeos de apoio"},"content":{"rendered":"<p>Os v\u00eddeos aqui recomendados s\u00e3o v\u00eddeos de dom\u00ednio p\u00fablico, dispon\u00edveis no Youtube e servem para que possam rever os conceitos que j\u00e1 vimos em sala de aula.<\/p>\n<ul>\n<li>Derivadas, reta tangente e normal (<a href=\"https:\/\/www.youtube.com\/watch?v=rrYbT3goR7k\">v\u00eddeo 1<\/a>) (<a href=\"https:\/\/www.youtube.com\/watch?v=OHi7owgHqcU\">v\u00eddeo 2<\/a>).<\/li>\n<li><a href=\"https:\/\/www.youtube.com\/watch?v=pobHKCKWP4I\">Regras de deriva\u00e7\u00e3o<\/a><\/li>\n<li><a href=\"https:\/\/www.youtube.com\/watch?v=toovST6ZHgM\">Demonstra\u00e7\u00e3o da regra da pot\u00eancia <\/a>pela expans\u00e3o do bin\u00f4mio de Newton. (na aba revis\u00e3o do ensino m\u00e9dio tem um v\u00eddeo recomendado sobre bin\u00f4mio de Newton)<\/li>\n<\/ul>\n","protected":false},"excerpt":{"rendered":"<p>Os v\u00eddeos aqui recomendados s\u00e3o v\u00eddeos de dom\u00ednio p\u00fablico, dispon\u00edveis no Youtube e servem para que possam rever os conceitos que j\u00e1 vimos em sala de aula. Derivadas, reta tangente e normal (v\u00eddeo 1) (v\u00eddeo 2). Regras de deriva\u00e7\u00e3o Demonstra\u00e7\u00e3o da regra da pot\u00eancia pela expans\u00e3o do bin\u00f4mio de Newton. (na aba revis\u00e3o do ensino &hellip; <a href=\"https:\/\/wp.ufpel.edu.br\/karinsimonato\/calculo-2\/material-de-apoio\/videos-de-apoio\/\" class=\"more-link\">Continue lendo <span class=\"screen-reader-text\">V\u00eddeos de apoio<\/span> <span class=\"meta-nav\">&rarr;<\/span><\/a><\/p>\n","protected":false},"author":317,"featured_media":0,"parent":107,"menu_order":0,"comment_status":"closed","ping_status":"closed","template":"","meta":{"footnotes":""},"class_list":["post-187","page","type-page","status-publish","hentry"],"_links":{"self":[{"href":"https:\/\/wp.ufpel.edu.br\/karinsimonato\/wp-json\/wp\/v2\/pages\/187","targetHints":{"allow":["GET"]}}],"collection":[{"href":"https:\/\/wp.ufpel.edu.br\/karinsimonato\/wp-json\/wp\/v2\/pages"}],"about":[{"href":"https:\/\/wp.ufpel.edu.br\/karinsimonato\/wp-json\/wp\/v2\/types\/page"}],"author":[{"embeddable":true,"href":"https:\/\/wp.ufpel.edu.br\/karinsimonato\/wp-json\/wp\/v2\/users\/317"}],"replies":[{"embeddable":true,"href":"https:\/\/wp.ufpel.edu.br\/karinsimonato\/wp-json\/wp\/v2\/comments?post=187"}],"version-history":[{"count":1,"href":"https:\/\/wp.ufpel.edu.br\/karinsimonato\/wp-json\/wp\/v2\/pages\/187\/revisions"}],"predecessor-version":[{"id":189,"href":"https:\/\/wp.ufpel.edu.br\/karinsimonato\/wp-json\/wp\/v2\/pages\/187\/revisions\/189"}],"up":[{"embeddable":true,"href":"https:\/\/wp.ufpel.edu.br\/karinsimonato\/wp-json\/wp\/v2\/pages\/107"}],"wp:attachment":[{"href":"https:\/\/wp.ufpel.edu.br\/karinsimonato\/wp-json\/wp\/v2\/media?parent=187"}],"curies":[{"name":"wp","href":"https:\/\/api.w.org\/{rel}","templated":true}]}}