{"id":483,"date":"2013-10-07T12:10:28","date_gmt":"2013-10-07T15:10:28","guid":{"rendered":"https:\/\/wp.ufpel.edu.br\/jtamaral\/?page_id=483"},"modified":"2014-07-24T12:12:43","modified_gmt":"2014-07-24T15:12:43","slug":"fisica-basica-ii-t1","status":"publish","type":"page","link":"https:\/\/wp.ufpel.edu.br\/jtamaral\/disciplinas\/semestre-201302\/fisica-basica-ii-t1\/","title":{"rendered":"F\u00edsica B\u00e1sica II &#8211; T1"},"content":{"rendered":"<p>Plano de ensino: <a href=\"https:\/\/wp.ufpel.edu.br\/jtamaral\/files\/2013\/10\/plano-ensino-FBII-2014-01.pdf\">plano<\/a><\/p>\n<p>Notas (atualizada em 24\/07\/2014, com Exame!): <a href=\"https:\/\/wp.ufpel.edu.br\/jtamaral\/files\/2013\/10\/T1_notas_fb2_sn2.pdf\">T1_notas_fb2_sn<\/a><\/p>\n<p><strong>LISTAS DE EXERC\u00cdCIOS:<\/strong> As listas de exerc\u00edcios est\u00e3o dispon\u00edveis na p\u00e1gina do <strong>Departamento de F\u00edsica da UFPel<\/strong>, no link de <strong>Disciplinas Virtuais <\/strong>(\u00a0<a href=\"http:\/\/ifm.ufpel.edu.br\/depfis\/index.php?option=com_content&amp;view=article&amp;id=83&amp;Itemid=25\">http:\/\/ifm.ufpel.edu.br\/depfis\/index.php?option=com_content&amp;view=article&amp;id=83&amp;Itemid=25<\/a> ).<\/p>\n<p><strong>SOLU\u00c7\u00d5ES DAS LISTAS:<\/strong><\/p>\n<p><strong>Fluidos: <\/strong>https:\/\/dl.dropboxusercontent.com\/u\/87906988\/Fisica%20Basica%20II\/lista-fluidos-resolvida.pdf<strong><br \/>\n<\/strong><\/p>\n<p><strong>Oscila\u00e7\u00f5es:<\/strong> <span style=\"color: #0000ff\">(i) Quest\u00f5es:<\/span> https:\/\/dl.dropboxusercontent.com\/u\/87906988\/Fisica%20Basica%20II\/lista_oscilacoes_questoes.pdf<\/p>\n<p><span style=\"color: #0000ff\">(ii) Problemas (parte 1):<\/span> https:\/\/dl.dropboxusercontent.com\/u\/87906988\/Fisica%20Basica%20II\/lista_oscilacoes_problemas_parte1.pdf<\/p>\n<p><span style=\"color: #0000ff\">(iii) Problemas (parte 2):<\/span> https:\/\/dl.dropboxusercontent.com\/u\/87906988\/Fisica%20Basica%20II\/lista_oscilacoes_problemas_parte2.pdf<\/p>\n<p><strong>Ondas I:<\/strong> <span style=\"color: #0000ff\">(i) parte 1:<\/span> https:\/\/dl.dropboxusercontent.com\/u\/87906988\/Fisica%20Basica%20II\/lista-ondasI-resolvida-p1.pdf<\/p>\n<p><span style=\"color: #0000ff\">(ii)<\/span> <span style=\"color: #0000ff\">parte 2:<\/span> https:\/\/dl.dropboxusercontent.com\/u\/87906988\/Fisica%20Basica%20II\/lista-ondasI-resolvida-p2.pdf<\/p>\n<p><span style=\"color: #0000ff\">(iii) parte 3:<\/span> https:\/\/dl.dropboxusercontent.com\/u\/87906988\/Fisica%20Basica%20II\/lista-ondasI-resolvida-p3.pdf<\/p>\n<p><strong>Ondas II:\u00a0<a href=\"https:\/\/wp.ufpel.edu.br\/jtamaral\/files\/2013\/10\/Ch-17.pdf\">Cap\u00edtulo_17<\/a> (a solu\u00e7\u00e3o dessa lista n\u00e3o foi encontrada, o arquivo colocado \u00e9 o das solu\u00e7\u00f5es de todas as quest\u00f5es do cap\u00edtulo de Ondas II)<\/strong><\/p>\n<p><strong>Temperatura, Calor e Primeira Lei da Termodin\u00e2mica:<\/strong><\/p>\n<p><strong>(i) parte 1: https:<\/strong>\/\/dl.dropboxusercontent.com\/u\/87906988\/Fisica%20Basica%20II\/lista-temperatura-calor-1alei-termo-parte1-resolvida.pdf<\/p>\n<p><strong>(ii) parte 2:<\/strong> https:\/\/dl.dropboxusercontent.com\/u\/87906988\/Fisica%20Basica%20II\/lista-temperatura-calor-1alei-termo-parte2-resolvida.pdf<\/p>\n<p><strong>Teoria Cin\u00e9tica dos Gases:<\/strong> https:\/\/dl.dropboxusercontent.com\/u\/87906988\/Fisica%20Basica%20II\/lista-teoria-cin-resolvida.pdf<\/p>\n<p><strong>Entropia e a Segunda Lei da Termodin\u00e2mica: <\/strong>https:\/\/dl.dropboxusercontent.com\/u\/87906988\/Fisica%20Basica%20II\/lista-2lei-termo-resolvida.pdf<strong><br \/>\n<\/strong><\/p>\n","protected":false},"excerpt":{"rendered":"<p>Plano de ensino: plano Notas (atualizada em 24\/07\/2014, com Exame!): T1_notas_fb2_sn LISTAS DE EXERC\u00cdCIOS: As listas de exerc\u00edcios est\u00e3o dispon\u00edveis na p\u00e1gina do Departamento de F\u00edsica da UFPel, no link de Disciplinas Virtuais (\u00a0http:\/\/ifm.ufpel.edu.br\/depfis\/index.php?option=com_content&amp;view=article&amp;id=83&amp;Itemid=25 ). SOLU\u00c7\u00d5ES DAS LISTAS: Fluidos: https:\/\/dl.dropboxusercontent.com\/u\/87906988\/Fisica%20Basica%20II\/lista-fluidos-resolvida.pdf &hellip; <a href=\"https:\/\/wp.ufpel.edu.br\/jtamaral\/disciplinas\/semestre-201302\/fisica-basica-ii-t1\/\">Continue lendo <span class=\"meta-nav\">&rarr;<\/span><\/a><\/p>\n","protected":false},"author":109,"featured_media":0,"parent":479,"menu_order":0,"comment_status":"closed","ping_status":"open","template":"","meta":{"footnotes":""},"class_list":["post-483","page","type-page","status-publish","hentry"],"_links":{"self":[{"href":"https:\/\/wp.ufpel.edu.br\/jtamaral\/wp-json\/wp\/v2\/pages\/483","targetHints":{"allow":["GET"]}}],"collection":[{"href":"https:\/\/wp.ufpel.edu.br\/jtamaral\/wp-json\/wp\/v2\/pages"}],"about":[{"href":"https:\/\/wp.ufpel.edu.br\/jtamaral\/wp-json\/wp\/v2\/types\/page"}],"author":[{"embeddable":true,"href":"https:\/\/wp.ufpel.edu.br\/jtamaral\/wp-json\/wp\/v2\/users\/109"}],"replies":[{"embeddable":true,"href":"https:\/\/wp.ufpel.edu.br\/jtamaral\/wp-json\/wp\/v2\/comments?post=483"}],"version-history":[{"count":39,"href":"https:\/\/wp.ufpel.edu.br\/jtamaral\/wp-json\/wp\/v2\/pages\/483\/revisions"}],"predecessor-version":[{"id":676,"href":"https:\/\/wp.ufpel.edu.br\/jtamaral\/wp-json\/wp\/v2\/pages\/483\/revisions\/676"}],"up":[{"embeddable":true,"href":"https:\/\/wp.ufpel.edu.br\/jtamaral\/wp-json\/wp\/v2\/pages\/479"}],"wp:attachment":[{"href":"https:\/\/wp.ufpel.edu.br\/jtamaral\/wp-json\/wp\/v2\/media?parent=483"}],"curies":[{"name":"wp","href":"https:\/\/api.w.org\/{rel}","templated":true}]}}