{"id":470,"date":"2019-10-26T19:56:19","date_gmt":"2019-10-26T22:56:19","guid":{"rendered":"https:\/\/wp.ufpel.edu.br\/jornalismo\/?page_id=470"},"modified":"2024-06-14T17:11:56","modified_gmt":"2024-06-14T20:11:56","slug":"curso","status":"publish","type":"page","link":"https:\/\/wp.ufpel.edu.br\/jornalismo\/curso\/","title":{"rendered":"Curso"},"content":{"rendered":"<div><\/div>\n<div>Arte: Helena Schuster<br \/>\nFotos: Pablo Gimenes, Cristine Mirapalheta, Liziane Rodrigues<\/div>\n<h5><span style=\"font-family: 'times new roman', times, serif;\"><a href=\"https:\/\/wp.ufpel.edu.br\/jornalismo\/curso\/ensino\/\">Ensino:<\/a><\/span><\/h5>\n<p style=\"text-align: justify;\"><span style=\"font-family: 'times new roman', times, serif;\">O curr\u00edculo de um curso de Jornalismo geralmente abrange uma variedade de <\/span><span style=\"font-family: 'times new roman', times, serif;\">\u00e1reas de conhecimento, incluindo reda\u00e7\u00e3o, reportagem, edi\u00e7\u00e3o, \u00e9tica jornal\u00edstica, <\/span><span style=\"font-family: 'times new roman', times, serif;\">teoria da comunica\u00e7\u00e3o, pesquisa em m\u00eddia, fotografia, produ\u00e7\u00e3o audiovisual, entre outras. Al\u00e9m disso, o ensino de Jornalismo tamb\u00e9m pode incluir a explora\u00e7\u00e3o das novas tecnologias e plataformas digitais que t\u00eam impactado significativamente a pr\u00e1tica jornal\u00edstica nos \u00faltimos anos. Saiba mais clicando no titulo.<\/span><\/p>\n<h5><span style=\"font-family: 'times new roman', times, serif;\"><a href=\"https:\/\/wp.ufpel.edu.br\/jornalismo\/curso\/pesquisa\/\">Pesquisa<\/a><\/span><\/h5>\n<p style=\"text-align: justify;\"><span style=\"font-family: 'times new roman', times, serif;\">A linha de pesquisa intitulada &#8220;Estudos em Jornalismo&#8221; aborda a reflex\u00e3o epistemol\u00f3gica das pr\u00e1ticas jornal\u00edsticas no contexto dos sistemas de produ\u00e7\u00e3o, <\/span><span style=\"font-family: 'times new roman', times, serif;\">recep\u00e7\u00e3o e circula\u00e7\u00e3o de informa\u00e7\u00f5es. Saiba mais clicando no titulo.<\/span><\/p>\n<h5><span style=\"font-family: 'times new roman', times, serif;\"><a href=\"https:\/\/wp.ufpel.edu.br\/jornalismo\/curso\/extensao\/\">Extens\u00e3o<\/a><\/span><\/h5>\n<p style=\"text-align: justify;\"><span style=\"font-family: 'times new roman', times, serif;\">A extens\u00e3o universit\u00e1ria \u00e9 uma das tr\u00eas fun\u00e7\u00f5es essenciais da universidade, juntamente com o ensino e a pesquisa. Ela se refere \u00e0s atividades que visam promover a intera\u00e7\u00e3o entre a universidade e a comunidade externa, facilitando a troca de conhecimentos e experi\u00eancias. A extens\u00e3o pode envolver projetos, programas, cursos, eventos e outras iniciativas que busquem contribuir para o desenvolvimento social, cultural e econ\u00f4mico da sociedade. Saiba mais clicando no titulo.<\/span><\/p>\n","protected":false},"excerpt":{"rendered":"<p>Arte: Helena Schuster Fotos: Pablo Gimenes, Cristine Mirapalheta, Liziane Rodrigues Ensino: O curr\u00edculo de um curso de Jornalismo geralmente abrange uma variedade de \u00e1reas de conhecimento, incluindo reda\u00e7\u00e3o, reportagem, edi\u00e7\u00e3o, \u00e9tica jornal\u00edstica, teoria da comunica\u00e7\u00e3o, pesquisa em m\u00eddia, fotografia, produ\u00e7\u00e3o audiovisual, entre outras. Al\u00e9m disso, o ensino de Jornalismo tamb\u00e9m pode incluir a explora\u00e7\u00e3o das [&hellip;]<\/p>\n","protected":false},"author":911,"featured_media":0,"parent":0,"menu_order":1,"comment_status":"closed","ping_status":"closed","template":"","meta":{"jetpack_post_was_ever_published":false,"footnotes":""},"class_list":["post-470","page","type-page","status-publish","hentry"],"jetpack_sharing_enabled":true,"jetpack_shortlink":"https:\/\/wp.me\/P8UsaE-7A","_links":{"self":[{"href":"https:\/\/wp.ufpel.edu.br\/jornalismo\/wp-json\/wp\/v2\/pages\/470","targetHints":{"allow":["GET"]}}],"collection":[{"href":"https:\/\/wp.ufpel.edu.br\/jornalismo\/wp-json\/wp\/v2\/pages"}],"about":[{"href":"https:\/\/wp.ufpel.edu.br\/jornalismo\/wp-json\/wp\/v2\/types\/page"}],"author":[{"embeddable":true,"href":"https:\/\/wp.ufpel.edu.br\/jornalismo\/wp-json\/wp\/v2\/users\/911"}],"replies":[{"embeddable":true,"href":"https:\/\/wp.ufpel.edu.br\/jornalismo\/wp-json\/wp\/v2\/comments?post=470"}],"version-history":[{"count":15,"href":"https:\/\/wp.ufpel.edu.br\/jornalismo\/wp-json\/wp\/v2\/pages\/470\/revisions"}],"predecessor-version":[{"id":928,"href":"https:\/\/wp.ufpel.edu.br\/jornalismo\/wp-json\/wp\/v2\/pages\/470\/revisions\/928"}],"wp:attachment":[{"href":"https:\/\/wp.ufpel.edu.br\/jornalismo\/wp-json\/wp\/v2\/media?parent=470"}],"curies":[{"name":"wp","href":"https:\/\/api.w.org\/{rel}","templated":true}]}}