{"id":8,"date":"2018-06-14T15:43:12","date_gmt":"2018-06-14T18:43:12","guid":{"rendered":"https:\/\/wp.ufpel.edu.br\/jornadanutricao\/?page_id=8"},"modified":"2018-09-06T15:30:59","modified_gmt":"2018-09-06T18:30:59","slug":"palestrantes","status":"publish","type":"page","link":"https:\/\/wp.ufpel.edu.br\/jornadanutricao\/palestrantes\/","title":{"rendered":"Palestrantes Confirmados"},"content":{"rendered":"<div><b>&#8211; Dra Thais Steemburgo<\/b><\/div>\n<div>Palestra sobre Nutrigen\u00e9tica<\/div>\n<div><b>&#8211; Msc Ana Carolina Andretti<\/b><\/div>\n<div>Palestra sobre\u00a0Nutri\u00e7\u00e3o, Microbiota e Probi\u00f3ticos.<\/div>\n<div><b>&#8211; Dra M\u00e1rcia Foster Mesko<\/b><\/div>\n<div>Palestra sobre\u00a0Toxicologia de Alimentos.<\/div>\n<div><b>&#8211; Msc Matheus Pintanel Silva de Freitas<\/b><\/div>\n<div>Palestra sobre Nutri\u00e7\u00e3o e Exerc\u00edcio F\u00edsico<\/div>\n<div><b>&#8211; Dr Paulo Cavalheiro Schenkel<\/b><\/div>\n<div>Palestra sobre Fisiologia Cardiovascular<\/div>\n<div><b>&#8211; Dra Francieli Moro Stefanello<\/b><\/div>\n<div>Palestra sobre Nutrientes e Diabetes<\/div>\n<div><b>&#8211; Dra Carla Helena Augustin Schwanke<\/b><\/div>\n<div>Palestra sobre Envelhecimento<\/div>\n<div><b>&#8211; Dra Camila Pegoraro<\/b><\/div>\n<div>Palestra sobre Alimentos Transg\u00eanicos<\/div>\n<div><strong>&#8211; Dra Luciana Tovo Rodrigues<\/strong><\/div>\n<div>Palestra sobre Epidemiologia Gen\u00e9tica<\/div>\n","protected":false},"excerpt":{"rendered":"<p>&#8211; Dra Thais Steemburgo Palestra sobre Nutrigen\u00e9tica &#8211; Msc Ana Carolina Andretti Palestra sobre\u00a0Nutri\u00e7\u00e3o, Microbiota e Probi\u00f3ticos. &#8211; Dra M\u00e1rcia Foster Mesko Palestra sobre\u00a0Toxicologia de Alimentos. &#8211; Msc Matheus Pintanel Silva de Freitas Palestra sobre Nutri\u00e7\u00e3o e Exerc\u00edcio F\u00edsico &#8211; Dr Paulo Cavalheiro Schenkel Palestra sobre Fisiologia Cardiovascular &#8211; Dra Francieli Moro Stefanello Palestra sobre&hellip;<\/p>\n","protected":false},"author":209,"featured_media":0,"parent":0,"menu_order":0,"comment_status":"closed","ping_status":"closed","template":"","meta":{"footnotes":""},"class_list":["post-8","page","type-page","status-publish","hentry"],"_links":{"self":[{"href":"https:\/\/wp.ufpel.edu.br\/jornadanutricao\/wp-json\/wp\/v2\/pages\/8","targetHints":{"allow":["GET"]}}],"collection":[{"href":"https:\/\/wp.ufpel.edu.br\/jornadanutricao\/wp-json\/wp\/v2\/pages"}],"about":[{"href":"https:\/\/wp.ufpel.edu.br\/jornadanutricao\/wp-json\/wp\/v2\/types\/page"}],"author":[{"embeddable":true,"href":"https:\/\/wp.ufpel.edu.br\/jornadanutricao\/wp-json\/wp\/v2\/users\/209"}],"replies":[{"embeddable":true,"href":"https:\/\/wp.ufpel.edu.br\/jornadanutricao\/wp-json\/wp\/v2\/comments?post=8"}],"version-history":[{"count":8,"href":"https:\/\/wp.ufpel.edu.br\/jornadanutricao\/wp-json\/wp\/v2\/pages\/8\/revisions"}],"predecessor-version":[{"id":35,"href":"https:\/\/wp.ufpel.edu.br\/jornadanutricao\/wp-json\/wp\/v2\/pages\/8\/revisions\/35"}],"wp:attachment":[{"href":"https:\/\/wp.ufpel.edu.br\/jornadanutricao\/wp-json\/wp\/v2\/media?parent=8"}],"curies":[{"name":"wp","href":"https:\/\/api.w.org\/{rel}","templated":true}]}}

<div><b>&#8211; Dra Thais Steemburgo</b></div>
<div>Palestra sobre Nutrigenética</div>
<div><b>&#8211; Msc Ana Carolina Andretti</b></div>
<div>Palestra sobre Nutrição, Microbiota e Probióticos.</div>
<div><b>&#8211; Dra Márcia Foster Mesko</b></div>
<div>Palestra sobre Toxicologia de Alimentos.</div>
<div><b>&#8211; Msc Matheus Pintanel Silva de Freitas</b></div>
<div>Palestra sobre Nutrição e Exercício Físico</div>
<div><b>&#8211; Dr Paulo Cavalheiro Schenkel</b></div>
<div>Palestra sobre Fisiologia Cardiovascular</div>
<div><b>&#8211; Dra Francieli Moro Stefanello</b></div>
<div>Palestra sobre Nutrientes e Diabetes</div>
<div><b>&#8211; Dra Carla Helena Augustin Schwanke</b></div>
<div>Palestra sobre Envelhecimento</div>
<div><b>&#8211; Dra Camila Pegoraro</b></div>
<div>Palestra sobre Alimentos Transgênicos</div>
<div><strong>&#8211; Dra Luciana Tovo Rodrigues</strong></div>
<div>Palestra sobre Epidemiologia Genética</div>

<p>&#8211; Dra Thais Steemburgo Palestra sobre Nutrigenética &#8211; Msc Ana Carolina Andretti Palestra sobre Nutrição, Microbiota e Probióticos. &#8211; Dra Márcia Foster Mesko Palestra sobre Toxicologia de Alimentos. &#8211; Msc Matheus Pintanel Silva de Freitas Palestra sobre Nutrição e Exercício Físico &#8211; Dr Paulo Cavalheiro Schenkel Palestra sobre Fisiologia Cardiovascular &#8211; Dra Francieli Moro Stefanello Palestra sobre&hellip;</p>
