{"id":171,"date":"2014-04-30T19:22:53","date_gmt":"2014-04-30T22:22:53","guid":{"rendered":"https:\/\/wp.ufpel.edu.br\/jogosufpel\/?page_id=171"},"modified":"2015-05-26T08:56:49","modified_gmt":"2015-05-26T11:56:49","slug":"xadrez","status":"publish","type":"page","link":"https:\/\/wp.ufpel.edu.br\/jogosufpel\/modalidades\/xadrez\/","title":{"rendered":"Xadrez"},"content":{"rendered":"<h3><strong>2015<\/strong><\/h3>\n<hr \/>\n<h3><b>Congresso T\u00e9cnico<\/b><\/h3>\n<p style=\"padding-left: 30px\"><strong>Data:<\/strong> 20\/05 &#8211; 17h00<\/p>\n<p style=\"padding-left: 30px\"><strong>Local:<\/strong> Audit\u00f3rio da ESEF<\/p>\n<h3><strong>Competi\u00e7\u00e3o<\/strong><\/h3>\n<p style=\"padding-left: 30px\"><strong>Local:<\/strong> Sala de Reuni\u00f5es da ESEF<\/p>\n<p style=\"padding-left: 30px\"><strong>Data:<\/strong> 23\/05 &#8211; 8h30min<\/p>\n<p>Prof. Mario Renato de Azevedo J\u00fanior (ESEF) \u2013\u00a0<a href=\"mailto:marioazevedojr@terra.com.br\">marioazevedojr@terra.com.br<\/a><\/p>\n<h3><strong>Informa\u00e7\u00f5es<\/strong><\/h3>\n<p style=\"padding-left: 30px\"><a href=\"https:\/\/wp.ufpel.edu.br\/jogosufpel\/files\/2014\/04\/Informativo-04-Jogos-da-UFPel-Xadrez.pdf\">Informativo 04 &#8211; Xadrez<\/a><\/p>\n<h3><strong>Ficha de Inscri\u00e7\u00e3o<\/strong><\/h3>\n<p style=\"padding-left: 30px\"><a href=\"https:\/\/wp.ufpel.edu.br\/jogosufpel\/files\/2014\/04\/FichaInscricaoXadrez.pdf\">Download<\/a><\/p>\n<h3><strong>Classifica\u00e7\u00e3o Final Torneio de Xadrez da UFPel 2015<\/strong><\/h3>\n<p style=\"padding-left: 30px\"><a href=\"https:\/\/wp.ufpel.edu.br\/jogosufpel\/files\/2015\/05\/Classifica\u00e7\u00e3o-Final-Torneio-de-Xadrez-da-UFPel-2015_completo.pdf\"> Donwload <\/a><\/p>\n<h2><strong>2014<\/strong><\/h2>\n<hr \/>\n<h4><strong>Vencedores da Competi\u00e7\u00e3o:<\/strong><\/h4>\n<h5><strong>1\u00b0\u00a0Lugar: Anderson Donay Martins \u2013 Licenciatura em Matem\u00e1tica<\/strong><\/h5>\n<h5><strong>2\u00b0\u00a0Lugar: Arthur Ruiz Patroclo &#8211;\u00a0 Artes Visuais<\/strong><\/h5>\n<h5><strong>3\u00b0\u00a0Lugar: Natanael Muana Cardoso Noronha \u00a0&#8211; Bacharelado em Educa\u00e7\u00e3o F\u00edsica<\/strong><\/h5>\n<h5><strong>4\u00b0\u00a0Lugar: Lucas Oertel da Fonseca \u2013 Engenharia Industrial Madeireira<\/strong><\/h5>\n","protected":false},"excerpt":{"rendered":"<p>2015 Congresso T\u00e9cnico Data: 20\/05 &#8211; 17h00 Local: Audit\u00f3rio da ESEF Competi\u00e7\u00e3o Local: Sala de Reuni\u00f5es da ESEF Data: 23\/05 &#8211; 8h30min Prof. Mario Renato de Azevedo J\u00fanior (ESEF) \u2013\u00a0marioazevedojr@terra.com.br Informa\u00e7\u00f5es Informativo 04 &#8211; Xadrez Ficha de Inscri\u00e7\u00e3o Download Classifica\u00e7\u00e3o Final Torneio de Xadrez da UFPel 2015 Donwload 2014 Vencedores da Competi\u00e7\u00e3o: 1\u00b0\u00a0Lugar: Anderson Donay &hellip; <\/p>\n<p><a class=\"more-link btn\" href=\"https:\/\/wp.ufpel.edu.br\/jogosufpel\/modalidades\/xadrez\/\">Continue lendo<\/a><\/p>\n","protected":false},"author":374,"featured_media":452,"parent":268,"menu_order":7,"comment_status":"closed","ping_status":"closed","template":"","meta":{"footnotes":""},"class_list":["post-171","page","type-page","status-publish","has-post-thumbnail","hentry","nodate","item-wrap"],"_links":{"self":[{"href":"https:\/\/wp.ufpel.edu.br\/jogosufpel\/wp-json\/wp\/v2\/pages\/171","targetHints":{"allow":["GET"]}}],"collection":[{"href":"https:\/\/wp.ufpel.edu.br\/jogosufpel\/wp-json\/wp\/v2\/pages"}],"about":[{"href":"https:\/\/wp.ufpel.edu.br\/jogosufpel\/wp-json\/wp\/v2\/types\/page"}],"author":[{"embeddable":true,"href":"https:\/\/wp.ufpel.edu.br\/jogosufpel\/wp-json\/wp\/v2\/users\/374"}],"replies":[{"embeddable":true,"href":"https:\/\/wp.ufpel.edu.br\/jogosufpel\/wp-json\/wp\/v2\/comments?post=171"}],"version-history":[{"count":11,"href":"https:\/\/wp.ufpel.edu.br\/jogosufpel\/wp-json\/wp\/v2\/pages\/171\/revisions"}],"predecessor-version":[{"id":684,"href":"https:\/\/wp.ufpel.edu.br\/jogosufpel\/wp-json\/wp\/v2\/pages\/171\/revisions\/684"}],"up":[{"embeddable":true,"href":"https:\/\/wp.ufpel.edu.br\/jogosufpel\/wp-json\/wp\/v2\/pages\/268"}],"wp:featuredmedia":[{"embeddable":true,"href":"https:\/\/wp.ufpel.edu.br\/jogosufpel\/wp-json\/wp\/v2\/media\/452"}],"wp:attachment":[{"href":"https:\/\/wp.ufpel.edu.br\/jogosufpel\/wp-json\/wp\/v2\/media?parent=171"}],"curies":[{"name":"wp","href":"https:\/\/api.w.org\/{rel}","templated":true}]}}