{"id":85,"date":"2019-02-19T18:55:53","date_gmt":"2019-02-19T21:55:53","guid":{"rendered":"https:\/\/wp.ufpel.edu.br\/jhalecaufpel\/?page_id=85"},"modified":"2019-02-20T14:58:22","modified_gmt":"2019-02-20T17:58:22","slug":"sobre-pelotas","status":"publish","type":"page","link":"https:\/\/wp.ufpel.edu.br\/jhalecaufpel\/sobre-pelotas\/","title":{"rendered":"Sobre Pelotas"},"content":{"rendered":"<p style=\"text-align: center\"><span style=\"font-size: 14pt\"><strong>Um pouco sobre Pelotas<\/strong><\/span><\/p>\n<p class=\"font_8\">A cidade de Pelotas est\u00e1 localizada na metade sul do Rio Grande do Sul, e est\u00e1 conectada com a capital, Porto Alegre, por meio terrestre e a\u00e9reo.<\/p>\n<p class=\"font_8\">A companhia de transporte rodovi\u00e1rio\u00a0 Expresso Embaixador disponibiliza \u00f4nibus para a rota Porto Alegre &#8211; Pelotas (e vice versa) a cada hora, desde as 6h da manh\u00e3 at\u00e9 as 24h da noite. Atualmente o percurso \u00e9 feito em aproximadamente 4 horas.<\/p>\n<p class=\"font_8\">A companhia de transporte a\u00e9reo Azul oferece um voo di\u00e1rio entre Porto Alegre e Pelotas, cujo trajeto tem a dura\u00e7\u00e3o de 50 minutos. Visite os sites dessas empresas para mais informa\u00e7\u00f5es:<\/p>\n<p class=\"font_8\">\u200b<a href=\"http:\/\/www.expressoembaixador.com.br\/site\/content\/home\/index.php\" target=\"_blank\" rel=\"nofollow noopener\" data-content=\"http:\/\/www.expressoembaixador.com.br\/site\/content\/home\/index.php\" data-type=\"external\">Expresso Embaixador<\/a><\/p>\n<p class=\"font_8\"><a href=\"https:\/\/viajemais.voeazul.com.br\/Search.aspx?\" target=\"_blank\" rel=\"nofollow noopener\" data-content=\"https:\/\/viajemais.voeazul.com.br\/Search.aspx?\" data-type=\"external\">Azul Linhas A\u00e9reas<\/a><\/p>\n<p>&nbsp;<\/p>\n<p class=\"font_8\">Para aproveitar os pontos tur\u00edsticos de Pelotas, conhe\u00e7a o site da cidade clicando<a href=\"http:\/\/www.pelotas.com.br\/\" target=\"_blank\" rel=\"nofollow noopener\" data-content=\"http:\/\/www.pelotas.com.br\/\" data-type=\"external\">\u00a0aqui<\/a>!<\/p>\n<p class=\"font_8\">\u200b<\/p>\n<p class=\"font_8\"><strong>Hot\u00e9is:<\/strong><\/p>\n<p>\u200bCharqueada Santa Rita\u00a0&#8211; Estrada da Costa, 200 &#8211; Areal &#8211; Tel.: 3228-2024<br \/>\nCuri Hotel\u00a0&#8211; Gen. Os\u00f3rio, 719 &#8211; Tel.: 3227-9955<br \/>\nCuri Palace Hotel\u00a0&#8211; Gen. Netto, 1279 -Tel.: 3227-7377<br \/>\nHotel Allepo &#8211; Gen. Os\u00f3rio, 708 A &#8211; Tel.: 3225-3950 &#8211; Fax: 3225-3950<br \/>\nHotel do Leo &#8211; General Telles, 868 &#8211; Tel.: 3227-8977 &#8211; Fax: 3227-8977<br \/>\nHotel Estoril &#8211; Gen. Os\u00f3rio, 718 &#8211; Tel.: 3225-2411 &#8211; Fax: 3225-9911<br \/>\nHotel Jacques Georges\u00a0&#8211; Gon\u00e7alves Chaves, 512 &#8211; Tel.: 3284-9000<\/p>\n<p>Hotel Jacques Georges Tower &#8211; R. Alm. Barroso, 2069\u00a0 &#8211; Tel.:(53) 3027-9100<br \/>\nHotel Manta\u00a0&#8211; Gen. Netto, 1131 &#8211; Tel.: 3225-2411, 3225-9911<br \/>\nHotel Plaza Ipiranga &#8211; Av. Fernando Os\u00f3rio, 8079 &#8211; Tel.: 3273-6677<br \/>\nPalace Hotel &#8211; Sete de Setembro, 354 &#8211; Tel.: 3222-2223 &#8211; Fax: 3222-2223<br \/>\nPortal Sul Hospedagem e Turismo &#8211; Av.25 de Julho, 101 &#8211; Tel.: 3223-1416<br \/>\nRex Hotel &#8211; Pra\u00e7a. Cel. Pedro Os\u00f3rio, 205 &#8211; Tel.: 3222-1163<\/p>\n<p class=\"font_8\">\u200b<\/p>\n<p class=\"font_8\"><strong>Restaurantes:<\/strong><\/p>\n<p class=\"font_8\">Aki Pizzaria &amp; Parrillada &#8211; Av. Dr. Ant\u00f4nio Augusto de Assump\u00e7\u00e3o, 8081 &#8211; Laranjal &#8211; Tel.: 3226-1210<br \/>\nAldeia Grelhados &#8211; Av. Adolfo Fetter, 3200 &#8211; Laranjal &#8211; Tel.: 3226-2149<br \/>\nAlles Blau Restaurante &#8211; Sete de Setembro, 354 &#8211; Tel.: 3225-2277<br \/>\nArena Parillada &#8211; Doutor Amarante, 723 &#8211; Tel.: 3028-6788<br \/>\nAsia in Box &#8211; Santos Dumont, 525<br \/>\nBuffet do Foca &#8211; Padre Anchieta, 2687 &#8211; Tel.: 3027-2694<br \/>\nCaf\u00e9 Aqu\u00e1rio &#8211; XV de Novembro, 60 &#8211; Tel.: 3222-6544<br \/>\nCebola Mix &#8211; Av. Ant\u00f4nio Augusto Assump\u00e7\u00e3o, 9301 &#8211; Tel.: 3025-6900<br \/>\nChoperia Cruz de Malta &#8211; Andrade Neves, 4183 &#8211; Tel.: 3283-7702<br \/>\nChurrascaria Lob\u00e3o &#8211; Av. Bento Gon\u00e7alves, 3460 &#8211; Tel.: 3225-6197<br \/>\nChurrascaria Tradi\u00e7\u00e3o &#8211; Av. Bento Gon\u00e7alves, 4040 &#8211; Tel.: 3227-7402<br \/>\nCooperativa Teia Ecol\u00f3gica &#8211; Pra\u00e7a Cel. Pedro Os\u00f3rio, 63 &#8211; 3229-2268<br \/>\nCr\u00eaperie Fran\u00e7aise &#8211; Av. Bento Gon\u00e7alves, 3274 &#8211; Tel.: 3229-2029<br \/>\nCruz de Malta \u2013 Restaurante e churrascaria &#8211; Parque Dom Antonio Zatera,143 &#8211; Tel.: 3222-6835<br \/>\nDo\u00e7aria Pelotense &#8211; XV de Novembro, 579 &#8211; Tel.: 3222-2534<\/p>\n<p class=\"font_8\">Dom Ot\u00e1vio &#8211; R. Santa Cruz, 2172 &#8211;\u00a0 Tel.:(53) 3227-6455<br \/>\nEl Paisano &#8211; Mar. Deodoro, 1093<br \/>\nJo\u00e3o Gilberto &#8211; Gon\u00e7alves chaves, 430 &#8211; Tel.: 3222-0815<br \/>\nMa Ville &#8211; Andrade Neves, 3109 &#8211; Tel.: 3229-3233<br \/>\nMamma Pizza &#8211; General Os\u00f3rio, 720 &#8211; Tel.: 3225-2423<br \/>\nMercado Del Puerto &#8211; Rafael Pinto Bandeira, 1889 &#8211; Tel.: 3222-0686<br \/>\nNella Pietra &#8211; General Telles, 521 (esq. Santa Cruz) &#8211; Tel.: 3222-0021<br \/>\nOtto Confeitaria &#8211; Sete de Setembro, 304 &#8211; Tel.: 3225-7836<br \/>\nOtto Taberna &#8211; Anchieta, 3178 &#8211; Tel.: 3229-2789<br \/>\nPaiol Restaurante &#8211; Av. Bento Gon\u00e7alves, 3249 &#8211; Tel.: 3227-3904<br \/>\nPanificadora e Restaurante Molon &#8211; Pra\u00e7a Sete de Julho, 131 &#8211; Tel.: 3222-4308<br \/>\nRestaurante Batuva &#8211; Gen. Os\u00f3rio, 454 &#8211; Tel.:3222-0101<br \/>\nRestaurante e Parrillada Salamanca &#8211; F\u00e9lix da Cunha, 609<br \/>\nRestaurante Pelotas &#8211; General Neto, 1279 (Curi Palace Hotel) &#8211; Tel.: 3227-7377<br \/>\nRestaurante Trem B\u00e3o &#8211; Gen. Os\u00f3rio, 461 &#8211; Tel.: 3272-2446<br \/>\nRinc\u00e3o Nativo &#8211; F\u00e9lix da Cunha, 859 &#8211; Tel.: 3227-8699<br \/>\nRua XV &#8211; F\u00e9lix da Cunha, 555 &#8211; Tel.: 3225-6250<br \/>\nShanghay &#8211; Sete de setembro, 257 &#8211; Tel.: 3222-0077<br \/>\nVes\u00favio &#8211; Marcilio Dias, 1090 &#8211; Tel.: 3222-6708<br \/>\nVineria Gran Jos\u00e9 &#8211; General Os\u00f3rio, 1165 &#8211; Tel.: 3227-9436<\/p>\n<p class=\"font_8\">\u200b\u200b<span class=\"wixGuard\">\u200b<\/span>\u200b<\/p>\n<p class=\"font_8\"><strong>Os restaurantes e hot\u00e9is indicados nessa lista N\u00c3O possuem conv\u00eanio de qualquer esp\u00e9cie com o evento e servem apenas como indica\u00e7\u00f5es.<\/strong><\/p>\n","protected":false},"excerpt":{"rendered":"<p>Um pouco sobre Pelotas A cidade de Pelotas est\u00e1 localizada na metade sul do Rio Grande do Sul, e est\u00e1 conectada com a capital, Porto Alegre, por meio terrestre e a\u00e9reo. A companhia de transporte rodovi\u00e1rio\u00a0 Expresso Embaixador disponibiliza \u00f4nibus para a rota Porto Alegre &#8211; Pelotas (e vice versa) a cada hora, desde as [&hellip;]<\/p>\n","protected":false},"author":907,"featured_media":0,"parent":0,"menu_order":0,"comment_status":"closed","ping_status":"closed","template":"page-sem-sidebar.php","meta":{"footnotes":""},"class_list":["post-85","page","type-page","status-publish","hentry"],"_links":{"self":[{"href":"https:\/\/wp.ufpel.edu.br\/jhalecaufpel\/wp-json\/wp\/v2\/pages\/85","targetHints":{"allow":["GET"]}}],"collection":[{"href":"https:\/\/wp.ufpel.edu.br\/jhalecaufpel\/wp-json\/wp\/v2\/pages"}],"about":[{"href":"https:\/\/wp.ufpel.edu.br\/jhalecaufpel\/wp-json\/wp\/v2\/types\/page"}],"author":[{"embeddable":true,"href":"https:\/\/wp.ufpel.edu.br\/jhalecaufpel\/wp-json\/wp\/v2\/users\/907"}],"replies":[{"embeddable":true,"href":"https:\/\/wp.ufpel.edu.br\/jhalecaufpel\/wp-json\/wp\/v2\/comments?post=85"}],"version-history":[{"count":4,"href":"https:\/\/wp.ufpel.edu.br\/jhalecaufpel\/wp-json\/wp\/v2\/pages\/85\/revisions"}],"predecessor-version":[{"id":231,"href":"https:\/\/wp.ufpel.edu.br\/jhalecaufpel\/wp-json\/wp\/v2\/pages\/85\/revisions\/231"}],"wp:attachment":[{"href":"https:\/\/wp.ufpel.edu.br\/jhalecaufpel\/wp-json\/wp\/v2\/media?parent=85"}],"curies":[{"name":"wp","href":"https:\/\/api.w.org\/{rel}","templated":true}]}}