{"id":1272,"date":"2021-06-22T14:02:53","date_gmt":"2021-06-22T17:02:53","guid":{"rendered":"https:\/\/wp.ufpel.edu.br\/jhalecaufpel\/?page_id=1272"},"modified":"2025-01-30T15:24:03","modified_gmt":"2025-01-30T18:24:03","slug":"conferencias-e-minicursos","status":"publish","type":"page","link":"https:\/\/wp.ufpel.edu.br\/jhalecaufpel\/conferencias-e-minicursos\/","title":{"rendered":"Confer\u00eancias"},"content":{"rendered":"<p style=\"text-align: center;\"><span style=\"font-size: 14pt;\"><strong>CONFER\u00caNCIA DE ABERTURA<\/strong><\/span><\/p>\n<p>&nbsp;<\/p>\n<p style=\"text-align: center;\"><span style=\"font-size: 14pt;\"><em>Evid\u00eancias da divulga\u00e7\u00e3o da f\u00e9 em Jesus no Egito romano do s\u00e9culo I d.C.<\/em><\/span><\/p>\n<p style=\"text-align: center;\"><span style=\"font-size: 10pt;\">Profa. Dr. Monica Selvatici<\/span><\/p>\n<p style=\"text-align: center;\"><span style=\"font-size: 10pt;\">Professora Associada de Hist\u00f3ria Antiga e Medieval &#8211; Universidade Estadual de Londrina<\/span><\/p>\n<p style=\"text-align: center;\">18\/02\/2025 &#8211; 19:30h<\/p>\n<p>&nbsp;<\/p>\n<p style=\"text-align: center;\"><span style=\"font-size: 14pt;\"><strong>CONFER\u00caNCIAS<\/strong><\/span><\/p>\n<p style=\"text-align: center;\"><span style=\"font-size: 14pt;\"><strong>PALESTRAS<\/strong><\/span><\/p>\n<p>&nbsp;<\/p>\n<p>&nbsp;<\/p>\n<p>&nbsp;<\/p>\n<p>&nbsp;<\/p>\n<p>&nbsp;<\/p>\n","protected":false},"excerpt":{"rendered":"<p>CONFER\u00caNCIA DE ABERTURA &nbsp; Evid\u00eancias da divulga\u00e7\u00e3o da f\u00e9 em Jesus no Egito romano do s\u00e9culo I d.C. Profa. Dr. Monica Selvatici Professora Associada de Hist\u00f3ria Antiga e Medieval &#8211; Universidade Estadual de Londrina 18\/02\/2025 &#8211; 19:30h &nbsp; CONFER\u00caNCIAS PALESTRAS &nbsp; &nbsp; &nbsp; &nbsp; &nbsp;<\/p>\n","protected":false},"author":907,"featured_media":0,"parent":0,"menu_order":0,"comment_status":"closed","ping_status":"closed","template":"","meta":{"footnotes":""},"class_list":["post-1272","page","type-page","status-publish","hentry"],"_links":{"self":[{"href":"https:\/\/wp.ufpel.edu.br\/jhalecaufpel\/wp-json\/wp\/v2\/pages\/1272","targetHints":{"allow":["GET"]}}],"collection":[{"href":"https:\/\/wp.ufpel.edu.br\/jhalecaufpel\/wp-json\/wp\/v2\/pages"}],"about":[{"href":"https:\/\/wp.ufpel.edu.br\/jhalecaufpel\/wp-json\/wp\/v2\/types\/page"}],"author":[{"embeddable":true,"href":"https:\/\/wp.ufpel.edu.br\/jhalecaufpel\/wp-json\/wp\/v2\/users\/907"}],"replies":[{"embeddable":true,"href":"https:\/\/wp.ufpel.edu.br\/jhalecaufpel\/wp-json\/wp\/v2\/comments?post=1272"}],"version-history":[{"count":32,"href":"https:\/\/wp.ufpel.edu.br\/jhalecaufpel\/wp-json\/wp\/v2\/pages\/1272\/revisions"}],"predecessor-version":[{"id":1826,"href":"https:\/\/wp.ufpel.edu.br\/jhalecaufpel\/wp-json\/wp\/v2\/pages\/1272\/revisions\/1826"}],"wp:attachment":[{"href":"https:\/\/wp.ufpel.edu.br\/jhalecaufpel\/wp-json\/wp\/v2\/media?parent=1272"}],"curies":[{"name":"wp","href":"https:\/\/api.w.org\/{rel}","templated":true}]}}