{"id":1224,"date":"2021-06-22T12:56:47","date_gmt":"2021-06-22T15:56:47","guid":{"rendered":"https:\/\/wp.ufpel.edu.br\/jhalecaufpel\/?page_id=1224"},"modified":"2021-09-28T14:40:52","modified_gmt":"2021-09-28T17:40:52","slug":"cronograma-xxii-jha-2021","status":"publish","type":"page","link":"https:\/\/wp.ufpel.edu.br\/jhalecaufpel\/cronograma-xxii-jha-2021\/","title":{"rendered":"Cronograma XXII JHA 2021"},"content":{"rendered":"<table class=\"aligncenter\" style=\"height: 1127px;width: 801px;border-collapse: collapse;border-style: dotted;border-color: #787575\" border=\"1\">\n<tbody>\n<tr style=\"height: 24px\">\n<th style=\"width: 787.312px;border-style: solid;border-color: #6b6969;background-color: #f0a77d;height: 10px;text-align: center;vertical-align: middle\" colspan=\"5\" scope=\"row\">\n<pre><span style=\"font-size: 18pt;font-family: helvetica, arial, sans-serif\">CRONOGRAMA<\/span><\/pre>\n<\/th>\n<\/tr>\n<tr style=\"height: 5px\">\n<th style=\"width: 60px;vertical-align: middle;height: 10px;border-color: #000000;background-color: #f7cca1;border-style: solid;text-align: center\">\n<pre><span style=\"font-family: helvetica, arial, sans-serif\"><strong>\u00a0<\/strong><\/span><\/pre>\n<\/th>\n<th style=\"width: 180.062px;background-color: #f7cca1;border-color: #030202;vertical-align: middle;height: 10px;border-style: solid;text-align: center\">\n<pre><span style=\"font-family: helvetica, arial, sans-serif\"><span style=\"font-size: 14pt\"><strong>16\/11<\/strong><\/span>\r\nTer\u00e7a-feira<\/span><\/pre>\n<\/th>\n<th style=\"width: 168px;background-color: #f7cca1;border-color: #030202;height: 10px;vertical-align: middle;border-style: solid;text-align: center\">\n<pre><span style=\"font-family: helvetica, arial, sans-serif\"><strong><span style=\"font-size: 14pt\">17\/11<\/span>\r\n<\/strong>Quarta-feira<\/span><\/pre>\n<\/th>\n<th style=\"width: 177.844px;background-color: #f7cca1;border-color: #030202;vertical-align: middle;height: 10px;border-style: solid;text-align: center\">\n<pre><span style=\"font-family: helvetica, arial, sans-serif\"><strong><span style=\"font-size: 14pt\">18\/11<\/span>\r\n<\/strong>Quinta-feira<\/span><\/pre>\n<\/th>\n<th style=\"width: 189.406px;background-color: #f7cca1;border-color: #030202;vertical-align: middle;height: 10px;border-style: solid;text-align: center\">\n<pre><span style=\"font-family: helvetica, arial, sans-serif\"><strong><span style=\"font-size: 14pt\">19\/11<\/span>\r\n<\/strong>Sexta-feira<\/span><\/pre>\n<\/th>\n<\/tr>\n<tr style=\"height: 101px\">\n<td style=\"vertical-align: middle;width: 60px;border-color: #000000;background-color: #f7cca1;text-align: center;height: 116px\" rowspan=\"2\"><span style=\"font-family: helvetica, arial, sans-serif\"><strong>MANH\u00c3<\/strong><\/span><br \/>\n<span style=\"font-family: helvetica, arial, sans-serif\"><strong><br \/>\n<\/strong><\/span><\/td>\n<td style=\"vertical-align: middle;text-align: center;width: 180.062px;height: 116px\" rowspan=\"2\">&#8211;<\/td>\n<td style=\"text-align: center;vertical-align: middle;width: 168px;height: 32px\">\n<pre><span style=\"font-family: helvetica, arial, sans-serif\"><a href=\"https:\/\/bit.ly\/3wwJf3y\" target=\"_blank\" rel=\"noopener\"><strong>Minicurso<\/strong><\/a><\/span>\r\n<span style=\"font-family: helvetica, arial, sans-serif\">8 \u00e0s 10h<em>\r\nO estudo das mulheres\r\nda Antiguidade\r\n pela Arqueologia.<\/em><\/span>\r\n<span style=\"font-size: 10pt;font-family: helvetica, arial, sans-serif\">\r\nProfa. Dra. Tais Pagoto Belo\r\n<\/span><\/pre>\n<\/td>\n<td style=\"text-align: center;vertical-align: middle;width: 177.844px;height: 32px\">\n<pre><span style=\"font-family: helvetica, arial, sans-serif\"><a href=\"https:\/\/bit.ly\/3wwJf3y\" target=\"_blank\" rel=\"noopener\"><strong>Minicurso<\/strong><\/a><\/span>\r\n<span style=\"font-family: helvetica, arial, sans-serif\">8 \u00e0s 10h<em>\r\nO estudo das mulheres\r\nda Antiguidade\r\n pela Arqueologia.<\/em><\/span>\r\n<span style=\"font-size: 10pt;font-family: helvetica, arial, sans-serif\">\r\nProfa. Dra. Tais Pagoto Belo\r\n<\/span><\/pre>\n<\/td>\n<td style=\"vertical-align: middle;text-align: center;width: 189.406px;height: 116px\" rowspan=\"2\" scope=\"col\"><a href=\"https:\/\/wp.ufpel.edu.br\/jhalecaufpel\/sessoes-de-comunicacoes\/\"><strong><span style=\"font-family: helvetica, arial, sans-serif\">Sess\u00f5es de Comunica\u00e7\u00f5es<\/span><\/strong><\/a><br \/>\n<strong><span style=\"font-family: helvetica, arial, sans-serif\"><br \/>\n<\/span><\/strong><\/td>\n<\/tr>\n<tr style=\"height: 187px\">\n<td style=\"text-align: center;vertical-align: middle;width: 168px;height: 84px\">\n<pre><a href=\"https:\/\/bit.ly\/2TXv6xK\"><span style=\"font-family: helvetica, arial, sans-serif\"><strong>Minicurso<\/strong><\/span><\/a>\r\n<span style=\"font-family: helvetica, arial, sans-serif\">10 \u00e0s 12h<\/span>\r\n<em><span style=\"font-family: helvetica, arial, sans-serif\">O homoerotismo e o\r\nestudo de g\u00eanero\r\nno Egito Antigo.<\/span><\/em>\r\n\r\n<span style=\"font-size: 10pt;font-family: helvetica, arial, sans-serif\">Profa. Dra. Thais Rocha<\/span><\/pre>\n<\/td>\n<td style=\"text-align: center;vertical-align: middle;width: 177.844px;height: 84px\">\n<pre><span style=\"font-family: helvetica, arial, sans-serif\"><strong><a href=\"https:\/\/bit.ly\/2TXv6xK\">Minicurso<\/a>\r\n<\/strong>10 \u00e0s 12h\r\n<em>O homoerotismo e o \r\nestudo de g\u00eanero \r\nno Egito Antigo.<\/em>\r\n\r\n<span style=\"font-size: 10pt\">Profa. Dra. Thais Rocha<\/span><\/span><\/pre>\n<\/td>\n<\/tr>\n<tr style=\"height: 161px\">\n<td style=\"vertical-align: middle;height: 38px;width: 60px;border-color: #000000;background-color: #f7cca1;text-align: center\">\n<pre><span style=\"font-family: helvetica, arial, sans-serif\"><strong>TARDE<\/strong><\/span><\/pre>\n<\/td>\n<td style=\"vertical-align: middle;text-align: center;width: 180.062px;height: 38px\">\n<pre><strong><span style=\"font-family: helvetica, arial, sans-serif\">Confer\u00eancia\r\nde Abertura\r\n<\/span><\/strong><span style=\"font-family: helvetica, arial, sans-serif\">14h<\/span><span style=\"font-family: helvetica, arial, sans-serif\">\r\n<em>A homossexualidade<\/em>\r\n<em>feminina na Gr\u00e9cia<\/em>\r\n<em>e <\/em><\/span><em><span style=\"font-family: helvetica, arial, sans-serif\">em Roma:\r\nsim, uma hist\u00f3ria\r\n\u00e9 poss\u00edvel!<\/span><\/em>\r\n\r\n<span style=\"font-family: helvetica, arial, sans-serif;font-size: 10pt\">Profa. Dra. Sandra Boehringer<\/span>\r\n\r\n<\/pre>\n<\/td>\n<td style=\"vertical-align: middle;text-align: center;width: 168px;height: 38px\">\n<pre><a href=\"https:\/\/wp.ufpel.edu.br\/jhalecaufpel\/sessoes-de-comunicacoes\/\"><strong><span style=\"font-family: helvetica, arial, sans-serif\">Sess\u00f5es de<\/span><\/strong>\r\n<strong><span style=\"font-family: helvetica, arial, sans-serif\">Comunica\u00e7\u00f5es<\/span><\/strong><\/a><\/pre>\n<\/td>\n<td style=\"vertical-align: middle;text-align: center;width: 177.844px;height: 38px\">\n<pre><a href=\"https:\/\/bit.ly\/2Ue66Cz\"><strong><span style=\"font-family: helvetica, arial, sans-serif\">Minicurso<\/span><\/strong><\/a>\r\n<span style=\"font-family: helvetica, arial, sans-serif\">14 \u00e0s 18h\r\n<em>Lesbianidade,\r\nAntiguidade:\r\nencontros (im)poss\u00edveis?\r\n\r\n<\/em><span style=\"font-size: 10pt\">Profa. Dra. Lett\u00edcia Leite<\/span><\/span><\/pre>\n<\/td>\n<td style=\"vertical-align: middle;text-align: center;width: 189.406px;height: 38px\" scope=\"col\">\n<pre><strong><span style=\"font-family: helvetica, arial, sans-serif\"><img class=\"alignnone wp-image-203\" src=\"https:\/\/wp.ufpel.edu.br\/jhalecaufpel\/files\/2019\/02\/52684490_2282563905288302_4843453311396872192_n-400x291.png\" alt=\"\" width=\"59\" height=\"43\" srcset=\"https:\/\/wp.ufpel.edu.br\/jhalecaufpel\/files\/2019\/02\/52684490_2282563905288302_4843453311396872192_n-400x291.png 400w, https:\/\/wp.ufpel.edu.br\/jhalecaufpel\/files\/2019\/02\/52684490_2282563905288302_4843453311396872192_n-768x560.png 768w, https:\/\/wp.ufpel.edu.br\/jhalecaufpel\/files\/2019\/02\/52684490_2282563905288302_4843453311396872192_n.png 862w\" sizes=\"(max-width: 59px) 100vw, 59px\" \/>\r\n<\/span><\/strong><span style=\"font-size: 12pt\"><a href=\"https:\/\/bit.ly\/2U68con\"><strong><span style=\"font-family: helvetica, arial, sans-serif\">Letrinhas<\/span><\/strong><\/a>\r\n<span style=\"font-family: helvetica, arial, sans-serif\">14 \u00e0s 18h<\/span><em><span style=\"font-family: helvetica, arial, sans-serif\">\r\nDe desejo, virgens\r\ne can\u00e7\u00e3o:\r\no (homo)erotismo em Safo\r\n<\/span><\/em><\/span><span style=\"font-family: helvetica, arial, sans-serif;font-size: 10pt\">Profa. Dra. Giuliana Ragusa<\/span><\/pre>\n<\/td>\n<\/tr>\n<tr style=\"height: 191px\">\n<td style=\"height: 10px;width: 60px;border-color: #000000;background-color: #f7cca1;text-align: center;vertical-align: middle\" scope=\"col\">\n<pre><span style=\"font-family: helvetica, arial, sans-serif\"><strong>NOITE<\/strong><\/span><\/pre>\n<\/td>\n<td style=\"vertical-align: middle;text-align: center;width: 180.062px;height: 10px\" scope=\"col\">\n<pre><strong><span style=\"font-family: helvetica, arial, sans-serif\">Mesa \r\nRedonda\r\n<\/span><\/strong><span style=\"font-family: helvetica, arial, sans-serif\">19h\r\n<em>Homoerotismo\r\n<\/em><em>masculino na<\/em>\r\n<em>Antiguidade<\/em>\r\n<em>    grega e romana<\/em>.   \r\n<\/span><\/pre>\n<\/td>\n<td style=\"text-align: center;vertical-align: middle;width: 168px;height: 10px\" scope=\"col\">\n<pre><strong><span style=\"font-family: helvetica, arial, sans-serif\"><img class=\"alignnone wp-image-1136\" src=\"https:\/\/wp.ufpel.edu.br\/jhalecaufpel\/files\/2021\/06\/pipoca-e1624378811900-400x195.png\" alt=\"\" width=\"96\" height=\"47\" \/>\r\n<a href=\"https:\/\/bit.ly\/3fZagWm\">Pipoca Cl\u00e1ssica<\/a>\r\n<\/span><\/strong><span style=\"font-family: helvetica, arial, sans-serif\">19h<\/span><em><span style=\"font-family: helvetica, arial, sans-serif\">\r\nSatyricon<\/span><\/em>\r\n<span style=\"font-family: helvetica, arial, sans-serif\"><span style=\"font-size: 10pt\">Debatedores:<\/span><\/span><span style=\"font-family: helvetica, arial, sans-serif\">\r\n<span style=\"font-size: 10pt\">Profa. Dra. Claudia Beltr\u00e3o<\/span>\r\n<\/span><span style=\"font-family: helvetica, arial, sans-serif\"><span style=\"font-size: 10pt\">Prof. Dr. F\u00e1bio Faversani<\/span><\/span>\r\n<\/pre>\n<\/td>\n<td style=\"vertical-align: middle;text-align: center;width: 177.844px;height: 10px\" scope=\"col\">\n<pre><a href=\"https:\/\/wp.ufpel.edu.br\/jhalecaufpel\/sessoes-de-comunicacoes\/\"><strong><span style=\"font-family: helvetica, arial, sans-serif\">Sess\u00f5es de\r\nComunica\u00e7\u00f5es<\/span><\/strong><\/a><\/pre>\n<\/td>\n<td style=\"vertical-align: middle;text-align: center;width: 189.406px;height: 10px\" scope=\"col\">\n<pre><strong><span style=\"font-family: helvetica, arial, sans-serif\">Confer\u00eancia de\r\nEncerramento\r\n<\/span><\/strong><span style=\"font-family: helvetica, arial, sans-serif\">19h<\/span><span style=\"font-family: helvetica, arial, sans-serif\">\r\n<em>Amor pelo mesmo sexo <\/em>\r\n<em>na Gr\u00e9cia Antiga,<\/em>\r\n<em>a evid\u00eancia art\u00edstica.\r\n\r\n<\/em><span style=\"font-size: 10pt\">Prof. Dr. Andrew Lear<\/span><\/span><\/pre>\n<\/td>\n<\/tr>\n<\/tbody>\n<\/table>\n<p>&nbsp;<\/p>\n<p style=\"text-align: center\"><span style=\"font-size: 14pt\"><strong><span style=\"font-family: helvetica, arial, sans-serif\">16 de novembro<\/span><\/strong><\/span><\/p>\n<p style=\"text-align: center\"><strong><span style=\"font-family: helvetica, arial, sans-serif\">19 horas &#8211; <\/span><\/strong><strong><span style=\"font-family: helvetica, arial, sans-serif\">Mesa Redonda<\/span><\/strong><\/p>\n<p style=\"text-align: center\"><strong><span style=\"font-family: helvetica, arial, sans-serif\"><em>Homoerotismo <\/em><em>masculino na<\/em> <em>Antiguidade<\/em> <em> grega e romana<\/em>.<\/span><\/strong><\/p>\n<pre style=\"text-align: center\"><span style=\"font-family: helvetica, arial, sans-serif\"><em>Homoerotismo masculino na Gr\u00e9cia Antiga: <\/em>\r\n<em>reflex\u00f5es sobre a pederastia ateniense e masculinidades no Per\u00edodo Cl\u00e1ssico.<\/em>\r\n<\/span><span style=\"font-family: helvetica, arial, sans-serif\">Profa. Dra. Luana Neres de Sousa (UFG)\r\n\r\n<em>As tramas amorosas de Adriano: entre Plotina, Sabina e Ant\u00ednoo<\/em><\/span>\r\n<span style=\"font-family: helvetica, arial, sans-serif\">Prof. Dr. Deivid Val\u00e9rio Gaia (UFRJ)\r\n\r\n<em>Pr\u00e1ticas mortu\u00e1rias da Britannia e abordagem quee<\/em>r\r\nProf. Dr. Renato Pinto (UFPE)<\/span><\/pre>\n","protected":false},"excerpt":{"rendered":"<p>CRONOGRAMA \u00a0 16\/11 Ter\u00e7a-feira 17\/11 Quarta-feira 18\/11 Quinta-feira 19\/11 Sexta-feira MANH\u00c3 &#8211; Minicurso 8 \u00e0s 10h O estudo das mulheres da Antiguidade pela Arqueologia. Profa. Dra. Tais Pagoto Belo Minicurso 8 \u00e0s 10h O estudo das mulheres da Antiguidade pela Arqueologia. Profa. Dra. Tais Pagoto Belo Sess\u00f5es de Comunica\u00e7\u00f5es Minicurso 10 \u00e0s 12h O homoerotismo [&hellip;]<\/p>\n","protected":false},"author":907,"featured_media":0,"parent":0,"menu_order":0,"comment_status":"closed","ping_status":"closed","template":"page-sem-sidebar.php","meta":{"footnotes":""},"class_list":["post-1224","page","type-page","status-publish","hentry"],"_links":{"self":[{"href":"https:\/\/wp.ufpel.edu.br\/jhalecaufpel\/wp-json\/wp\/v2\/pages\/1224","targetHints":{"allow":["GET"]}}],"collection":[{"href":"https:\/\/wp.ufpel.edu.br\/jhalecaufpel\/wp-json\/wp\/v2\/pages"}],"about":[{"href":"https:\/\/wp.ufpel.edu.br\/jhalecaufpel\/wp-json\/wp\/v2\/types\/page"}],"author":[{"embeddable":true,"href":"https:\/\/wp.ufpel.edu.br\/jhalecaufpel\/wp-json\/wp\/v2\/users\/907"}],"replies":[{"embeddable":true,"href":"https:\/\/wp.ufpel.edu.br\/jhalecaufpel\/wp-json\/wp\/v2\/comments?post=1224"}],"version-history":[{"count":67,"href":"https:\/\/wp.ufpel.edu.br\/jhalecaufpel\/wp-json\/wp\/v2\/pages\/1224\/revisions"}],"predecessor-version":[{"id":1515,"href":"https:\/\/wp.ufpel.edu.br\/jhalecaufpel\/wp-json\/wp\/v2\/pages\/1224\/revisions\/1515"}],"wp:attachment":[{"href":"https:\/\/wp.ufpel.edu.br\/jhalecaufpel\/wp-json\/wp\/v2\/media?parent=1224"}],"curies":[{"name":"wp","href":"https:\/\/api.w.org\/{rel}","templated":true}]}}