{"id":113,"date":"2019-02-19T19:33:12","date_gmt":"2019-02-19T22:33:12","guid":{"rendered":"https:\/\/wp.ufpel.edu.br\/jhalecaufpel\/?page_id=113"},"modified":"2019-05-15T09:10:00","modified_gmt":"2019-05-15T12:10:00","slug":"atividades-culturais","status":"publish","type":"page","link":"https:\/\/wp.ufpel.edu.br\/jhalecaufpel\/atividades-culturais\/","title":{"rendered":"Atividades Musicais"},"content":{"rendered":"<p>&nbsp;<\/p>\n<table style=\"border-collapse: collapse;width: 100%\" border=\"1\">\n<tbody>\n<tr>\n<td style=\"width: 30%\">\n<p><img class=\" wp-image-483 alignleft\" src=\"https:\/\/wp.ufpel.edu.br\/jhalecaufpel\/files\/2019\/05\/42409354_525166531230003_8652910881417461760_n-200x200.jpg\" alt=\"\" width=\"240\" height=\"240\" srcset=\"https:\/\/wp.ufpel.edu.br\/jhalecaufpel\/files\/2019\/05\/42409354_525166531230003_8652910881417461760_n-200x200.jpg 200w, https:\/\/wp.ufpel.edu.br\/jhalecaufpel\/files\/2019\/05\/42409354_525166531230003_8652910881417461760_n-400x400.jpg 400w, https:\/\/wp.ufpel.edu.br\/jhalecaufpel\/files\/2019\/05\/42409354_525166531230003_8652910881417461760_n.jpg 438w\" sizes=\"(max-width: 240px) 100vw, 240px\" \/><\/p>\n<p>&nbsp;<\/p>\n<p>&nbsp;<\/p>\n<p>&nbsp;<\/p>\n<p>&nbsp;<\/p>\n<p>&nbsp;<\/p>\n<p>&nbsp;<\/p>\n<p><span style=\"font-size: 12pt\"><strong>DATA: 03.06.19<\/strong><\/span><\/p>\n<p><span style=\"font-size: 12pt\"><strong>HORA: 19h<\/strong><\/span><\/p>\n<p><span style=\"font-size: 12pt\"><strong>LOCAL: <\/strong><\/span><span style=\"font-size: 12pt\"><strong>Audit\u00f3rio do CECH <\/strong><\/span><\/p>\n<p><span style=\"font-size: 10pt\"><strong>Rua Alberto Rosa, 117 &#8211; Porto &#8211; Pelotas<\/strong><\/span><\/td>\n<td style=\"width: 70%\">\n<h1 style=\"text-align: center\"><span style=\"font-size: 24pt\"><strong>RECITAL DE ABERTURA<\/strong><\/span><\/h1>\n<h2 style=\"text-align: center\">&#8220;Burlesco, pelejeador, amoroso e devoto&#8221;<\/h2>\n<h3 style=\"text-align: center\"><strong>Grupo Iluminura<\/strong><\/h3>\n<h4 style=\"text-align: center\">Conjunto de m\u00fasica tardo-medieval e renascentista<\/h4>\n<h5 style=\"text-align: justify\">\u00c9 um grupo art\u00edstico dedicado \u00e0 pesquisa e a pr\u00e1tica musical.\u00a0Formado em 2016, tem atuado em diversos espa\u00e7os acad\u00eamicos e culturais da cidade de Pelotas e regi\u00e3o. Com base na pesquisa musical, dedica-se a elaborar arranjos e adapta\u00e7\u00f5es, e a interpret\u00e1-las em performances p\u00fablicas.\u00a0O resultado se d\u00e1 na elabora\u00e7\u00e3o de um repert\u00f3rio hist\u00f3rico com \u00eanfase nas interdisciplinaridades contidas nos materiais art\u00edsticos analisados. O grupo \u00e9 formado por docentes que atuam nos Cursos de M\u00fasica do Centro de Artes da UFPel.<\/h5>\n<h5 style=\"text-align: justify\">O repert\u00f3rio apresenta, em especial, a musical vocal secular da virada dos s\u00e9culos XV e XVI. A poesia \u00e9 de tem\u00e1tica\u00a0 burlesca, militante, de amores e devo\u00e7\u00e3o.\u00a0 O repert\u00f3rio inclui ainda pe\u00e7as instrumentais, desta mesma \u00e9poca, destinadas \u00e0s dan\u00e7as de roda.<\/h5>\n<p><u>M\u00daSICOS:<\/u><\/p>\n<p>Jo\u00e3o A. Staub Gomes (ala\u00fade), Werner Ewald (flautas), Leonora Oxley (canto), Marcelo Borba (percuss\u00e3o) e Carlos W. Soares (cello).<\/p>\n<p><u>REPERT\u00d3RIO:<\/u><\/p>\n<ol>\n<li>Johann Steuerlein (s\u00e9c. XVI) &#8211; <em>Wie lieblich is der Maien<\/em><\/li>\n<li>An\u00f4nimo (Cancionero de Palacio) (s\u00e9c. XV-XVI) \u2013 <em>Calaba\u00e7a<\/em><\/li>\n<li>Juan del\u00a0 Encina (1468- 1529\/30) &#8211; <em>Levanta,\u00a0 Pascual <\/em>(Cancionero de Palacio)<\/li>\n<li>Juan del\u00a0 Encina (1468- 1529\/30) &#8211; <em>M\u00e1s vale trocar <\/em>(Cancionero de Palacio)<\/li>\n<li>Tielman Susato (1500-1560) &#8211; <em>Mein Freund<\/em><\/li>\n<li>Jacques Moderne (1500-1560)\u00a0&#8211; <em>Lustiger Reihentanz<\/em><\/li>\n<li>Melodia an\u00f4nima (s\u00e9c. XV?) e texto de William Shakespeare (1564-1616) \/ &#8220;Hamlet\u201d &#8211; <em>Tomorrow is Saint Valentine\u2019s\u00a0Day<\/em><\/li>\n<li>Juan del Encina (1468- 1529\/30) (Cancionero de Palacio) &#8211; <em>Oy comamos y bebamos<\/em><\/li>\n<\/ol>\n<p><u>INSTRUMENTOS:<\/u><\/p>\n<p>ala\u00fade, flautas, canto, percuss\u00e3o e cello.<\/td>\n<\/tr>\n<tr>\n<td style=\"width: 30%\">\n<p><span style=\"font-size: 12pt\"><strong>DATA: 06.06.19<\/strong><\/span><\/p>\n<p><span style=\"font-size: 12pt\"><strong>HORA: 17:30h<\/strong><\/span><\/p>\n<p><span style=\"font-size: 12pt\"><strong>LOCAL: <\/strong><\/span><span style=\"font-size: 12pt\"><strong>Audit\u00f3rio do CECH <\/strong><\/span><\/p>\n<p><span style=\"font-size: 10pt\"><strong>Rua Alberto Rosa, 117 &#8211; Porto &#8211; Pelotas<\/strong><\/span><\/td>\n<td style=\"width: 70%\">\n<h1 style=\"text-align: center\">RECITAL<\/h1>\n<h2 style=\"text-align: center\">&#8220;Mitos gregos na literatura para flauta&#8221;<\/h2>\n<h3 style=\"text-align: center\">Raul Costa d\u2019\u00c1vila (flauta solo)<\/h3>\n<p>REPERT\u00d3RIO:<\/p>\n<ol>\n<li>Claude D\u00e9bussy (1862-1918) &#8211; Syrinx<\/li>\n<li>Charles Koechlin (1867-1950) &#8211; Les Chants de Nectaire (opus 198 \u2013 199 \u2013 200)<\/li>\n<li>Thiago Costa Perdig\u00e3o (1989 &#8211; ) Su\u00edte Marsias<\/li>\n<\/ol>\n<p>INSTRUMENTOS:<\/p>\n<p>Flauta transversa e piccolo<\/td>\n<\/tr>\n<tr>\n<td style=\"width: 30%\">\n<p><a href=\"https:\/\/wp.ufpel.edu.br\/jhalecaufpel\/files\/2019\/05\/60357816_573988103122299_4901165250809692160_n.jpg\"><img class=\"size-medium wp-image-570 alignleft\" src=\"https:\/\/wp.ufpel.edu.br\/jhalecaufpel\/files\/2019\/05\/60357816_573988103122299_4901165250809692160_n-400x300.jpg\" alt=\"\" width=\"400\" height=\"300\" srcset=\"https:\/\/wp.ufpel.edu.br\/jhalecaufpel\/files\/2019\/05\/60357816_573988103122299_4901165250809692160_n-400x300.jpg 400w, https:\/\/wp.ufpel.edu.br\/jhalecaufpel\/files\/2019\/05\/60357816_573988103122299_4901165250809692160_n-768x576.jpg 768w, https:\/\/wp.ufpel.edu.br\/jhalecaufpel\/files\/2019\/05\/60357816_573988103122299_4901165250809692160_n-1024x768.jpg 1024w, https:\/\/wp.ufpel.edu.br\/jhalecaufpel\/files\/2019\/05\/60357816_573988103122299_4901165250809692160_n.jpg 1280w\" sizes=\"(max-width: 400px) 100vw, 400px\" \/><\/a><\/p>\n<p><span style=\"font-size: 12pt\"><strong>DATA: 07.06.19<\/strong><\/span><\/p>\n<p><span style=\"font-size: 12pt\"><strong>HORA: 16h<\/strong><\/span><\/p>\n<p><span style=\"font-size: 12pt\"><strong>LOCAL: <\/strong><\/span><span style=\"font-size: 12pt\"><strong>Audit\u00f3rio do CECH <\/strong><\/span><\/p>\n<p><span style=\"font-size: 10pt\"><strong>Rua Alberto Rosa, 117 &#8211; Porto &#8211; Pelotas<\/strong><\/span><\/td>\n<td style=\"width: 70%\">\n<h1 style=\"text-align: center\">RECITAL DE ENCERRAMENTO<\/h1>\n<h2 style=\"text-align: center\">&#8220;Narrativas Medievais&#8221;<\/h2>\n<h3 style=\"text-align: center\">M\u00fasica Mundana<\/h3>\n<h4 style=\"text-align: center\">Conjunto de M\u00fasicas Antigas e Tradicionais (Porto Alegre)<\/h4>\n<h5 style=\"text-align: justify\">O repert\u00f3rio comp\u00f5e-se de can\u00e7\u00f5es registradas entre os s\u00e9culos XII e XIV, que trazem diferentes narrativas acerca do amor cortes\u00e3o, da religiosidade, rela\u00e7\u00f5es humanas e elementos da natureza. Inclui can\u00e7\u00f5es mu\u00e7ulmanas, judaicas e crist\u00e3s, as quais expressam a intensifica\u00e7\u00e3o do culto mariano no segundo mil\u00eanio, como exemplo, as cantigas em louvor a Santa Maria escritas por Afonso X (1221-1284), rei de Le\u00e3o e Castela, compostas \u00e0s centenas.<\/h5>\n<p style=\"text-align: justify\">M\u00daSICOS:<br \/>\n\u00c2ngelo Primon, Deisi Coccaro, Eliana Vaz Huber, Fl\u00e1via Domingues Alves, Guilherme Roman Marangon e La\u00eds Belinski Roman.<\/p>\n<p>REPERT\u00d3RIO:<\/p>\n<ol>\n<li>An\u00f4nimo \u2013 Allahu Akbar (canto isl\u00e2mico)<\/li>\n<li style=\"text-align: justify\">An\u00f4nimo \u2013 Morenica a mi me llaman (can\u00e7\u00e3o sefardita)<\/li>\n<li style=\"text-align: justify\">An\u00f4nimo \u2013 La rosa enflorece (can\u00e7\u00e3o sefardita)<\/li>\n<li style=\"text-align: justify\">An\u00f4nimo \u2013 Saltarello (dan\u00e7a instrumental)<\/li>\n<li style=\"text-align: justify\">Afonso X \u2013 Cantigas de Santa Maria, N\u00ba 353. Quen a omagen da virgen<\/li>\n<li style=\"text-align: justify\">Afonso X \u2013 Cantigas de Santa Maria, N\u00ba 10. Rosa das rosas<\/li>\n<li style=\"text-align: justify\">Afonso X \u2013 Cantigas de Santa Maria, N\u00ba 100. Santa Maria strela do dia<\/li>\n<li style=\"text-align: justify\">An\u00f4nimo \u2013 Summer is icumen in (vers\u00e3o vocal)<\/li>\n<li style=\"text-align: justify\">An\u00f4nimo \u2013 Il trotto (dan\u00e7a instrumental)<\/li>\n<li style=\"text-align: justify\">Ricardo Cora\u00e7\u00e3o-de-Le\u00e3o (1157-1199) \u2013 Ja nuns hons pris<\/li>\n<li style=\"text-align: justify\">An\u00f4nimo \u2013 Summer is icumen in (vers\u00e3o instrumental)<\/li>\n<li style=\"text-align: justify\">An\u00f4nimo \u2013 Al entrada del Temps Clar (can\u00e7\u00e3o para a entrada da primavera)<\/li>\n<\/ol>\n<p style=\"text-align: justify\">INSTRUMENTOS:<\/p>\n<p style=\"text-align: justify\">flautas, gemshorns, krumhorn, cornamusa, oud, ala\u00fade, viola, c\u00edtola, setar, santur, harpa celta, harpa g\u00f3tica, lira, salt\u00e9rio de dedo, salt\u00e9rio de arco, rabecas, viela de roda, derbak, tabla, riq, daff, c\u00edmbalos e camp\u00e2nulas.<\/p>\n<\/td>\n<\/tr>\n<\/tbody>\n<\/table>\n<p>&nbsp;<\/p>\n","protected":false},"excerpt":{"rendered":"<p>&nbsp; &nbsp; &nbsp; &nbsp; &nbsp; &nbsp; &nbsp; DATA: 03.06.19 HORA: 19h LOCAL: Audit\u00f3rio do CECH Rua Alberto Rosa, 117 &#8211; Porto &#8211; Pelotas RECITAL DE ABERTURA &#8220;Burlesco, pelejeador, amoroso e devoto&#8221; Grupo Iluminura Conjunto de m\u00fasica tardo-medieval e renascentista \u00c9 um grupo art\u00edstico dedicado \u00e0 pesquisa e a pr\u00e1tica musical.\u00a0Formado em 2016, tem atuado em [&hellip;]<\/p>\n","protected":false},"author":907,"featured_media":115,"parent":0,"menu_order":0,"comment_status":"closed","ping_status":"closed","template":"page-sem-sidebar.php","meta":{"footnotes":""},"class_list":["post-113","page","type-page","status-publish","has-post-thumbnail","hentry"],"_links":{"self":[{"href":"https:\/\/wp.ufpel.edu.br\/jhalecaufpel\/wp-json\/wp\/v2\/pages\/113","targetHints":{"allow":["GET"]}}],"collection":[{"href":"https:\/\/wp.ufpel.edu.br\/jhalecaufpel\/wp-json\/wp\/v2\/pages"}],"about":[{"href":"https:\/\/wp.ufpel.edu.br\/jhalecaufpel\/wp-json\/wp\/v2\/types\/page"}],"author":[{"embeddable":true,"href":"https:\/\/wp.ufpel.edu.br\/jhalecaufpel\/wp-json\/wp\/v2\/users\/907"}],"replies":[{"embeddable":true,"href":"https:\/\/wp.ufpel.edu.br\/jhalecaufpel\/wp-json\/wp\/v2\/comments?post=113"}],"version-history":[{"count":15,"href":"https:\/\/wp.ufpel.edu.br\/jhalecaufpel\/wp-json\/wp\/v2\/pages\/113\/revisions"}],"predecessor-version":[{"id":572,"href":"https:\/\/wp.ufpel.edu.br\/jhalecaufpel\/wp-json\/wp\/v2\/pages\/113\/revisions\/572"}],"wp:featuredmedia":[{"embeddable":true,"href":"https:\/\/wp.ufpel.edu.br\/jhalecaufpel\/wp-json\/wp\/v2\/media\/115"}],"wp:attachment":[{"href":"https:\/\/wp.ufpel.edu.br\/jhalecaufpel\/wp-json\/wp\/v2\/media?parent=113"}],"curies":[{"name":"wp","href":"https:\/\/api.w.org\/{rel}","templated":true}]}}

<p>&nbsp;</p>
<table style="border-collapse: collapse;width: 100%" border="1">
<tbody>
<tr>
<td style="width: 30%">
<p><img class=" wp-image-483 alignleft" src="https://wp.ufpel.edu.br/jhalecaufpel/files/2019/05/42409354_525166531230003_8652910881417461760_n-200x200.jpg" alt="" width="240" height="240" srcset="https://wp.ufpel.edu.br/jhalecaufpel/files/2019/05/42409354_525166531230003_8652910881417461760_n-200x200.jpg 200w, https://wp.ufpel.edu.br/jhalecaufpel/files/2019/05/42409354_525166531230003_8652910881417461760_n-400x400.jpg 400w, https://wp.ufpel.edu.br/jhalecaufpel/files/2019/05/42409354_525166531230003_8652910881417461760_n.jpg 438w" sizes="(max-width: 240px) 100vw, 240px" /></p>
<p>&nbsp;</p>
<p>&nbsp;</p>
<p>&nbsp;</p>
<p>&nbsp;</p>
<p>&nbsp;</p>
<p>&nbsp;</p>
<p><span style="font-size: 12pt"><strong>DATA: 03.06.19</strong></span></p>
<p><span style="font-size: 12pt"><strong>HORA: 19h</strong></span></p>
<p><span style="font-size: 12pt"><strong>LOCAL: </strong></span><span style="font-size: 12pt"><strong>Auditório do CECH </strong></span></p>
<p><span style="font-size: 10pt"><strong>Rua Alberto Rosa, 117 &#8211; Porto &#8211; Pelotas</strong></span></td>
<td style="width: 70%">
<h1 style="text-align: center"><span style="font-size: 24pt"><strong>RECITAL DE ABERTURA</strong></span></h1>
<h2 style="text-align: center">&#8220;Burlesco, pelejeador, amoroso e devoto&#8221;</h2>
<h3 style="text-align: center"><strong>Grupo Iluminura</strong></h3>
<h4 style="text-align: center">Conjunto de música tardo-medieval e renascentista</h4>
<h5 style="text-align: justify">É um grupo artístico dedicado à pesquisa e a prática musical. Formado em 2016, tem atuado em diversos espaços acadêmicos e culturais da cidade de Pelotas e região. Com base na pesquisa musical, dedica-se a elaborar arranjos e adaptações, e a interpretá-las em performances públicas. O resultado se dá na elaboração de um repertório histórico com ênfase nas interdisciplinaridades contidas nos materiais artísticos analisados. O grupo é formado por docentes que atuam nos Cursos de Música do Centro de Artes da UFPel.</h5>
<h5 style="text-align: justify">O repertório apresenta, em especial, a musical vocal secular da virada dos séculos XV e XVI. A poesia é de temática  burlesca, militante, de amores e devoção.  O repertório inclui ainda peças instrumentais, desta mesma época, destinadas às danças de roda.</h5>
<p><u>MÚSICOS:</u></p>
<p>João A. Staub Gomes (alaúde), Werner Ewald (flautas), Leonora Oxley (canto), Marcelo Borba (percussão) e Carlos W. Soares (cello).</p>
<p><u>REPERTÓRIO:</u></p>
<ol>
<li>Johann Steuerlein (séc. XVI) &#8211; <em>Wie lieblich is der Maien</em></li>
<li>Anônimo (Cancionero de Palacio) (séc. XV-XVI) – <em>Calabaça</em></li>
<li>Juan del  Encina (1468- 1529/30) &#8211; <em>Levanta,  Pascual </em>(Cancionero de Palacio)</li>
<li>Juan del  Encina (1468- 1529/30) &#8211; <em>Más vale trocar </em>(Cancionero de Palacio)</li>
<li>Tielman Susato (1500-1560) &#8211; <em>Mein Freund</em></li>
<li>Jacques Moderne (1500-1560) &#8211; <em>Lustiger Reihentanz</em></li>
<li>Melodia anônima (séc. XV?) e texto de William Shakespeare (1564-1616) / &#8220;Hamlet” &#8211; <em>Tomorrow is Saint Valentine’s Day</em></li>
<li>Juan del Encina (1468- 1529/30) (Cancionero de Palacio) &#8211; <em>Oy comamos y bebamos</em></li>
</ol>
<p><u>INSTRUMENTOS:</u></p>
<p>alaúde, flautas, canto, percussão e cello.</td>
</tr>
<tr>
<td style="width: 30%">
<p><span style="font-size: 12pt"><strong>DATA: 06.06.19</strong></span></p>
<p><span style="font-size: 12pt"><strong>HORA: 17:30h</strong></span></p>
<p><span style="font-size: 12pt"><strong>LOCAL: </strong></span><span style="font-size: 12pt"><strong>Auditório do CECH </strong></span></p>
<p><span style="font-size: 10pt"><strong>Rua Alberto Rosa, 117 &#8211; Porto &#8211; Pelotas</strong></span></td>
<td style="width: 70%">
<h1 style="text-align: center">RECITAL</h1>
<h2 style="text-align: center">&#8220;Mitos gregos na literatura para flauta&#8221;</h2>
<h3 style="text-align: center">Raul Costa d’Ávila (flauta solo)</h3>
<p>REPERTÓRIO:</p>
<ol>
<li>Claude Débussy (1862-1918) &#8211; Syrinx</li>
<li>Charles Koechlin (1867-1950) &#8211; Les Chants de Nectaire (opus 198 – 199 – 200)</li>
<li>Thiago Costa Perdigão (1989 &#8211; ) Suíte Marsias</li>
</ol>
<p>INSTRUMENTOS:</p>
<p>Flauta transversa e piccolo</td>
</tr>
<tr>
<td style="width: 30%">
<p><a href="https://wp.ufpel.edu.br/jhalecaufpel/files/2019/05/60357816_573988103122299_4901165250809692160_n.jpg"><img class="size-medium wp-image-570 alignleft" src="https://wp.ufpel.edu.br/jhalecaufpel/files/2019/05/60357816_573988103122299_4901165250809692160_n-400x300.jpg" alt="" width="400" height="300" srcset="https://wp.ufpel.edu.br/jhalecaufpel/files/2019/05/60357816_573988103122299_4901165250809692160_n-400x300.jpg 400w, https://wp.ufpel.edu.br/jhalecaufpel/files/2019/05/60357816_573988103122299_4901165250809692160_n-768x576.jpg 768w, https://wp.ufpel.edu.br/jhalecaufpel/files/2019/05/60357816_573988103122299_4901165250809692160_n-1024x768.jpg 1024w, https://wp.ufpel.edu.br/jhalecaufpel/files/2019/05/60357816_573988103122299_4901165250809692160_n.jpg 1280w" sizes="(max-width: 400px) 100vw, 400px" /></a></p>
<p><span style="font-size: 12pt"><strong>DATA: 07.06.19</strong></span></p>
<p><span style="font-size: 12pt"><strong>HORA: 16h</strong></span></p>
<p><span style="font-size: 12pt"><strong>LOCAL: </strong></span><span style="font-size: 12pt"><strong>Auditório do CECH </strong></span></p>
<p><span style="font-size: 10pt"><strong>Rua Alberto Rosa, 117 &#8211; Porto &#8211; Pelotas</strong></span></td>
<td style="width: 70%">
<h1 style="text-align: center">RECITAL DE ENCERRAMENTO</h1>
<h2 style="text-align: center">&#8220;Narrativas Medievais&#8221;</h2>
<h3 style="text-align: center">Música Mundana</h3>
<h4 style="text-align: center">Conjunto de Músicas Antigas e Tradicionais (Porto Alegre)</h4>
<h5 style="text-align: justify">O repertório compõe-se de canções registradas entre os séculos XII e XIV, que trazem diferentes narrativas acerca do amor cortesão, da religiosidade, relações humanas e elementos da natureza. Inclui canções muçulmanas, judaicas e cristãs, as quais expressam a intensificação do culto mariano no segundo milênio, como exemplo, as cantigas em louvor a Santa Maria escritas por Afonso X (1221-1284), rei de Leão e Castela, compostas às centenas.</h5>
<p style="text-align: justify">MÚSICOS:<br />
Ângelo Primon, Deisi Coccaro, Eliana Vaz Huber, Flávia Domingues Alves, Guilherme Roman Marangon e Laís Belinski Roman.</p>
<p>REPERTÓRIO:</p>
<ol>
<li>Anônimo – Allahu Akbar (canto islâmico)</li>
<li style="text-align: justify">Anônimo – Morenica a mi me llaman (canção sefardita)</li>
<li style="text-align: justify">Anônimo – La rosa enflorece (canção sefardita)</li>
<li style="text-align: justify">Anônimo – Saltarello (dança instrumental)</li>
<li style="text-align: justify">Afonso X – Cantigas de Santa Maria, Nº 353. Quen a omagen da virgen</li>
<li style="text-align: justify">Afonso X – Cantigas de Santa Maria, Nº 10. Rosa das rosas</li>
<li style="text-align: justify">Afonso X – Cantigas de Santa Maria, Nº 100. Santa Maria strela do dia</li>
<li style="text-align: justify">Anônimo – Summer is icumen in (versão vocal)</li>
<li style="text-align: justify">Anônimo – Il trotto (dança instrumental)</li>
<li style="text-align: justify">Ricardo Coração-de-Leão (1157-1199) – Ja nuns hons pris</li>
<li style="text-align: justify">Anônimo – Summer is icumen in (versão instrumental)</li>
<li style="text-align: justify">Anônimo – Al entrada del Temps Clar (canção para a entrada da primavera)</li>
</ol>
<p style="text-align: justify">INSTRUMENTOS:</p>
<p style="text-align: justify">flautas, gemshorns, krumhorn, cornamusa, oud, alaúde, viola, cítola, setar, santur, harpa celta, harpa gótica, lira, saltério de dedo, saltério de arco, rabecas, viela de roda, derbak, tabla, riq, daff, címbalos e campânulas.</p>
</td>
</tr>
</tbody>
</table>
<p>&nbsp;</p>

<p>&nbsp; &nbsp; &nbsp; &nbsp; &nbsp; &nbsp; &nbsp; DATA: 03.06.19 HORA: 19h LOCAL: Auditório do CECH Rua Alberto Rosa, 117 &#8211; Porto &#8211; Pelotas RECITAL DE ABERTURA &#8220;Burlesco, pelejeador, amoroso e devoto&#8221; Grupo Iluminura Conjunto de música tardo-medieval e renascentista É um grupo artístico dedicado à pesquisa e a prática musical. Formado em 2016, tem atuado em [&hellip;]</p>
