{"id":815,"date":"2019-03-24T17:50:35","date_gmt":"2019-03-24T20:50:35","guid":{"rendered":"https:\/\/wp.ufpel.edu.br\/jel\/?page_id=815"},"modified":"2019-08-26T09:58:25","modified_gmt":"2019-08-26T12:58:25","slug":"programacao-preliminar","status":"publish","type":"page","link":"https:\/\/wp.ufpel.edu.br\/jel\/5a-edicao\/programacao-2\/programacao-preliminar\/","title":{"rendered":"Geral"},"content":{"rendered":"<h2 style=\"text-align: left\"><span style=\"color: #3b6969\"><span style=\"color: #333333\"><strong><span style=\"font-size: 12pt\">\u27a1\ufe0f Para fazer o download da programa\u00e7\u00e3o geral, clique <a href=\"https:\/\/wp.ufpel.edu.br\/jel\/files\/2019\/08\/Programac\u0327a\u0303o-Geral-com-links.pdf\">aqui<\/a>.<\/span><\/strong><\/span><\/span><\/h2>\n<p>\u26a0\ufe0f\u00a0<strong>A maioria das atividades da 5\u00aa JEL ser\u00e3o realizadas no <a href=\"https:\/\/wp.ufpel.edu.br\/jel\/informacoes-uteis\/\">CEHUS\/UFPel<\/a>. Algumas <a href=\"https:\/\/wp.ufpel.edu.br\/jel\/programacao-2\/comunicacoes\/\">sess\u00f5es de comunica\u00e7\u00e3o<\/a> ocorrer\u00e3o no <a href=\"https:\/\/wp.ufpel.edu.br\/jel\/informacoes-uteis\/\">CCHS\/UFPel<\/a>, pr\u00e9dio em frente ao CEHUS.<\/p>\n<p><\/strong><\/p>\n<h2 style=\"text-align: center\"><span style=\"color: #3b6969\"><strong>SEGUNDA-FEIRA | 02.09<\/strong><\/span><\/h2>\n<table style=\"height: 180px\" width=\"590\">\n<tbody>\n<tr style=\"border-color: #3b6969;background-color: #3b6969\">\n<td style=\"width: 119px\" width=\"85\">\n<p style=\"text-align: center\"><span style=\"color: #ffffff\"><strong>HORA<\/strong><\/span><\/p>\n<\/td>\n<td style=\"text-align: center;width: 630px\" width=\"444\"><span style=\"color: #ffffff\"><strong>ATIVIDADE<\/strong><\/span><\/td>\n<\/tr>\n<tr style=\"border-color: #3b6969;background-color: #ffffff\">\n<td style=\"text-align: center;width: 119px\" width=\"85\"><strong>17:00<\/strong><\/td>\n<td style=\"width: 630px\" width=\"444\"><strong>Credenciamento<\/strong><\/td>\n<\/tr>\n<tr style=\"border-color: #3b6969;background-color: #ffffff\">\n<td style=\"text-align: center;width: 119px\" width=\"85\"><strong>19:00 &#8211; 21:00<\/strong><\/td>\n<td style=\"width: 630px\" width=\"444\">\n<p><strong>Palestra de Abertura<\/strong><\/p>\n<p><a href=\"https:\/\/wp.ufpel.edu.br\/jel\/files\/2019\/08\/Palestra-de-Abertura.pdf\">&#8220;Corpo infectado\/corpus infectado: AIDS, narrativa e met\u00e1foras oportunistas&#8221;<\/a><\/p>\n<p><a href=\"http:\/\/lattes.cnpq.br\/4335387854670599\">Prof. Dr. Anselmo Peres Al\u00f3s (UFSM)<\/a><\/td>\n<\/tr>\n<\/tbody>\n<\/table>\n<h2 style=\"text-align: center\"><span style=\"color: #3b6969\"><strong>TER\u00c7A-FEIRA | 03.09<\/strong><\/span><\/h2>\n<table style=\"background-color: #ffffff;height: 361px\" width=\"588\">\n<tbody>\n<tr style=\"border-color: #3b6969;background-color: #3b6969\">\n<td style=\"text-align: center;height: 39px;width: 119px\" width=\"85\"><span style=\"color: #ffffff\"><strong>HORA<\/strong><\/span><\/td>\n<td style=\"text-align: center;height: 39px;width: 629px\" width=\"444\"><span style=\"color: #ffffff\"><strong>ATIVIDADE<\/strong><\/span><\/td>\n<\/tr>\n<tr style=\"border-color: #3b6969;background-color: #ffffff\">\n<td style=\"text-align: center;height: 66px;width: 119px\" width=\"85\"><strong>09:00 &#8211; 12:00<\/strong><\/td>\n<td style=\"height: 66px;width: 629px\" width=\"444\"><a href=\"https:\/\/wp.me\/PaOwBf-fO\"><strong>Comunica\u00e7\u00f5es<\/strong><\/a><\/td>\n<\/tr>\n<tr style=\"border-color: #3b6969;background-color: #ffffff\">\n<td style=\"text-align: center;height: 63px;width: 119px\" width=\"85\">\n<p><strong>14:00 &#8211; 17:00<\/strong><\/p>\n<p><strong>17:00 &#8211; 19:00\u00a0<\/strong><\/td>\n<td style=\"height: 63px;width: 629px\" width=\"444\">\n<p><a href=\"https:\/\/wp.me\/PaOwBf-fR\"><strong>Minicursos<\/strong><\/a><\/p>\n<p><strong><em>Coffee break<\/em><\/strong><\/td>\n<\/tr>\n<tr style=\"border-color: #3b6969;background-color: #ffffff\">\n<td style=\"height: 63px;width: 119px\" width=\"85\">\n<p style=\"text-align: center\"><strong>19:00 &#8211; 21:00<\/strong><\/p>\n<\/td>\n<td style=\"height: 63px;width: 629px\" width=\"444\">\n<p><strong>Ciclo de falas<\/strong><\/p>\n<p><a href=\"http:\/\/lattes.cnpq.br\/9812747786053690\">Prof.\u00aa Dr.\u00aa Isabella Mozzillo (UFPel)<\/a><\/p>\n<p><a href=\"http:\/\/lattes.cnpq.br\/9399552968699184\">Prof.\u00aa Dr.\u00aa Daiane Neumann (UFPel)<\/a><\/p>\n<p><a href=\"http:\/\/lattes.cnpq.br\/9671613350365467\">Prof. Dr. Alfeu Sparemberger (UFPel)<\/a><\/td>\n<\/tr>\n<\/tbody>\n<\/table>\n<h2 style=\"text-align: center\"><span style=\"color: #3b6969\"><strong>QUARTA-FEIRA | 04.09<\/strong><\/span><\/h2>\n<table style=\"background-color: #ffffff;height: 361px\" width=\"588\">\n<tbody>\n<tr style=\"border-color: #3b6969;background-color: #3b6969\">\n<td style=\"text-align: center;width: 119px;height: 35px\" width=\"85\"><span style=\"color: #ffffff\"><strong>HORA<\/strong><\/span><\/td>\n<td style=\"text-align: center;width: 630px;height: 35px\" width=\"444\"><span style=\"color: #ffffff\"><strong>ATIVIDADE<\/strong><\/span><\/td>\n<\/tr>\n<tr style=\"border-color: #3b6969;background-color: #ffffff\">\n<td style=\"text-align: center;width: 119px;height: 49px\" width=\"85\"><strong>09:00 &#8211; 12:00<\/strong><\/td>\n<td style=\"width: 630px;height: 49px\" width=\"444\"><a href=\"https:\/\/wp.me\/PaOwBf-fR\"><strong>Minicursos<\/strong><\/a><\/td>\n<\/tr>\n<tr style=\"border-color: #3b6969;background-color: #ffffff\">\n<td style=\"text-align: center;width: 119px;height: 95px\" width=\"85\">\n<p><strong>14:00 &#8211; 17:00<\/strong><\/p>\n<p><strong>17:00 &#8211; 19:00<\/strong><\/td>\n<td style=\"width: 630px;height: 95px\" width=\"444\">\n<p><a href=\"https:\/\/wp.me\/PaOwBf-fO\"><strong>Comunica\u00e7\u00f5es<\/strong><\/a><\/p>\n<p><em><strong>Coffee break<\/strong><\/em><\/td>\n<\/tr>\n<tr style=\"border-color: #3b6969;background-color: #ffffff\">\n<td style=\"width: 119px;height: 56px\" width=\"85\">\n<p style=\"text-align: center\"><strong>19:00 &#8211; 21:00<\/strong><\/p>\n<\/td>\n<td style=\"width: 630px;height: 56px\" width=\"444\">\n<p><strong>Palestra<\/strong><\/p>\n<p><a href=\"https:\/\/wp.ufpel.edu.br\/jel\/files\/2019\/08\/Palestra-2.pdf\">&#8220;Aquisi\u00e7\u00e3o Fon\u00e9tico-Fonol\u00f3gica de L\u00ednguas Estrangeiras: resultados e contribui\u00e7\u00f5es das pesquisas desenvolvidas no Laborat\u00f3rio de Bilinguismo e Cogni\u00e7\u00e3o &#8211; UFRGS&#8221;<\/a><\/p>\n<p><a href=\"http:\/\/lattes.cnpq.br\/4418215566179777\">Prof. Dr. Ubirat\u00e3 Kickh\u00f6fel Alves (UFRGS)<\/a><\/td>\n<\/tr>\n<\/tbody>\n<\/table>\n<h2 style=\"text-align: center\"><span style=\"color: #3b6969\"><strong>QUINTA-FEIRA | 05.09<\/strong><\/span><\/h2>\n<table style=\"background-color: #ffffff;height: 230px\" width=\"749\">\n<tbody>\n<tr style=\"border-color: #3b6969;background-color: #3b6969\">\n<td style=\"text-align: center;width: 119px;height: 43px\"><span style=\"color: #ffffff\"><strong>HORA<\/strong><\/span><\/td>\n<td style=\"text-align: center;width: 630px;height: 43px\"><span style=\"color: #ffffff\"><strong>ATIVIDADE<\/strong><\/span><\/td>\n<\/tr>\n<tr style=\"border-color: #3b6969;background-color: #ffffff\">\n<td style=\"text-align: center;width: 119px;height: 49px\"><strong>09:00 &#8211; 12:00<\/strong><\/td>\n<td style=\"width: 630px;height: 49px\"><a href=\"https:\/\/wp.me\/PaOwBf-fO\"><strong>Comunica\u00e7\u00f5es<\/strong><\/a><\/td>\n<\/tr>\n<tr style=\"border-color: #3b6969;background-color: #ffffff\">\n<td style=\"text-align: center;width: 119px;height: 36px\">\n<p><strong>14:00 &#8211; 17:00<\/strong><\/p>\n<p><strong>17:00 &#8211; 19:00<\/strong><\/td>\n<td style=\"width: 630px;height: 36px\">\n<p><a href=\"https:\/\/wp.me\/PaOwBf-fR\"><strong>Minicursos<\/strong><\/a><\/p>\n<p><strong><em>Coffee break<\/em><\/strong><\/td>\n<\/tr>\n<tr style=\"border-color: #3b6969;background-color: #ffffff\">\n<td style=\"width: 119px;height: 47px\">\n<p style=\"text-align: center\"><strong>\u00a0<\/strong><strong>19:00 &#8211; 22:00<\/strong><\/p>\n<\/td>\n<td style=\"width: 630px;height: 47px\"><a href=\"https:\/\/wp.me\/PaOwBf-fO\"><strong>Comunica\u00e7\u00f5es<\/strong><\/a><\/td>\n<\/tr>\n<\/tbody>\n<\/table>\n<h2 style=\"text-align: center\"><span style=\"color: #3b6969\"><strong>SEXTA-FEIRA | 06.09<\/strong><\/span><\/h2>\n<table style=\"background-color: #ffffff;height: 361px\" width=\"588\">\n<tbody>\n<tr style=\"border-color: #3b6969;background-color: #3b6969\">\n<td style=\"text-align: center;width: 119px;height: 42px\" width=\"85\"><span style=\"color: #ffffff\"><strong>HORA<\/strong><\/span><\/td>\n<td style=\"text-align: center;width: 630px;height: 42px\" width=\"444\"><span style=\"color: #ffffff\"><strong>ATIVIDADE<\/strong><\/span><\/td>\n<\/tr>\n<tr style=\"border-color: #3b6969;background-color: #ffffff\">\n<td style=\"text-align: center;width: 119px;height: 46px\" width=\"85\"><strong>09:00 &#8211; 12:00<\/strong><\/td>\n<td style=\"width: 630px;height: 46px\" width=\"444\"><a href=\"https:\/\/wp.me\/PaOwBf-fR\"><strong>Minicursos<\/strong><\/a><\/td>\n<\/tr>\n<tr style=\"border-color: #3b6969;background-color: #ffffff\">\n<td style=\"text-align: center;width: 119px;height: 33px\" width=\"85\">\n<p><strong>14:00 &#8211; 17:00<\/strong><\/p>\n<p><strong>17:00 &#8211; 19:00<\/strong><\/td>\n<td style=\"width: 630px;height: 33px\" width=\"444\">\n<p><a href=\"https:\/\/wp.me\/PaOwBf-fR\"><strong>Minicursos<\/strong><\/a><\/p>\n<p><em><strong>Coffee break<\/strong><\/em><\/td>\n<\/tr>\n<tr style=\"border-color: #3b6969;background-color: #ffffff\">\n<td style=\"width: 119px;height: 58px\" width=\"85\">\n<p style=\"text-align: center\"><strong>\u00a0<\/strong><strong>19:00 &#8211; 21:00<\/strong><\/p>\n<\/td>\n<td style=\"width: 630px;height: 58px\" width=\"444\">\n<p><strong>Palestra de Encerramento<\/strong><\/p>\n<p><a href=\"https:\/\/wp.ufpel.edu.br\/jel\/files\/2019\/08\/Palestra-de-Encerramento.pdf\">&#8220;Presen\u00e7as de Foucault nos estudos do discurso&#8221;<\/a><\/p>\n<p><a href=\"http:\/\/lattes.cnpq.br\/1406919572611392\">Prof.\u00aa Dr.\u00aa Vanice Maria Oliveira Sargentini (UFSCar)<\/a><\/td>\n<\/tr>\n<\/tbody>\n<\/table>\n<p>&nbsp;<\/p>\n","protected":false},"excerpt":{"rendered":"<p>\u27a1\ufe0f Para fazer o download da programa\u00e7\u00e3o geral, clique aqui. \u26a0\ufe0f\u00a0A maioria das atividades da 5\u00aa JEL ser\u00e3o realizadas no CEHUS\/UFPel. Algumas sess\u00f5es de comunica\u00e7\u00e3o ocorrer\u00e3o no CCHS\/UFPel, pr\u00e9dio em frente ao CEHUS. SEGUNDA-FEIRA | 02.09 HORA ATIVIDADE 17:00 Credenciamento 19:00 &#8211; 21:00 Palestra de Abertura &#8220;Corpo infectado\/corpus infectado: AIDS, narrativa e met\u00e1foras oportunistas&#8221; Prof. &hellip; <\/p>\n<p><a class=\"more-link btn\" href=\"https:\/\/wp.ufpel.edu.br\/jel\/5a-edicao\/programacao-2\/programacao-preliminar\/\">Continue lendo<\/a><\/p>\n","protected":false},"author":732,"featured_media":0,"parent":989,"menu_order":0,"comment_status":"closed","ping_status":"closed","template":"","meta":{"jetpack_post_was_ever_published":false,"footnotes":""},"class_list":["post-815","page","type-page","status-publish","hentry","nodate","item-wrap"],"jetpack_sharing_enabled":true,"jetpack_shortlink":"https:\/\/wp.me\/PaOwBf-d9","_links":{"self":[{"href":"https:\/\/wp.ufpel.edu.br\/jel\/wp-json\/wp\/v2\/pages\/815","targetHints":{"allow":["GET"]}}],"collection":[{"href":"https:\/\/wp.ufpel.edu.br\/jel\/wp-json\/wp\/v2\/pages"}],"about":[{"href":"https:\/\/wp.ufpel.edu.br\/jel\/wp-json\/wp\/v2\/types\/page"}],"author":[{"embeddable":true,"href":"https:\/\/wp.ufpel.edu.br\/jel\/wp-json\/wp\/v2\/users\/732"}],"replies":[{"embeddable":true,"href":"https:\/\/wp.ufpel.edu.br\/jel\/wp-json\/wp\/v2\/comments?post=815"}],"version-history":[{"count":29,"href":"https:\/\/wp.ufpel.edu.br\/jel\/wp-json\/wp\/v2\/pages\/815\/revisions"}],"predecessor-version":[{"id":1094,"href":"https:\/\/wp.ufpel.edu.br\/jel\/wp-json\/wp\/v2\/pages\/815\/revisions\/1094"}],"up":[{"embeddable":true,"href":"https:\/\/wp.ufpel.edu.br\/jel\/wp-json\/wp\/v2\/pages\/989"}],"wp:attachment":[{"href":"https:\/\/wp.ufpel.edu.br\/jel\/wp-json\/wp\/v2\/media?parent=815"}],"curies":[{"name":"wp","href":"https:\/\/api.w.org\/{rel}","templated":true}]}}