{"id":191,"date":"2017-08-07T19:36:55","date_gmt":"2017-08-07T22:36:55","guid":{"rendered":"https:\/\/wp.ufpel.edu.br\/jel\/?page_id=191"},"modified":"2024-09-19T11:46:19","modified_gmt":"2024-09-19T14:46:19","slug":"edicoes-anteriores","status":"publish","type":"page","link":"https:\/\/wp.ufpel.edu.br\/jel\/edicoes-anteriores\/","title":{"rendered":"Edi\u00e7\u00f5es anteriores"},"content":{"rendered":"<h4>Clique na edi\u00e7\u00e3o para acessar seus conte\u00fados.<\/h4>\n<p>&nbsp;<\/p>\n<p><a href=\"https:\/\/wp.ufpel.edu.br\/jel\/edicoes-anteriores\/6a-jel-2023\/\"><strong>6\u00aa Jornada de Estudos da Linguagem (2023)<\/strong><\/a><\/p>\n<p><a href=\"https:\/\/wp.ufpel.edu.br\/jel\/edicoes-anteriores\/5a-jel-2019\/\"><strong>5\u00aa Jornada de Estudos da Linguagem (2019)<\/strong><\/a><\/p>\n<p style=\"text-align: left;\"><a href=\"https:\/\/wp.ufpel.edu.br\/jel\/edicoes-anteriores\/4a-jel-2018\/\"><span style=\"font-size: 12pt;\"><b>4\u00aa Jornada de Estudos da Linguagem (2018)<\/b><\/span><\/a><\/p>\n<p style=\"text-align: left;\"><a href=\"https:\/\/wp.ufpel.edu.br\/jel\/edicoes-anteriores\/3a-jel-2017\/\"><span style=\"font-size: 12pt;\"><b>3\u00aa Jornada de Estudos da Linguagem (2017)<\/b><\/span><\/a><\/p>\n<p style=\"text-align: left;\"><a href=\"https:\/\/wp.ufpel.edu.br\/jel\/edicoes-anteriores\/2a-jel-2016\/\"><span style=\"font-size: 12pt;\"><b>2\u00aa Jornada de Estudos da Linguagem (2016)<\/b><\/span><\/a><\/p>\n","protected":false},"excerpt":{"rendered":"<p>Clique na edi\u00e7\u00e3o para acessar seus conte\u00fados. &nbsp; 6\u00aa Jornada de Estudos da Linguagem (2023) 5\u00aa Jornada de Estudos da Linguagem (2019) 4\u00aa Jornada de Estudos da Linguagem (2018) 3\u00aa Jornada de Estudos da Linguagem (2017) 2\u00aa Jornada de Estudos da Linguagem (2016)<\/p>\n","protected":false},"author":732,"featured_media":0,"parent":0,"menu_order":6,"comment_status":"closed","ping_status":"closed","template":"","meta":{"jetpack_post_was_ever_published":true,"footnotes":""},"class_list":["post-191","page","type-page","status-publish","hentry","nodate","item-wrap"],"jetpack_sharing_enabled":true,"jetpack_shortlink":"https:\/\/wp.me\/PaOwBf-35","_links":{"self":[{"href":"https:\/\/wp.ufpel.edu.br\/jel\/wp-json\/wp\/v2\/pages\/191","targetHints":{"allow":["GET"]}}],"collection":[{"href":"https:\/\/wp.ufpel.edu.br\/jel\/wp-json\/wp\/v2\/pages"}],"about":[{"href":"https:\/\/wp.ufpel.edu.br\/jel\/wp-json\/wp\/v2\/types\/page"}],"author":[{"embeddable":true,"href":"https:\/\/wp.ufpel.edu.br\/jel\/wp-json\/wp\/v2\/users\/732"}],"replies":[{"embeddable":true,"href":"https:\/\/wp.ufpel.edu.br\/jel\/wp-json\/wp\/v2\/comments?post=191"}],"version-history":[{"count":10,"href":"https:\/\/wp.ufpel.edu.br\/jel\/wp-json\/wp\/v2\/pages\/191\/revisions"}],"predecessor-version":[{"id":1602,"href":"https:\/\/wp.ufpel.edu.br\/jel\/wp-json\/wp\/v2\/pages\/191\/revisions\/1602"}],"wp:attachment":[{"href":"https:\/\/wp.ufpel.edu.br\/jel\/wp-json\/wp\/v2\/media?parent=191"}],"curies":[{"name":"wp","href":"https:\/\/api.w.org\/{rel}","templated":true}]}}