{"id":1750,"date":"2024-09-14T02:50:48","date_gmt":"2024-09-14T05:50:48","guid":{"rendered":"https:\/\/wp.ufpel.edu.br\/jel\/?page_id=1750"},"modified":"2025-09-19T21:55:02","modified_gmt":"2025-09-20T00:55:02","slug":"apresentacao","status":"publish","type":"page","link":"https:\/\/wp.ufpel.edu.br\/jel\/sobre-a-jel\/apresentacao\/","title":{"rendered":"Apresenta\u00e7\u00e3o"},"content":{"rendered":"<p style=\"text-align: justify;\"><span style=\"font-size: 12pt;\">A\u00a0 JEL &#8211; <strong>Jornada de Estudos da Linguagem<\/strong>\u00a0 \u00e9 um evento organizado por discentes do <a href=\"https:\/\/wp.ufpel.edu.br\/ppgl\/\"><strong>Programa de P\u00f3s-Gradua\u00e7\u00e3o em Letras<\/strong> (PPGL)<\/a> da <a href=\"http:\/\/portal.ufpel.edu.br\/\"><strong>Universidade Federal de Pelotas <\/strong>(UFPel)<\/a>, em parceria com a coordena\u00e7\u00e3o do Programa. Busca-se, com o evento, proporcionar um ambiente de reflex\u00e3o e de aprendizagem no \u00e2mbito dos estudos de linguagem, texto e imagem, tendo como p\u00fablico-alvo os acad\u00eamicos de Letras da regi\u00e3o. O evento tamb\u00e9m tem como objetivo apresentar \u00e0 comunidade acad\u00eamica trabalhos que est\u00e3o sendo desenvolvidos por discentes de P\u00f3s-Gradua\u00e7\u00e3o e de Gradua\u00e7\u00e3o em Letras da UFPel, assim como atualizar e qualificar profissionais de ensino, pesquisadores, p\u00f3s-graduandos, graduandos e demais interessados pelos estudos em Linguagem.\u00a0<\/span><\/p>\n<p>A oitava edi\u00e7\u00e3o do evento ser\u00e1 realizada de 24 a 26 de novembro de 2025.<\/p>\n<p>ISSN\u00a02966-3547<\/p>\n","protected":false},"excerpt":{"rendered":"<p>A\u00a0 JEL &#8211; Jornada de Estudos da Linguagem\u00a0 \u00e9 um evento organizado por discentes do Programa de P\u00f3s-Gradua\u00e7\u00e3o em Letras (PPGL) da Universidade Federal de Pelotas (UFPel), em parceria com a coordena\u00e7\u00e3o do Programa. Busca-se, com o evento, proporcionar um ambiente de reflex\u00e3o e de aprendizagem no \u00e2mbito dos estudos de linguagem, texto e imagem, &hellip; <\/p>\n<p><a class=\"more-link btn\" href=\"https:\/\/wp.ufpel.edu.br\/jel\/sobre-a-jel\/apresentacao\/\">Continue lendo<\/a><\/p>\n","protected":false},"author":732,"featured_media":0,"parent":316,"menu_order":1,"comment_status":"closed","ping_status":"closed","template":"","meta":{"jetpack_post_was_ever_published":false,"footnotes":""},"class_list":["post-1750","page","type-page","status-publish","hentry","nodate","item-wrap"],"jetpack_sharing_enabled":true,"jetpack_shortlink":"https:\/\/wp.me\/PaOwBf-se","_links":{"self":[{"href":"https:\/\/wp.ufpel.edu.br\/jel\/wp-json\/wp\/v2\/pages\/1750","targetHints":{"allow":["GET"]}}],"collection":[{"href":"https:\/\/wp.ufpel.edu.br\/jel\/wp-json\/wp\/v2\/pages"}],"about":[{"href":"https:\/\/wp.ufpel.edu.br\/jel\/wp-json\/wp\/v2\/types\/page"}],"author":[{"embeddable":true,"href":"https:\/\/wp.ufpel.edu.br\/jel\/wp-json\/wp\/v2\/users\/732"}],"replies":[{"embeddable":true,"href":"https:\/\/wp.ufpel.edu.br\/jel\/wp-json\/wp\/v2\/comments?post=1750"}],"version-history":[{"count":3,"href":"https:\/\/wp.ufpel.edu.br\/jel\/wp-json\/wp\/v2\/pages\/1750\/revisions"}],"predecessor-version":[{"id":1973,"href":"https:\/\/wp.ufpel.edu.br\/jel\/wp-json\/wp\/v2\/pages\/1750\/revisions\/1973"}],"up":[{"embeddable":true,"href":"https:\/\/wp.ufpel.edu.br\/jel\/wp-json\/wp\/v2\/pages\/316"}],"wp:attachment":[{"href":"https:\/\/wp.ufpel.edu.br\/jel\/wp-json\/wp\/v2\/media?parent=1750"}],"curies":[{"name":"wp","href":"https:\/\/api.w.org\/{rel}","templated":true}]}}