{"id":1743,"date":"2024-09-14T02:47:12","date_gmt":"2024-09-14T05:47:12","guid":{"rendered":"https:\/\/wp.ufpel.edu.br\/jel\/?page_id=1743"},"modified":"2025-09-19T21:57:50","modified_gmt":"2025-09-20T00:57:50","slug":"expediente","status":"publish","type":"page","link":"https:\/\/wp.ufpel.edu.br\/jel\/sobre-a-jel\/expediente\/","title":{"rendered":"Expediente"},"content":{"rendered":"<pre style=\"text-align: center;\"><span style=\"font-size: 10pt; font-family: arial, helvetica, sans-serif;\"><strong>JEL - JORNADA DE ESTUDOS DA LINGUAGEM<\/strong>\r\n\r\nPeriodicidade: anual\r\n<\/span><\/pre>\n<pre style=\"text-align: center;\"><span style=\"font-weight: 400; font-family: arial, helvetica, sans-serif; font-size: 10pt;\"><span style=\"font-size: 10pt; font-family: arial, helvetica, sans-serif;\"><strong>Comiss\u00e3o Organizadora\r\n<\/strong><\/span>\r\n<\/span><span style=\"font-size: 10pt;\">Anderson Lu\u00eds Brum de Freitas\r\nBenedito Salazar Sousa\r\nBianca Schmitz Bergmann\r\nCamila Alejandra Loayza Villena\r\nDirceu Arno Kr\u00fcger Junior\r\nGabriel Zardo de Oliveira\r\n\u2060Gabriele Valim Vargas\r\nHelena Pereira Quines\r\nJoseane Maciel Viana\r\n\u2060Kamila Mendes da Silva\r\n\u2060Khadidiatou Nanky (Lucia)\r\nLet\u00edcia Chrisostomo Bortt Moreira\r\n\u2060Let\u00edcia Garcia\r\nLisiani Coelho Vieira\r\n\u2060Maria Eduarda Alves Cavalcanti \r\nNatali Silveira Rocha\r\nNath\u00e1lia Guimar\u00e3es de Lima Siqueira\r\nOscar Raimundo dos Santos J\u00fanior\r\nPaula Pelissoli Pereira\r\n\u2060Ta\u00edsi de Souza Mota\r\n\u2060Vanessa Lubke Peter\r\n<span style=\"font-family: 'andale mono', monospace;\">Universidade Federal de Pelotas - UFPEL<\/span>\r\n<span style=\"font-family: 'andale mono', monospace;\">Programa de P\u00f3s-gradua\u00e7\u00e3o em Letras - PPGL<\/span><\/span><\/pre>\n","protected":false},"excerpt":{"rendered":"<p>JEL &#8211; JORNADA DE ESTUDOS DA LINGUAGEM Periodicidade: anual Comiss\u00e3o Organizadora Anderson Lu\u00eds Brum de Freitas Benedito Salazar Sousa Bianca Schmitz Bergmann Camila Alejandra Loayza Villena Dirceu Arno Kr\u00fcger Junior Gabriel Zardo de Oliveira \u2060Gabriele Valim Vargas Helena Pereira Quines Joseane Maciel Viana \u2060Kamila Mendes da Silva \u2060Khadidiatou Nanky (Lucia) Let\u00edcia Chrisostomo Bortt Moreira \u2060Let\u00edcia &hellip; <\/p>\n<p><a class=\"more-link btn\" href=\"https:\/\/wp.ufpel.edu.br\/jel\/sobre-a-jel\/expediente\/\">Continue lendo<\/a><\/p>\n","protected":false},"author":732,"featured_media":0,"parent":316,"menu_order":2,"comment_status":"closed","ping_status":"closed","template":"","meta":{"jetpack_post_was_ever_published":false,"footnotes":""},"class_list":["post-1743","page","type-page","status-publish","hentry","nodate","item-wrap"],"jetpack_sharing_enabled":true,"jetpack_shortlink":"https:\/\/wp.me\/PaOwBf-s7","_links":{"self":[{"href":"https:\/\/wp.ufpel.edu.br\/jel\/wp-json\/wp\/v2\/pages\/1743","targetHints":{"allow":["GET"]}}],"collection":[{"href":"https:\/\/wp.ufpel.edu.br\/jel\/wp-json\/wp\/v2\/pages"}],"about":[{"href":"https:\/\/wp.ufpel.edu.br\/jel\/wp-json\/wp\/v2\/types\/page"}],"author":[{"embeddable":true,"href":"https:\/\/wp.ufpel.edu.br\/jel\/wp-json\/wp\/v2\/users\/732"}],"replies":[{"embeddable":true,"href":"https:\/\/wp.ufpel.edu.br\/jel\/wp-json\/wp\/v2\/comments?post=1743"}],"version-history":[{"count":4,"href":"https:\/\/wp.ufpel.edu.br\/jel\/wp-json\/wp\/v2\/pages\/1743\/revisions"}],"predecessor-version":[{"id":1974,"href":"https:\/\/wp.ufpel.edu.br\/jel\/wp-json\/wp\/v2\/pages\/1743\/revisions\/1974"}],"up":[{"embeddable":true,"href":"https:\/\/wp.ufpel.edu.br\/jel\/wp-json\/wp\/v2\/pages\/316"}],"wp:attachment":[{"href":"https:\/\/wp.ufpel.edu.br\/jel\/wp-json\/wp\/v2\/media?parent=1743"}],"curies":[{"name":"wp","href":"https:\/\/api.w.org\/{rel}","templated":true}]}}