{"id":1131,"date":"2019-10-15T16:08:05","date_gmt":"2019-10-15T19:08:05","guid":{"rendered":"https:\/\/wp.ufpel.edu.br\/jel\/?page_id=1131"},"modified":"2019-10-15T16:09:45","modified_gmt":"2019-10-15T19:09:45","slug":"atestados-2","status":"publish","type":"page","link":"https:\/\/wp.ufpel.edu.br\/jel\/5a-edicao\/atestados-2\/","title":{"rendered":"Atestados"},"content":{"rendered":"<p>Voc\u00ea pode visualizar e fazer o download do(s) seu(s) <strong>atestado(s) de participa\u00e7\u00e3o na 5\u00aa JEL<\/strong> por meio do link:<\/p>\n<p><span style=\"font-size: 18pt\"><a href=\"https:\/\/drive.google.com\/drive\/u\/2\/folders\/1SRhglsVHfoxUfc86zwlOvqIAVfTY9UjD\">Atestados da 5\u00aa JEL<\/a><\/span><\/p>\n","protected":false},"excerpt":{"rendered":"<p>Voc\u00ea pode visualizar e fazer o download do(s) seu(s) atestado(s) de participa\u00e7\u00e3o na 5\u00aa JEL por meio do link: Atestados da 5\u00aa JEL<\/p>\n","protected":false},"author":732,"featured_media":0,"parent":1136,"menu_order":1,"comment_status":"closed","ping_status":"closed","template":"","meta":{"jetpack_post_was_ever_published":false,"footnotes":""},"class_list":["post-1131","page","type-page","status-publish","hentry","nodate","item-wrap"],"jetpack_sharing_enabled":true,"jetpack_shortlink":"https:\/\/wp.me\/PaOwBf-if","_links":{"self":[{"href":"https:\/\/wp.ufpel.edu.br\/jel\/wp-json\/wp\/v2\/pages\/1131","targetHints":{"allow":["GET"]}}],"collection":[{"href":"https:\/\/wp.ufpel.edu.br\/jel\/wp-json\/wp\/v2\/pages"}],"about":[{"href":"https:\/\/wp.ufpel.edu.br\/jel\/wp-json\/wp\/v2\/types\/page"}],"author":[{"embeddable":true,"href":"https:\/\/wp.ufpel.edu.br\/jel\/wp-json\/wp\/v2\/users\/732"}],"replies":[{"embeddable":true,"href":"https:\/\/wp.ufpel.edu.br\/jel\/wp-json\/wp\/v2\/comments?post=1131"}],"version-history":[{"count":1,"href":"https:\/\/wp.ufpel.edu.br\/jel\/wp-json\/wp\/v2\/pages\/1131\/revisions"}],"predecessor-version":[{"id":1134,"href":"https:\/\/wp.ufpel.edu.br\/jel\/wp-json\/wp\/v2\/pages\/1131\/revisions\/1134"}],"up":[{"embeddable":true,"href":"https:\/\/wp.ufpel.edu.br\/jel\/wp-json\/wp\/v2\/pages\/1136"}],"wp:attachment":[{"href":"https:\/\/wp.ufpel.edu.br\/jel\/wp-json\/wp\/v2\/media?parent=1131"}],"curies":[{"name":"wp","href":"https:\/\/api.w.org\/{rel}","templated":true}]}}